{"id":1125,"date":"2023-05-15T08:09:21","date_gmt":"2023-05-15T07:09:21","guid":{"rendered":"https:\/\/afvan.com\/?page_id=1125"},"modified":"2026-02-24T09:16:05","modified_gmt":"2026-02-24T08:16:05","slug":"fes-te-soci","status":"publish","type":"page","link":"https:\/\/afvan.com\/index.php\/fes-te-soci\/","title":{"rendered":"Fes-te Soci"},"content":{"rendered":"\t\t<div data-elementor-type=\"wp-page\" data-elementor-id=\"1125\" class=\"elementor elementor-1125\" data-elementor-post-type=\"page\">\n\t\t\t\t\t\t<section class=\"elementor-section elementor-top-section elementor-element elementor-element-1f083be elementor-section-content-middle elementor-section-boxed elementor-section-height-default elementor-section-height-default wpr-particle-no wpr-jarallax-no wpr-parallax-no wpr-sticky-section-no wpr-equal-height-no\" data-id=\"1f083be\" data-element_type=\"section\" data-e-type=\"section\">\n\t\t\t\t\t\t<div class=\"elementor-container elementor-column-gap-default\">\n\t\t\t\t\t<div class=\"elementor-column elementor-col-100 elementor-top-column elementor-element elementor-element-3bcc1846\" data-id=\"3bcc1846\" data-element_type=\"column\" data-e-type=\"column\">\n\t\t\t<div class=\"elementor-widget-wrap elementor-element-populated\">\n\t\t\t\t\t\t<section class=\"elementor-section elementor-inner-section elementor-element elementor-element-6400c7c8 elementor-section-content-middle elementor-section-full_width elementor-section-height-default elementor-section-height-default wpr-particle-no wpr-jarallax-no wpr-parallax-no wpr-sticky-section-no wpr-equal-height-no\" data-id=\"6400c7c8\" data-element_type=\"section\" data-e-type=\"section\">\n\t\t\t\t\t\t<div class=\"elementor-container elementor-column-gap-default\">\n\t\t\t\t\t<div class=\"elementor-column elementor-col-50 elementor-inner-column elementor-element elementor-element-163a58ee\" data-id=\"163a58ee\" data-element_type=\"column\" data-e-type=\"column\">\n\t\t\t<div class=\"elementor-widget-wrap elementor-element-populated\">\n\t\t\t\t\t\t<div class=\"elementor-element elementor-element-572ea623 elementor-widget elementor-widget-elementskit-heading\" data-id=\"572ea623\" data-element_type=\"widget\" data-e-type=\"widget\" data-widget_type=\"elementskit-heading.default\">\n\t\t\t\t<div class=\"elementor-widget-container\">\n\t\t\t\t\t<div class=\"ekit-wid-con\" ><div class=\"ekit-heading elementskit-section-title-wraper text_left   ekit_heading_tablet-   ekit_heading_mobile-\"><h2 class=\"ekit-heading--title elementskit-section-title  ekit-heading__title-has-border start\">Vols fer-te Soci?<\/h2><h3 class=\"ekit-heading--subtitle elementskit-section-subtitle  elementskit-style-border\">\n\t\t\t\t\t\tAFVAN\n\t\t\t\t\t<\/h3>\t\t\t\t<div class='ekit-heading__description'>\n\t\t\t\t\t<p>L\u2019Associaci\u00f3 Fotogr\u00e0fica Valls del Nord \u00e9s una entitat que promou la fotografia com a art i mitj\u00e0 d\u2019expressi\u00f3. L\u2019associaci\u00f3 neix amb la voluntat de crear una comunitat oberta on compartir la passi\u00f3 per la imatge, fomentar la creativitat i donar visibilitat al talent fotogr\u00e0fic, tot contribuint a l\u2019enriquiment cultural del territori.<\/p>\n<p>Els membres de l'associaci\u00f3 poden participar en tallers, xerrades i sortides fotogr\u00e0fiques, aix\u00ed com exposar les seves obres en les mostres que s'organitzen. A m\u00e9s, l\u2019entitat mant\u00e9 diverses col\u00b7laboracions amb altres associacions i institucions culturals del seu entorn.<\/p>\n<p>Fer-se soci de l'Associaci\u00f3 Fotogr\u00e0fica Valls del Nord \u00e9s una oportunitat per a totes aquelles persones que estimen la fotografia i volen compartir la seva passi\u00f3 amb altres aficionats i professionals. Formar part de l\u2019associaci\u00f3 permet accedir a les seves activitats i contribuir al manteniment i creixement d\u2019aquesta iniciativa cultural.<\/p>\n<p>A partir de l\u20191 de febrer de 2026, totes les persones interessades poden formar part de l\u2019associaci\u00f3 com a s\u00f2cies mitjan\u00e7ant una aportaci\u00f3 anual de 15 euros, amb una quota inicial d\u2019incorporaci\u00f3 de 10 euros. D\u2019aquesta manera, la primera aportaci\u00f3 ser\u00e0 de 25 euros, mentre que les renovacions anuals posteriors seran de 15 euros (provisionalment).<\/p>\n\t\t\t\t<\/div>\n\t\t\t<\/div><\/div>\t\t\t\t<\/div>\n\t\t\t\t<\/div>\n\t\t\t\t\t<\/div>\n\t\t<\/div>\n\t\t\t\t<div class=\"elementor-column elementor-col-50 elementor-inner-column elementor-element elementor-element-dc36576\" data-id=\"dc36576\" data-element_type=\"column\" data-e-type=\"column\">\n\t\t\t<div class=\"elementor-widget-wrap elementor-element-populated\">\n\t\t\t\t\t\t<div class=\"elementor-element elementor-element-c5cc898 elementor-widget elementor-widget-heading\" data-id=\"c5cc898\" data-element_type=\"widget\" data-e-type=\"widget\" data-widget_type=\"heading.default\">\n\t\t\t\t<div class=\"elementor-widget-container\">\n\t\t\t\t\t<h2 class=\"elementor-heading-title elementor-size-default\">Carnet de Soci digital<\/h2>\t\t\t\t<\/div>\n\t\t\t\t<\/div>\n\t\t\t\t<div class=\"elementor-element elementor-element-1fc2998 elementor-widget elementor-widget-image\" data-id=\"1fc2998\" data-element_type=\"widget\" data-e-type=\"widget\" data-widget_type=\"image.default\">\n\t\t\t\t<div class=\"elementor-widget-container\">\n\t\t\t\t\t\t\t\t\t\t\t\t\t\t\t<img fetchpriority=\"high\" decoding=\"async\" width=\"1024\" height=\"931\" src=\"https:\/\/afvan.com\/wp-content\/uploads\/2025\/11\/carnet-soci-chero_a0013_iphone2-1-1024x931.png\" class=\"attachment-large size-large wp-image-6178\" alt=\"nou carne\" srcset=\"https:\/\/afvan.com\/wp-content\/uploads\/2025\/11\/carnet-soci-chero_a0013_iphone2-1-1024x931.png 1024w, https:\/\/afvan.com\/wp-content\/uploads\/2025\/11\/carnet-soci-chero_a0013_iphone2-1-300x273.png 300w, https:\/\/afvan.com\/wp-content\/uploads\/2025\/11\/carnet-soci-chero_a0013_iphone2-1-768x698.png 768w, https:\/\/afvan.com\/wp-content\/uploads\/2025\/11\/carnet-soci-chero_a0013_iphone2-1-1536x1397.png 1536w, https:\/\/afvan.com\/wp-content\/uploads\/2025\/11\/carnet-soci-chero_a0013_iphone2-1-2048x1862.png 2048w, https:\/\/afvan.com\/wp-content\/uploads\/2025\/11\/carnet-soci-chero_a0013_iphone2-1-396x360.png 396w\" sizes=\"(max-width: 1024px) 100vw, 1024px\" \/>\t\t\t\t\t\t\t\t\t\t\t\t\t\t\t<\/div>\n\t\t\t\t<\/div>\n\t\t\t\t<div class=\"elementor-element elementor-element-4629bff elementor-widget__width-initial elementor-widget elementor-widget-text-editor\" data-id=\"4629bff\" data-element_type=\"widget\" data-e-type=\"widget\" data-widget_type=\"text-editor.default\">\n\t\t\t\t<div class=\"elementor-widget-container\">\n\t\t\t\t\t\t\t\t\t<p style=\"text-align: justify;\">Emplena el formulari de sol\u00b7licitud d\u2019alta com a soci. Un cop rebuda la teva sol\u00b7licitud, es tramitar\u00e0 l\u2019alta mitjan\u00e7ant domiciliaci\u00f3 banc\u00e0ria. Quan la domiciliaci\u00f3 estigui verificada, et confirmarem l\u2019alta i t\u2019enviarem la carta de benvinguda juntament amb el carnet de soci.<\/p>\t\t\t\t\t\t\t\t<\/div>\n\t\t\t\t<\/div>\n\t\t\t\t\t<\/div>\n\t\t<\/div>\n\t\t\t\t\t<\/div>\n\t\t<\/section>\n\t\t\t\t\t<\/div>\n\t\t<\/div>\n\t\t\t\t\t<\/div>\n\t\t<\/section>\n\t\t<div class=\"elementor-element elementor-element-af40d2a e-flex e-con-boxed wpr-particle-no wpr-jarallax-no wpr-parallax-no wpr-sticky-section-no wpr-equal-height-no e-con e-parent\" data-id=\"af40d2a\" data-element_type=\"container\" data-e-type=\"container\">\n\t\t\t\t\t<div class=\"e-con-inner\">\n\t\t<div class=\"elementor-element elementor-element-b5b92f0 e-flex e-con-boxed wpr-particle-no wpr-jarallax-no wpr-parallax-no wpr-sticky-section-no wpr-equal-height-no e-con e-child\" data-id=\"b5b92f0\" data-element_type=\"container\" data-e-type=\"container\">\n\t\t\t\t\t<div class=\"e-con-inner\">\n\t\t\t\t<div class=\"elementor-element elementor-element-f6a1f1c elementor-widget elementor-widget-heading\" data-id=\"f6a1f1c\" data-element_type=\"widget\" data-e-type=\"widget\" data-widget_type=\"heading.default\">\n\t\t\t\t<div class=\"elementor-widget-container\">\n\t\t\t\t\t<h2 class=\"elementor-heading-title elementor-size-default\">Formulari de Sol\u00b7licitud d'alta com a  Soci<\/h2>\t\t\t\t<\/div>\n\t\t\t\t<\/div>\n\t\t\t\t\t<\/div>\n\t\t\t\t<\/div>\n\t\t\t\t\t<\/div>\n\t\t\t\t<\/div>\n\t\t<div class=\"elementor-element elementor-element-4d6fd80 e-flex e-con-boxed wpr-particle-no wpr-jarallax-no wpr-parallax-no wpr-sticky-section-no wpr-equal-height-no e-con e-parent\" data-id=\"4d6fd80\" data-element_type=\"container\" data-e-type=\"container\">\n\t\t\t\t\t<div class=\"e-con-inner\">\n\t\t<div class=\"elementor-element elementor-element-746b5bd e-flex e-con-boxed wpr-particle-no wpr-jarallax-no wpr-parallax-no wpr-sticky-section-no wpr-equal-height-no e-con e-child\" data-id=\"746b5bd\" data-element_type=\"container\" data-e-type=\"container\" data-settings=\"{&quot;background_background&quot;:&quot;classic&quot;}\">\n\t\t\t\t\t<div class=\"e-con-inner\">\n\t\t\t\t<div class=\"elementor-element elementor-element-057cb22 elementor-widget-divider--view-line elementor-widget elementor-widget-divider\" data-id=\"057cb22\" data-element_type=\"widget\" data-e-type=\"widget\" data-widget_type=\"divider.default\">\n\t\t\t\t<div class=\"elementor-widget-container\">\n\t\t\t\t\t\t\t<div class=\"elementor-divider\">\n\t\t\t<span class=\"elementor-divider-separator\">\n\t\t\t\t\t\t<\/span>\n\t\t<\/div>\n\t\t\t\t\t\t<\/div>\n\t\t\t\t<\/div>\n\t\t\t\t\t<\/div>\n\t\t\t\t<\/div>\n\t\t\t\t\t<\/div>\n\t\t\t\t<\/div>\n\t\t<div class=\"elementor-element elementor-element-eeb05ab e-flex e-con-boxed wpr-particle-no wpr-jarallax-no wpr-parallax-no wpr-sticky-section-no wpr-equal-height-no e-con e-parent\" data-id=\"eeb05ab\" data-element_type=\"container\" data-e-type=\"container\">\n\t\t\t\t\t<div class=\"e-con-inner\">\n\t\t\t\t<div class=\"elementor-element elementor-element-0bacb70 elementor-widget elementor-widget-shortcode\" data-id=\"0bacb70\" data-element_type=\"widget\" data-e-type=\"widget\" data-widget_type=\"shortcode.default\">\n\t\t\t\t<div class=\"elementor-widget-container\">\n\t\t\t\t\t\t\t<div class=\"elementor-shortcode\">\n<div class=\"wpcf7 no-js\" id=\"wpcf7-f1299-o1\" lang=\"ca\" dir=\"ltr\" data-wpcf7-id=\"1299\">\n<div class=\"screen-reader-response\"><p role=\"status\" aria-live=\"polite\" aria-atomic=\"true\"><\/p> <ul><\/ul><\/div>\n<form action=\"\/index.php\/wp-json\/wp\/v2\/pages\/1125#wpcf7-f1299-o1\" method=\"post\" class=\"wpcf7-form init\" aria-label=\"Formulari de contacte\" enctype=\"multipart\/form-data\" novalidate=\"novalidate\" data-status=\"init\">\n<fieldset class=\"hidden-fields-container\"><input type=\"hidden\" name=\"_wpcf7\" value=\"1299\" \/><input type=\"hidden\" name=\"_wpcf7_version\" value=\"6.1.5\" \/><input type=\"hidden\" name=\"_wpcf7_locale\" value=\"ca\" \/><input type=\"hidden\" name=\"_wpcf7_unit_tag\" value=\"wpcf7-f1299-o1\" \/><input type=\"hidden\" name=\"_wpcf7_container_post\" value=\"0\" \/><input type=\"hidden\" name=\"_wpcf7_posted_data_hash\" value=\"\" \/><input type=\"hidden\" name=\"_wpcf7_recaptcha_response\" value=\"\" \/>\n<\/fieldset>\n<h3>Dades personals\n<\/h3>\n<p>Nom i cognoms*\n<\/p>\n<p><span class=\"wpcf7-form-control-wrap\" data-name=\"your-name\"><input size=\"40\" maxlength=\"400\" class=\"wpcf7-form-control wpcf7-text wpcf7-validates-as-required\" aria-required=\"true\" aria-invalid=\"false\" value=\"\" type=\"text\" name=\"your-name\" \/><\/span>\n<\/p>\n<p>Tel\u00e8fon \/ WhatsApp*\n<\/p>\n<p><span class=\"wpcf7-form-control-wrap\" data-name=\"Telefon\"><input size=\"40\" maxlength=\"400\" class=\"wpcf7-form-control wpcf7-tel wpcf7-validates-as-required wpcf7-text wpcf7-validates-as-tel\" aria-required=\"true\" aria-invalid=\"false\" placeholder=\"+376 600 000\" value=\"\" type=\"tel\" name=\"Telefon\" \/><\/span>\n<\/p>\n<p>Correu electr\u00f2nic*\n<\/p>\n<p><span class=\"wpcf7-form-control-wrap\" data-name=\"your-email\"><input size=\"40\" maxlength=\"400\" class=\"wpcf7-form-control wpcf7-email wpcf7-validates-as-required wpcf7-text wpcf7-validates-as-email\" aria-required=\"true\" aria-invalid=\"false\" value=\"\" type=\"email\" name=\"your-email\" \/><\/span>\n<\/p>\n<p>Domicili*\n<\/p>\n<p><span class=\"wpcf7-form-control-wrap\" data-name=\"domicili\"><input size=\"40\" maxlength=\"400\" class=\"wpcf7-form-control wpcf7-text wpcf7-validates-as-required\" aria-required=\"true\" aria-invalid=\"false\" value=\"\" type=\"text\" name=\"domicili\" \/><\/span>\n<\/p>\n<p>Parr\u00f2quia \/ Ciutat*\n<\/p>\n<p><span class=\"wpcf7-form-control-wrap\" data-name=\"ciutat\"><input size=\"40\" maxlength=\"400\" class=\"wpcf7-form-control wpcf7-text wpcf7-validates-as-required\" aria-required=\"true\" aria-invalid=\"false\" value=\"\" type=\"text\" name=\"ciutat\" \/><\/span>\n<\/p>\n<h3>Document identificatiu\n<\/h3>\n<p><span class=\"wpcf7-form-control-wrap\" data-name=\"document\"><span class=\"wpcf7-form-control wpcf7-checkbox wpcf7-validates-as-required\"><span class=\"wpcf7-list-item first\"><label><input type=\"checkbox\" name=\"document[]\" value=\"DNI\" \/><span class=\"wpcf7-list-item-label\">DNI<\/span><\/label><\/span><span class=\"wpcf7-list-item\"><label><input type=\"checkbox\" name=\"document[]\" value=\"Passaport\" \/><span class=\"wpcf7-list-item-label\">Passaport<\/span><\/label><\/span><span class=\"wpcf7-list-item last\"><label><input type=\"checkbox\" name=\"document[]\" value=\"NIA\" \/><span class=\"wpcf7-list-item-label\">NIA<\/span><\/label><\/span><\/span><\/span>\n<\/p>\n<p>N\u00famero de document*\n<\/p>\n<p><span class=\"wpcf7-form-control-wrap\" data-name=\"numero-document\"><input size=\"40\" maxlength=\"400\" class=\"wpcf7-form-control wpcf7-text wpcf7-validates-as-required\" aria-required=\"true\" aria-invalid=\"false\" value=\"\" type=\"text\" name=\"numero-document\" \/><\/span>\n<\/p>\n<h3>Dades banc\u00e0ries\n<\/h3>\n<p>Titular del compte*\n<\/p>\n<p><span class=\"wpcf7-form-control-wrap\" data-name=\"titular-compte\"><input size=\"40\" maxlength=\"400\" class=\"wpcf7-form-control wpcf7-text wpcf7-validates-as-required\" aria-required=\"true\" aria-invalid=\"false\" value=\"\" type=\"text\" name=\"titular-compte\" \/><\/span>\n<\/p>\n<p>Numero IBAN*\n<\/p>\n<p><span class=\"wpcf7-form-control-wrap\" data-name=\"iban-campo\"><input size=\"40\" maxlength=\"400\" class=\"wpcf7-form-control wpcf7-text_mask wpcf7-text\" aria-invalid=\"false\" type=\"text\" name=\"iban-campo\" data-inputmask=\"&#039;mask&#039;: &#039;AD99 9999 9999 9999 9999 9999&#039;\" \/> <input name=\"iban-campo_check\" type=\"hidden\" class=\"hidden yeeaddons-cf7-check\" \/><\/span>\n<\/p>\n<h3>Quotes de soci\n<\/h3>\n<ul>\n\t<li>\n\t\t<p>Quota d\u2019alta (pagament \u00fanic): <strong>10 \u20ac<\/strong> - Quota anual: <strong>15 \u20ac<\/strong>\n\t\t<\/p>\n\t<\/li>\n\t<li>\n\t\t<p>Primer pagament: <strong>25 \u20ac<\/strong>\n\t\t<\/p>\n\t<\/li>\n\t<li>\n\t\t<p>Renovacions: <strong>15 \u20ac cada 10 de gener<\/strong>\n\t\t<\/p>\n\t<\/li>\n<\/ul>\n<h3>Autoritzacions i informaci\u00f3 legal\n<\/h3>\n<p><br \/>\n<a target=\"_blank\" rel=\"nofollow noopener\" href=\"https:\/\/afvan.com\/index.php\/politica-de-privadesa\/\">Pol\u00edtica de privadesa<\/a> \u00b7<br \/>\n<a target=\"_blank\" rel=\"nofollow noopener\" href=\"https:\/\/afvan.com\/index.php\/avis-legal\/\">Av\u00eds legal<\/a> \u00b7<br \/>\n<a target=\"_blank\" rel=\"nofollow noopener\" href=\"https:\/\/afvan.com\/index.php\/codi-de-protocol-i-prevencio-assetjament\/\">Codi de Protocol i Prevenci\u00f3 de l\u2019Assetjament<\/a>\n<\/p>\n<p><span class=\"wpcf7-form-control-wrap\" data-name=\"consentiment\"><span class=\"wpcf7-form-control wpcf7-checkbox\"><span class=\"wpcf7-list-item first last\"><input type=\"checkbox\" name=\"consentiment[]\" value=\"he llegit i accepto politica privadesa , av\u00eds legal i codi protocol assetjament\" \/><span class=\"wpcf7-list-item-label\">he llegit i accepto politica privadesa , av\u00eds legal i codi protocol assetjament<\/span><\/span><\/span><\/span><br \/>\n<span class=\"wpcf7-form-control-wrap\" data-name=\"solicito\"><span class=\"wpcf7-form-control wpcf7-checkbox\"><span class=\"wpcf7-list-item first last\"><input type=\"checkbox\" name=\"solicito[]\" value=\"Sol\u00b7licito la meva alta com a Soci de l&#039;Associaci\u00f3 Fotogr\u00e0fica Valls del Nord (AFVAN)\" \/><span class=\"wpcf7-list-item-label\">Sol\u00b7licito la meva alta com a Soci de l&#039;Associaci\u00f3 Fotogr\u00e0fica Valls del Nord (AFVAN)<\/span><\/span><\/span><\/span><br \/>\n<span class=\"wpcf7-form-control-wrap\" data-name=\"autoritzo\"><span class=\"wpcf7-form-control wpcf7-checkbox\"><span class=\"wpcf7-list-item first last\"><input type=\"checkbox\" name=\"autoritzo[]\" value=\"Autoritzo l\u2019Associaci\u00f3 Fotogr\u00e0fica Valls del Nord (AFVAN) a passar els rebuts corresponents a la quota d\u2019alta i a la quota anual de soci al compte bancari indicat\" \/><span class=\"wpcf7-list-item-label\">Autoritzo l\u2019Associaci\u00f3 Fotogr\u00e0fica Valls del Nord (AFVAN) a passar els rebuts corresponents a la quota d\u2019alta i a la quota anual de soci al compte bancari indicat<\/span><\/span><\/span><\/span>\n<\/p>\n<h3>Fotografia\n<\/h3>\n<p>puja una foto sense ulleres ni gorro\n<\/p>\n<p><span class=\"wpcf7-form-control-wrap\" data-name=\"foto-soci\"><input size=\"40\" class=\"wpcf7-form-control wpcf7-file wpcf7-validates-as-required\" accept=\".jpg,.jpeg,.png\" aria-required=\"true\" aria-invalid=\"false\" type=\"file\" name=\"foto-soci\" \/><\/span>\n<\/p>\n<p style=\"font-size:13px;color:#666;\"><br \/>\nJPG o PNG \u00b7 m\u00e0x. 5 MB \u00b7 \u00fas intern (fitxa i carnet)\n<\/p>\n<h3>No s\u00f3c un Robot\n<\/h3>\n<p><span class=\"wpcf7-form-control-wrap\" data-name=\"antispam\"><label><span class=\"wpcf7-quiz-label\">2+3=?<\/span> <input size=\"40\" class=\"wpcf7-form-control wpcf7-quiz\" autocomplete=\"off\" aria-required=\"true\" aria-invalid=\"false\" type=\"text\" name=\"antispam\" \/><\/label><input type=\"hidden\" name=\"_wpcf7_quiz_answer_antispam\" value=\"f276d273b1266727f4d6f6987dc86f38\" \/><\/span><br \/>\n<input class=\"wpcf7-form-control wpcf7-submit has-spinner\" type=\"submit\" value=\"Envia la sol\u00b7licitud\" \/>\n<\/p><p style=\"display: none !important;\" class=\"akismet-fields-container\" data-prefix=\"_wpcf7_ak_\"><label>&#916;<textarea name=\"_wpcf7_ak_hp_textarea\" cols=\"45\" rows=\"8\" maxlength=\"100\"><\/textarea><\/label><input type=\"hidden\" id=\"ak_js_1\" name=\"_wpcf7_ak_js\" value=\"229\"\/><script>\ndocument.getElementById( \"ak_js_1\" ).setAttribute( \"value\", ( new Date() ).getTime() );\n<\/script>\n<\/p><div class=\"wpcf7-response-output\" aria-hidden=\"true\"><\/div>\n<\/form>\n<\/div>\n<\/div>\n\t\t\t\t\t\t<\/div>\n\t\t\t\t<\/div>\n\t\t\t\t\t<\/div>\n\t\t\t\t<\/div>\n\t\t\t\t<\/div>\n\t\t","protected":false},"excerpt":{"rendered":"<p>Vols fer-te Soci? AFVAN L\u2019Associaci\u00f3 Fotogr\u00e0fica Valls del Nord \u00e9s una entitat que promou la fotografia com a art i mitj\u00e0 d\u2019expressi\u00f3. L\u2019associaci\u00f3 neix amb la voluntat de crear una comunitat oberta on compartir la passi\u00f3 per la imatge, fomentar la creativitat i donar visibilitat al talent fotogr\u00e0fic, tot contribuint a l\u2019enriquiment cultural del territori. Els membres de l&#8217;associaci\u00f3 poden participar en tallers, xerrades i sortides fotogr\u00e0fiques, aix\u00ed com exposar les seves obres en les mostres que s&#8217;organitzen. A m\u00e9s, l\u2019entitat mant\u00e9 diverses col\u00b7laboracions amb altres associacions i institucions culturals del seu entorn. Fer-se soci de l&#8217;Associaci\u00f3 Fotogr\u00e0fica Valls del Nord \u00e9s una oportunitat per a totes aquelles persones que estimen la fotografia i volen compartir la seva passi\u00f3 amb altres aficionats i professionals. Formar part de l\u2019associaci\u00f3 permet accedir a les seves activitats i contribuir al manteniment i creixement d\u2019aquesta iniciativa cultural. A partir de l\u20191 de febrer de 2026, totes les persones interessades poden formar part de l\u2019associaci\u00f3 com a s\u00f2cies mitjan\u00e7ant una aportaci\u00f3 anual de 15 euros, amb una quota inicial d\u2019incorporaci\u00f3 de 10 euros. D\u2019aquesta manera, la primera aportaci\u00f3 ser\u00e0 de 25 euros, mentre que les renovacions anuals posteriors seran de 15 euros (provisionalment). Carnet de Soci digital Emplena el formulari de sol\u00b7licitud d\u2019alta com a soci. Un cop rebuda la teva sol\u00b7licitud, es tramitar\u00e0 l\u2019alta mitjan\u00e7ant domiciliaci\u00f3 banc\u00e0ria. Quan la domiciliaci\u00f3 estigui verificada, et confirmarem l\u2019alta i t\u2019enviarem la carta de benvinguda juntament amb el carnet de soci. Formulari de Sol\u00b7licitud d&#8217;alta com a Soci<\/p>\n","protected":false},"author":1,"featured_media":1220,"parent":0,"menu_order":0,"comment_status":"closed","ping_status":"closed","template":"","meta":{"site-sidebar-layout":"no-sidebar","site-content-layout":"page-builder","ast-site-content-layout":"default","site-content-style":"default","site-sidebar-style":"default","ast-global-header-display":"","ast-banner-title-visibility":"","ast-main-header-display":"","ast-hfb-above-header-display":"","ast-hfb-below-header-display":"","ast-hfb-mobile-header-display":"","site-post-title":"disabled","ast-breadcrumbs-content":"","ast-featured-img":"disabled","footer-sml-layout":"","ast-disable-related-posts":"","theme-transparent-header-meta":"","adv-header-id-meta":"","stick-header-meta":"","header-above-stick-meta":"","header-main-stick-meta":"","header-below-stick-meta":"","astra-migrate-meta-layouts":"default","ast-page-background-enabled":"default","ast-page-background-meta":{"desktop":{"background-color":"var(--ast-global-color-4)","background-image":"","background-repeat":"repeat","background-position":"center center","background-size":"auto","background-attachment":"scroll","background-type":"","background-media":"","overlay-type":"","overlay-color":"","overlay-opacity":"","overlay-gradient":""},"tablet":{"background-color":"","background-image":"","background-repeat":"repeat","background-position":"center center","background-size":"auto","background-attachment":"scroll","background-type":"","background-media":"","overlay-type":"","overlay-color":"","overlay-opacity":"","overlay-gradient":""},"mobile":{"background-color":"","background-image":"","background-repeat":"repeat","background-position":"center center","background-size":"auto","background-attachment":"scroll","background-type":"","background-media":"","overlay-type":"","overlay-color":"","overlay-opacity":"","overlay-gradient":""}},"ast-content-background-meta":{"desktop":{"background-color":"var(--ast-global-color-5)","background-image":"","background-repeat":"repeat","background-position":"center center","background-size":"auto","background-attachment":"scroll","background-type":"","background-media":"","overlay-type":"","overlay-color":"","overlay-opacity":"","overlay-gradient":""},"tablet":{"background-color":"var(--ast-global-color-5)","background-image":"","background-repeat":"repeat","background-position":"center center","background-size":"auto","background-attachment":"scroll","background-type":"","background-media":"","overlay-type":"","overlay-color":"","overlay-opacity":"","overlay-gradient":""},"mobile":{"background-color":"var(--ast-global-color-5)","background-image":"","background-repeat":"repeat","background-position":"center center","background-size":"auto","background-attachment":"scroll","background-type":"","background-media":"","overlay-type":"","overlay-color":"","overlay-opacity":"","overlay-gradient":""}},"footnotes":""},"class_list":["post-1125","page","type-page","status-publish","has-post-thumbnail","hentry"],"aioseo_notices":[],"a3_pvc":{"activated":false,"total_views":210,"today_views":0},"_links":{"self":[{"href":"https:\/\/afvan.com\/index.php\/wp-json\/wp\/v2\/pages\/1125","targetHints":{"allow":["GET"]}}],"collection":[{"href":"https:\/\/afvan.com\/index.php\/wp-json\/wp\/v2\/pages"}],"about":[{"href":"https:\/\/afvan.com\/index.php\/wp-json\/wp\/v2\/types\/page"}],"author":[{"embeddable":true,"href":"https:\/\/afvan.com\/index.php\/wp-json\/wp\/v2\/users\/1"}],"replies":[{"embeddable":true,"href":"https:\/\/afvan.com\/index.php\/wp-json\/wp\/v2\/comments?post=1125"}],"version-history":[{"count":326,"href":"https:\/\/afvan.com\/index.php\/wp-json\/wp\/v2\/pages\/1125\/revisions"}],"predecessor-version":[{"id":6516,"href":"https:\/\/afvan.com\/index.php\/wp-json\/wp\/v2\/pages\/1125\/revisions\/6516"}],"wp:featuredmedia":[{"embeddable":true,"href":"https:\/\/afvan.com\/index.php\/wp-json\/wp\/v2\/media\/1220"}],"wp:attachment":[{"href":"https:\/\/afvan.com\/index.php\/wp-json\/wp\/v2\/media?parent=1125"}],"curies":[{"name":"wp","href":"https:\/\/api.w.org\/{rel}","templated":true}]}}