{"id":2377,"date":"2023-08-03T06:50:59","date_gmt":"2023-08-03T05:50:59","guid":{"rendered":"https:\/\/afvan.com\/?page_id=2377"},"modified":"2023-08-03T12:25:56","modified_gmt":"2023-08-03T11:25:56","slug":"avis-legal","status":"publish","type":"page","link":"https:\/\/afvan.com\/index.php\/avis-legal\/","title":{"rendered":"Av\u00eds Legal"},"content":{"rendered":"\t\t<div data-elementor-type=\"wp-page\" data-elementor-id=\"2377\" class=\"elementor elementor-2377\" data-elementor-post-type=\"page\">\n\t\t\t\t\t\t<section class=\"elementor-section elementor-top-section elementor-element elementor-element-374fb07e elementor-section-boxed elementor-section-height-default elementor-section-height-default wpr-particle-no wpr-jarallax-no wpr-parallax-no wpr-sticky-section-no wpr-equal-height-no\" data-id=\"374fb07e\" data-element_type=\"section\" data-e-type=\"section\">\n\t\t\t\t\t\t<div class=\"elementor-container elementor-column-gap-default\">\n\t\t\t\t\t<div class=\"elementor-column elementor-col-100 elementor-top-column elementor-element elementor-element-29f9edf8\" data-id=\"29f9edf8\" data-element_type=\"column\" data-e-type=\"column\">\n\t\t\t<div class=\"elementor-widget-wrap elementor-element-populated\">\n\t\t\t\t\t\t<div class=\"elementor-element elementor-element-106a721 elementor-widget elementor-widget-spacer\" data-id=\"106a721\" data-element_type=\"widget\" data-e-type=\"widget\" data-widget_type=\"spacer.default\">\n\t\t\t\t<div class=\"elementor-widget-container\">\n\t\t\t\t\t\t\t<div class=\"elementor-spacer\">\n\t\t\t<div class=\"elementor-spacer-inner\"><\/div>\n\t\t<\/div>\n\t\t\t\t\t\t<\/div>\n\t\t\t\t<\/div>\n\t\t\t\t<div class=\"elementor-element elementor-element-a62da37 elementor-widget elementor-widget-heading\" data-id=\"a62da37\" data-element_type=\"widget\" data-e-type=\"widget\" data-widget_type=\"heading.default\">\n\t\t\t\t<div class=\"elementor-widget-container\">\n\t\t\t\t\t<h2 class=\"elementor-heading-title elementor-size-default\">Av\u00eds Legal<\/h2>\t\t\t\t<\/div>\n\t\t\t\t<\/div>\n\t\t\t\t<div class=\"elementor-element elementor-element-5a45a6c8 elementor-widget elementor-widget-text-editor\" data-id=\"5a45a6c8\" data-element_type=\"widget\" data-e-type=\"widget\" data-widget_type=\"text-editor.default\">\n\t\t\t\t<div class=\"elementor-widget-container\">\n\t\t\t\t\t\t\t\t\t<p><\/p>\n<ol>\n<li><strong><u>Protecci\u00f3 de dades personals.<\/u><\/strong><\/li>\n<\/ol>\n<p>\u00a0<\/p>\n<p>En compliment del que requereix la Llei 29\/2021, del 28 d\u2019octubre, qualificada de Protecci\u00f3 de Dades Personals (d\u2019ara endavant, &#8220;LQDP&#8221;), i amb els reglaments que la desenvolupen, s\u2019informa els usuaris d&#8217;aquest lloc web que qualsevol dada personal facilitat a l\u2019Associaci\u00f3 Fotogr\u00e0fica Valls del Nord (AFVAN) ser\u00e0 tractada amb les seg\u00fcents finalitats:<\/p>\n<p>\u00a0<\/p>\n<ul>\n<li>Enviament d\u2019informaci\u00f3 general, ofertes i\/o promocions sobre l\u2019Associaci\u00f3 Fotogr\u00e0fica Valls del Nord (AFVAN) per mitj\u00e0 de correu electr\u00f2nic.<\/li>\n<\/ul>\n<p>\u00a0<\/p>\n<ul>\n<li>Atendre consultes o sol\u00b7licituds d\u2019informaci\u00f3 dels serveis oferts o del funcionament de l\u2019Associaci\u00f3.<\/li>\n<\/ul>\n<p>\u00a0<\/p>\n<ul>\n<li>Gestionar la relaci\u00f3 entre la comunitat d\u2019associats i col\u00b7laboradors.<\/li>\n<\/ul>\n<p>\u00a0<\/p>\n<p>En compliment de la LQPD, i els seus reglaments de desenvolupament, l\u2019Associaci\u00f3 Fotogr\u00e0fica Valls del Nord (AFVAN), informa que disposeu dels drets d\u2019acc\u00e9s, rectificaci\u00f3, supressi\u00f3, oposici\u00f3, portabilitat i limitaci\u00f3 de tractament reconeguts per la normativa de refer\u00e8ncia.<\/p>\n<p>\u00a0<\/p>\n<p>Per a m\u00e9s informaci\u00f3 sobre com tractarem les dades personals consulteu el seg\u00fcent document, <a href=\"https:\/\/afvan.com\/index.php\/politica-de-privadesa\/\">Pol\u00edtica de privacitat.<\/a><\/p>\n<p>\u00a0<\/p>\n<ol start=\"2\">\n<li><strong><u>Propietat intel\u00b7lectual sobre els continguts.<\/u><\/strong><\/li>\n<\/ol>\n<p>\u00a0<\/p>\n<p>Tots els elements que apareixen al seu lloc web sense limitaci\u00f3 (fotografies, v\u00eddeos, not\u00edcies, textos, nom de domini, marques, informaci\u00f3 i contingut recopilat a tota la web, etc. ), aix\u00ed com l&#8217;estructura, el disseny gr\u00e0fic i el codi font s\u00f3n propietat de l\u2019Associaci\u00f3 Fotogr\u00e0fica Valls del Nord (AFVAN) \u00a0o si s&#8217;escau, de tercers que li han cedit els corresponents drets d&#8217;\u00fas, i que l&#8217;usuari d&#8217;aquest lloc web ha de respectar, i que, per tant estan protegits per la normativa de propietat intel\u00b7lectual.<\/p>\n<p>\u00a0<\/p>\n<p>No es podran realitzar actes totals o parcials de reproducci\u00f3, publicaci\u00f3, tractament inform\u00e0tic, distribuci\u00f3, difusi\u00f3, transformaci\u00f3, compilaci\u00f3, modificaci\u00f3, distribuci\u00f3 o comunicaci\u00f3 p\u00fablica de la web sense el consentiment previ i per escrit de l\u2019Associaci\u00f3 Fotogr\u00e0fica Valls del Nord (AFVAN).<\/p>\n<p>\u00a0<\/p>\n<p>L&#8217;acc\u00e9s per part de l&#8217;usuari als continguts i\/o serveis del lloc web no implica cap dret pel que fa a la seva transmissi\u00f3, cessi\u00f3, utilitzaci\u00f3, alteraci\u00f3, explotaci\u00f3, reproducci\u00f3, distribuci\u00f3 o comunicaci\u00f3 p\u00fablica, objecte de propietat intel\u00b7lectual, sense la pr\u00e8via i expressa autoritzaci\u00f3 espec\u00edficament atorgada a aquest efecte per part de l\u2019Associaci\u00f3 Fotogr\u00e0fica Valls del Nord (AFVAN) o, si s\u2019escau, del titular final dels drets.<\/p>\n<p>\u00a0<\/p>\n<p>Els usuaris del lloc web nom\u00e9s podran dur a terme un \u00fas privat i personal dels seus continguts, \u00e9s a dir, nom\u00e9s tindran dret a visualitzar els continguts per al seu \u00fas personal i exclusiu i hauran d&#8217;aplicar aquests drets sobre la base dels principis de bona fe i la normativa aplicable.<\/p>\n<p>\u00a0<\/p>\n<p>Queda absolutament prohibit l&#8217;\u00fas del lloc web o de qualsevol dels seus elements amb finalitats comercials o il\u00b7l\u00edcites. La utilitzaci\u00f3 no autoritzada de la informaci\u00f3 continguda en aquest web, aix\u00ed com els perjudicis ocasionats en els drets de propietat intel\u00b7lectual, poden donar lloc a l&#8217;exercici de les accions legals pertinents i, si s&#8217;escau, a les responsabilitats derivades d&#8217;aquest exercici.<\/p>\n<p>\u00a0<\/p>\n<p>\u00a0<\/p>\n<p>\u00a0<\/p>\n<ol start=\"3\">\n<li><strong><u>Acceptaci\u00f3 de les condicions.<\/u><\/strong><\/li>\n<\/ol>\n<p>\u00a0<\/p>\n<p>L&#8217;\u00fas del lloc web implica l&#8217;expressa i plena acceptaci\u00f3 d&#8217;aquestes condicions generals i de totes i cadascuna de les disposicions incloses en aquest av\u00eds legal en la versi\u00f3 publicada en el moment en qu\u00e8 l&#8217;usuari accedeix a aquest av\u00eds (excepte la pol\u00edtica de privacitat, que caldr\u00e0 acceptar-la expressament). En conseq\u00fc\u00e8ncia, es recomana que l&#8217;usuari llegeixi aquest av\u00eds legal cada vegada que accedeixi al lloc web, at\u00e8s que es poden produir modificacions en les condicions generals, sense perjudici de les condicions particulars que es puguin aplicar a determinats serveis concrets d\u2019aquest.<\/p>\n<p>\u00a0<\/p>\n<ol start=\"4\">\n<li><strong><u>Legislaci\u00f3 i jurisdicci\u00f3 aplicable.<\/u><\/strong><\/li>\n<\/ol>\n<p>\u00a0<\/p>\n<p>Les presents condicions d&#8217;acc\u00e9s i del seu us romanen subjectes a la legislaci\u00f3 andorrana i a la compet\u00e8ncia dels seus tribunals.<\/p>\n<p>\u00a0<\/p>\n<p><\/p>\t\t\t\t\t\t\t\t<\/div>\n\t\t\t\t<\/div>\n\t\t\t\t\t<\/div>\n\t\t<\/div>\n\t\t\t\t\t<\/div>\n\t\t<\/section>\n\t\t\t\t<\/div>\n\t\t","protected":false},"excerpt":{"rendered":"<p>Av\u00eds Legal Protecci\u00f3 de dades personals. \u00a0 En compliment del que requereix la Llei 29\/2021, del 28 d\u2019octubre, qualificada de Protecci\u00f3 de Dades Personals (d\u2019ara endavant, &#8220;LQDP&#8221;), i amb els reglaments que la desenvolupen, s\u2019informa els usuaris d&#8217;aquest lloc web que qualsevol dada personal facilitat a l\u2019Associaci\u00f3 Fotogr\u00e0fica Valls del Nord (AFVAN) ser\u00e0 tractada amb les seg\u00fcents finalitats: \u00a0 Enviament d\u2019informaci\u00f3 general, ofertes i\/o promocions sobre l\u2019Associaci\u00f3 Fotogr\u00e0fica Valls del Nord (AFVAN) per mitj\u00e0 de correu electr\u00f2nic. \u00a0 Atendre consultes o sol\u00b7licituds d\u2019informaci\u00f3 dels serveis oferts o del funcionament de l\u2019Associaci\u00f3. \u00a0 Gestionar la relaci\u00f3 entre la comunitat d\u2019associats i col\u00b7laboradors. \u00a0 En compliment de la LQPD, i els seus reglaments de desenvolupament, l\u2019Associaci\u00f3 Fotogr\u00e0fica Valls del Nord (AFVAN), informa que disposeu dels drets d\u2019acc\u00e9s, rectificaci\u00f3, supressi\u00f3, oposici\u00f3, portabilitat i limitaci\u00f3 de tractament reconeguts per la normativa de refer\u00e8ncia. \u00a0 Per a m\u00e9s informaci\u00f3 sobre com tractarem les dades personals consulteu el seg\u00fcent document, Pol\u00edtica de privacitat. \u00a0 Propietat intel\u00b7lectual sobre els continguts. \u00a0 Tots els elements que apareixen al seu lloc web sense limitaci\u00f3 (fotografies, v\u00eddeos, not\u00edcies, textos, nom de domini, marques, informaci\u00f3 i contingut recopilat a tota la web, etc. ), aix\u00ed com l&#8217;estructura, el disseny gr\u00e0fic i el codi font s\u00f3n propietat de l\u2019Associaci\u00f3 Fotogr\u00e0fica Valls del Nord (AFVAN) \u00a0o si s&#8217;escau, de tercers que li han cedit els corresponents drets d&#8217;\u00fas, i que l&#8217;usuari d&#8217;aquest lloc web ha de respectar, i que, per tant estan protegits per la normativa de propietat intel\u00b7lectual. \u00a0 No es podran realitzar actes totals o parcials de reproducci\u00f3, publicaci\u00f3, tractament inform\u00e0tic, distribuci\u00f3, difusi\u00f3, transformaci\u00f3, compilaci\u00f3, modificaci\u00f3, distribuci\u00f3 o comunicaci\u00f3 p\u00fablica de la web sense el consentiment previ i per escrit de l\u2019Associaci\u00f3 Fotogr\u00e0fica Valls del Nord (AFVAN). \u00a0 L&#8217;acc\u00e9s per part de l&#8217;usuari als continguts i\/o serveis del lloc web no implica cap dret pel que fa a la seva transmissi\u00f3, cessi\u00f3, utilitzaci\u00f3, alteraci\u00f3, explotaci\u00f3, reproducci\u00f3, distribuci\u00f3 o comunicaci\u00f3 p\u00fablica, objecte de propietat intel\u00b7lectual, sense la pr\u00e8via i expressa autoritzaci\u00f3 espec\u00edficament atorgada a aquest efecte per part de l\u2019Associaci\u00f3 Fotogr\u00e0fica Valls del Nord (AFVAN) o, si s\u2019escau, del titular final dels drets. \u00a0 Els usuaris del lloc web nom\u00e9s podran dur a terme un \u00fas privat i personal dels seus continguts, \u00e9s a dir, nom\u00e9s tindran dret a visualitzar els continguts per al seu \u00fas personal i exclusiu i hauran d&#8217;aplicar aquests drets sobre la base dels principis de bona fe i la normativa aplicable. \u00a0 Queda absolutament prohibit l&#8217;\u00fas del lloc web o de qualsevol dels seus elements amb finalitats comercials o il\u00b7l\u00edcites. La utilitzaci\u00f3 no autoritzada de la informaci\u00f3 continguda en aquest web, aix\u00ed com els perjudicis ocasionats en els drets de propietat intel\u00b7lectual, poden donar lloc a l&#8217;exercici de les accions legals pertinents i, si s&#8217;escau, a les responsabilitats derivades d&#8217;aquest exercici. \u00a0 \u00a0 \u00a0 Acceptaci\u00f3 de les condicions. \u00a0 L&#8217;\u00fas del lloc web implica l&#8217;expressa i plena acceptaci\u00f3 d&#8217;aquestes condicions generals i de totes i cadascuna de les disposicions incloses en aquest av\u00eds legal en la versi\u00f3 publicada en el moment en qu\u00e8 l&#8217;usuari accedeix a aquest av\u00eds (excepte la pol\u00edtica de privacitat, que caldr\u00e0 acceptar-la expressament). En conseq\u00fc\u00e8ncia, es recomana que l&#8217;usuari llegeixi aquest av\u00eds legal cada vegada que accedeixi al lloc web, at\u00e8s que es poden produir modificacions en les condicions generals, sense perjudici de les condicions particulars que es puguin aplicar a determinats serveis concrets d\u2019aquest. \u00a0 Legislaci\u00f3 i jurisdicci\u00f3 aplicable. \u00a0 Les presents condicions d&#8217;acc\u00e9s i del seu us romanen subjectes a la legislaci\u00f3 andorrana i a la compet\u00e8ncia dels seus tribunals. \u00a0<\/p>\n","protected":false},"author":1,"featured_media":0,"parent":0,"menu_order":0,"comment_status":"closed","ping_status":"closed","template":"","meta":{"site-sidebar-layout":"default","site-content-layout":"","ast-site-content-layout":"default","site-content-style":"default","site-sidebar-style":"default","ast-global-header-display":"","ast-banner-title-visibility":"","ast-main-header-display":"","ast-hfb-above-header-display":"","ast-hfb-below-header-display":"","ast-hfb-mobile-header-display":"","site-post-title":"disabled","ast-breadcrumbs-content":"","ast-featured-img":"","footer-sml-layout":"","ast-disable-related-posts":"","theme-transparent-header-meta":"","adv-header-id-meta":"","stick-header-meta":"","header-above-stick-meta":"","header-main-stick-meta":"","header-below-stick-meta":"","astra-migrate-meta-layouts":"default","ast-page-background-enabled":"default","ast-page-background-meta":{"desktop":{"background-color":"var(--ast-global-color-4)","background-image":"","background-repeat":"repeat","background-position":"center center","background-size":"auto","background-attachment":"scroll","background-type":"","background-media":"","overlay-type":"","overlay-color":"","overlay-opacity":"","overlay-gradient":""},"tablet":{"background-color":"","background-image":"","background-repeat":"repeat","background-position":"center center","background-size":"auto","background-attachment":"scroll","background-type":"","background-media":"","overlay-type":"","overlay-color":"","overlay-opacity":"","overlay-gradient":""},"mobile":{"background-color":"","background-image":"","background-repeat":"repeat","background-position":"center center","background-size":"auto","background-attachment":"scroll","background-type":"","background-media":"","overlay-type":"","overlay-color":"","overlay-opacity":"","overlay-gradient":""}},"ast-content-background-meta":{"desktop":{"background-color":"var(--ast-global-color-5)","background-image":"","background-repeat":"repeat","background-position":"center center","background-size":"auto","background-attachment":"scroll","background-type":"","background-media":"","overlay-type":"","overlay-color":"","overlay-opacity":"","overlay-gradient":""},"tablet":{"background-color":"var(--ast-global-color-5)","background-image":"","background-repeat":"repeat","background-position":"center center","background-size":"auto","background-attachment":"scroll","background-type":"","background-media":"","overlay-type":"","overlay-color":"","overlay-opacity":"","overlay-gradient":""},"mobile":{"background-color":"var(--ast-global-color-5)","background-image":"","background-repeat":"repeat","background-position":"center center","background-size":"auto","background-attachment":"scroll","background-type":"","background-media":"","overlay-type":"","overlay-color":"","overlay-opacity":"","overlay-gradient":""}},"footnotes":""},"class_list":["post-2377","page","type-page","status-publish","hentry"],"aioseo_notices":[],"a3_pvc":{"activated":false,"total_views":18,"today_views":0},"_links":{"self":[{"href":"https:\/\/afvan.com\/index.php\/wp-json\/wp\/v2\/pages\/2377","targetHints":{"allow":["GET"]}}],"collection":[{"href":"https:\/\/afvan.com\/index.php\/wp-json\/wp\/v2\/pages"}],"about":[{"href":"https:\/\/afvan.com\/index.php\/wp-json\/wp\/v2\/types\/page"}],"author":[{"embeddable":true,"href":"https:\/\/afvan.com\/index.php\/wp-json\/wp\/v2\/users\/1"}],"replies":[{"embeddable":true,"href":"https:\/\/afvan.com\/index.php\/wp-json\/wp\/v2\/comments?post=2377"}],"version-history":[{"count":11,"href":"https:\/\/afvan.com\/index.php\/wp-json\/wp\/v2\/pages\/2377\/revisions"}],"predecessor-version":[{"id":2401,"href":"https:\/\/afvan.com\/index.php\/wp-json\/wp\/v2\/pages\/2377\/revisions\/2401"}],"wp:attachment":[{"href":"https:\/\/afvan.com\/index.php\/wp-json\/wp\/v2\/media?parent=2377"}],"curies":[{"name":"wp","href":"https:\/\/api.w.org\/{rel}","templated":true}]}}