{"id":3094,"date":"2023-11-08T07:36:24","date_gmt":"2023-11-08T06:36:24","guid":{"rendered":"https:\/\/afvan.com\/?page_id=3094"},"modified":"2023-12-19T20:21:12","modified_gmt":"2023-12-19T19:21:12","slug":"fotograf-del-mes","status":"publish","type":"page","link":"https:\/\/afvan.com\/index.php\/fotograf-del-mes\/","title":{"rendered":"H\u00aaFotografia"},"content":{"rendered":"\t\t<div data-elementor-type=\"wp-page\" data-elementor-id=\"3094\" class=\"elementor elementor-3094\" data-elementor-post-type=\"page\">\n\t\t\t\t\t\t<section class=\"elementor-section elementor-top-section elementor-element elementor-element-517909ab elementor-section-full_width elementor-section-height-min-height elementor-section-height-default elementor-section-items-middle wpr-particle-no wpr-jarallax-no wpr-parallax-no wpr-sticky-section-no wpr-equal-height-no\" data-id=\"517909ab\" data-element_type=\"section\" data-e-type=\"section\" data-settings=\"{&quot;background_background&quot;:&quot;classic&quot;}\">\n\t\t\t\t\t\t<div class=\"elementor-container elementor-column-gap-default\">\n\t\t\t\t\t<div class=\"elementor-column elementor-col-100 elementor-top-column elementor-element elementor-element-7d6fd1ad\" data-id=\"7d6fd1ad\" data-element_type=\"column\" data-e-type=\"column\">\n\t\t\t<div class=\"elementor-widget-wrap elementor-element-populated\">\n\t\t\t\t\t\t<section class=\"elementor-section elementor-inner-section elementor-element elementor-element-c94bc05 elementor-section-full_width elementor-section-height-default elementor-section-height-default wpr-particle-no wpr-jarallax-no wpr-parallax-no wpr-sticky-section-no wpr-equal-height-no\" data-id=\"c94bc05\" data-element_type=\"section\" data-e-type=\"section\">\n\t\t\t\t\t\t<div class=\"elementor-container elementor-column-gap-default\">\n\t\t\t\t\t<div class=\"elementor-column elementor-col-100 elementor-inner-column elementor-element elementor-element-18044c1\" data-id=\"18044c1\" data-element_type=\"column\" data-e-type=\"column\" data-settings=\"{&quot;background_background&quot;:&quot;classic&quot;}\">\n\t\t\t<div class=\"elementor-widget-wrap elementor-element-populated\">\n\t\t\t\t\t\t<div class=\"elementor-element elementor-element-992830b elementor-widget elementor-widget-elementskit-heading\" data-id=\"992830b\" data-element_type=\"widget\" data-e-type=\"widget\" data-widget_type=\"elementskit-heading.default\">\n\t\t\t\t<div class=\"elementor-widget-container\">\n\t\t\t\t\t<div class=\"ekit-wid-con\" ><div class=\"ekit-heading elementskit-section-title-wraper text_left   ekit_heading_tablet-   ekit_heading_mobile-\"><h1 class=\"ekit-heading--title elementskit-section-title  ekit-heading__title-has-border start\">Instants capturats<\/h1><h5 class=\"ekit-heading--subtitle elementskit-section-subtitle  \">\n\t\t\t\t\t\tun viatge a trav\u00e9s de la lent del temps\n\t\t\t\t\t<\/h5><\/div><\/div>\t\t\t\t<\/div>\n\t\t\t\t<\/div>\n\t\t\t\t\t<\/div>\n\t\t<\/div>\n\t\t\t\t\t<\/div>\n\t\t<\/section>\n\t\t\t\t\t<\/div>\n\t\t<\/div>\n\t\t\t\t\t<\/div>\n\t\t<\/section>\n\t\t\t\t<section class=\"elementor-section elementor-top-section elementor-element elementor-element-53f2b94e elementor-section-content-middle elementor-section-full_width elementor-section-height-default elementor-section-height-default wpr-particle-no wpr-jarallax-no wpr-parallax-no wpr-sticky-section-no wpr-equal-height-no\" data-id=\"53f2b94e\" data-element_type=\"section\" data-e-type=\"section\" data-settings=\"{&quot;background_background&quot;:&quot;classic&quot;}\">\n\t\t\t\t\t\t<div class=\"elementor-container elementor-column-gap-default\">\n\t\t\t\t\t<div class=\"elementor-column elementor-col-50 elementor-top-column elementor-element elementor-element-2cbc82b\" data-id=\"2cbc82b\" data-element_type=\"column\" data-e-type=\"column\" data-settings=\"{&quot;background_background&quot;:&quot;classic&quot;}\">\n\t\t\t<div class=\"elementor-widget-wrap\">\n\t\t\t\t\t\t\t<\/div>\n\t\t<\/div>\n\t\t\t\t<div class=\"elementor-column elementor-col-50 elementor-top-column elementor-element elementor-element-8854b38\" data-id=\"8854b38\" data-element_type=\"column\" data-e-type=\"column\" data-settings=\"{&quot;background_background&quot;:&quot;classic&quot;}\">\n\t\t\t<div class=\"elementor-widget-wrap elementor-element-populated\">\n\t\t\t\t\t\t\t<\/div>\n\t\t<\/div>\n\t\t\t\t\t<\/div>\n\t\t<\/section>\n\t\t\t\t<section class=\"elementor-section elementor-top-section elementor-element elementor-element-da49be6 elementor-section-content-middle elementor-section-boxed elementor-section-height-default elementor-section-height-default wpr-particle-no wpr-jarallax-no wpr-parallax-no wpr-sticky-section-no wpr-equal-height-no\" data-id=\"da49be6\" data-element_type=\"section\" data-e-type=\"section\" data-settings=\"{&quot;background_background&quot;:&quot;classic&quot;}\">\n\t\t\t\t\t\t<div class=\"elementor-container elementor-column-gap-default\">\n\t\t\t\t\t<div class=\"elementor-column elementor-col-50 elementor-top-column elementor-element elementor-element-a5d5ec7\" data-id=\"a5d5ec7\" data-element_type=\"column\" data-e-type=\"column\">\n\t\t\t<div class=\"elementor-widget-wrap elementor-element-populated\">\n\t\t\t\t\t\t<div class=\"elementor-element elementor-element-dc15494 elementor-widget elementor-widget-elementskit-heading\" data-id=\"dc15494\" data-element_type=\"widget\" data-e-type=\"widget\" data-widget_type=\"elementskit-heading.default\">\n\t\t\t\t<div class=\"elementor-widget-container\">\n\t\t\t\t\t<div class=\"ekit-wid-con\" ><div class=\"ekit-heading elementskit-section-title-wraper text_left   ekit_heading_tablet-   ekit_heading_mobile-\"><div class=\"ekit_heading_separetor_wraper ekit_heading_elementskit-border-divider ekit-dotted\"><div class=\"elementskit-border-divider ekit-dotted\"><\/div><\/div><h2 class=\"ekit-heading--title elementskit-section-title \">Un viatge en el temps amb mestres de la fotografia.<\/h2>\t\t\t\t<div class='ekit-heading__description'>\n\t\t\t\t\t<p>Cada mes ens submergirem en la hist\u00f2ria del m\u00f3n a trav\u00e9s de la lent de famosos fot\u00f2grafs com Robert Capa, Ansel Easton i Cartier Bresson. Aquests mestres de la c\u00e0mera van capturar alguns dels moments m\u00e9s importants del segle passat, des de la Segona Guerra Mundial fins al sorgiment de l'art modern i la cultura pop. Amb les seves imatges, podem explorar els canvis pol\u00edtics, socials i culturals que han ocorregut al llarg dels anys. Des dels territoris en conflicte fins als carrers de les ciutats m\u00e9s importants del m\u00f3n, aquestes fotografies ens porten en un viatge a trav\u00e9s del temps. Gr\u00e0cies a aquests fot\u00f2grafs, podem apreciar com ha evolucionat el m\u00f3n i prendre lli\u00e7ons dels esdeveniments passats per a modelar el nostre futur.<\/p>\n\t\t\t\t<\/div>\n\t\t\t<\/div><\/div>\t\t\t\t<\/div>\n\t\t\t\t<\/div>\n\t\t\t\t\t<\/div>\n\t\t<\/div>\n\t\t\t\t<div class=\"elementor-column elementor-col-50 elementor-top-column elementor-element elementor-element-79afbe0\" data-id=\"79afbe0\" data-element_type=\"column\" data-e-type=\"column\">\n\t\t\t<div class=\"elementor-widget-wrap elementor-element-populated\">\n\t\t\t\t\t\t<div class=\"elementor-element elementor-element-b627f02 elementor-widget elementor-widget-image\" data-id=\"b627f02\" data-element_type=\"widget\" data-e-type=\"widget\" data-widget_type=\"image.default\">\n\t\t\t\t<div class=\"elementor-widget-container\">\n\t\t\t\t\t\t\t\t\t\t\t\t\t\t\t<img fetchpriority=\"high\" decoding=\"async\" width=\"1024\" height=\"683\" src=\"https:\/\/afvan.com\/wp-content\/uploads\/2023\/11\/muchacha-camara-retra-vendimia-1024x683.jpg\" class=\"attachment-large size-large wp-image-3221\" alt=\"camara vintage\" srcset=\"https:\/\/afvan.com\/wp-content\/uploads\/2023\/11\/muchacha-camara-retra-vendimia-1024x683.jpg 1024w, https:\/\/afvan.com\/wp-content\/uploads\/2023\/11\/muchacha-camara-retra-vendimia-300x200.jpg 300w, https:\/\/afvan.com\/wp-content\/uploads\/2023\/11\/muchacha-camara-retra-vendimia-768x512.jpg 768w, https:\/\/afvan.com\/wp-content\/uploads\/2023\/11\/muchacha-camara-retra-vendimia-1536x1024.jpg 1536w, https:\/\/afvan.com\/wp-content\/uploads\/2023\/11\/muchacha-camara-retra-vendimia-2048x1365.jpg 2048w\" sizes=\"(max-width: 1024px) 100vw, 1024px\" \/>\t\t\t\t\t\t\t\t\t\t\t\t\t\t\t<\/div>\n\t\t\t\t<\/div>\n\t\t\t\t\t<\/div>\n\t\t<\/div>\n\t\t\t\t\t<\/div>\n\t\t<\/section>\n\t\t<div class=\"elementor-element elementor-element-6b12e62 e-flex e-con-boxed wpr-particle-no wpr-jarallax-no wpr-parallax-no wpr-sticky-section-no wpr-equal-height-no e-con e-parent\" data-id=\"6b12e62\" data-element_type=\"container\" data-e-type=\"container\">\n\t\t\t\t\t<div class=\"e-con-inner\">\n\t\t\t\t<div class=\"elementor-element elementor-element-ccee323 elementor-alert-warning elementor-widget elementor-widget-alert\" data-id=\"ccee323\" data-element_type=\"widget\" data-e-type=\"widget\" data-widget_type=\"alert.default\">\n\t\t\t\t<div class=\"elementor-widget-container\">\n\t\t\t\t\t\t\t<div class=\"elementor-alert\" role=\"alert\">\n\n\t\t\t\t\t\t<span class=\"elementor-alert-title\">Av\u00eds sobre les Imatges i els continguts d'aquesta secci\u00f3<\/span>\n\t\t\t\n\t\t\t\t\t\t<span class=\"elementor-alert-description\">Tota l'informaci\u00f3 i Imatges utilitzades en en aquesta secci\u00f3 poden tenir drets d'autor, molta de l'informaci\u00f3 pertany a wikip\u00e8dia.<\/span>\n\t\t\t\n\t\t\t\t\t\t<button type=\"button\" class=\"elementor-alert-dismiss\" aria-label=\"Descarta aquesta alerta.\">\n\t\t\t\t\t\t\t\t\t<span aria-hidden=\"true\">&times;<\/span>\n\t\t\t\t\t\t\t<\/button>\n\t\t\t\n\t\t<\/div>\n\t\t\t\t\t\t<\/div>\n\t\t\t\t<\/div>\n\t\t\t\t\t<\/div>\n\t\t\t\t<\/div>\n\t\t\t\t<\/div>\n\t\t","protected":false},"excerpt":{"rendered":"<p>Instants capturats un viatge a trav\u00e9s de la lent del temps Un viatge en el temps amb mestres de la fotografia. Cada mes ens submergirem en la hist\u00f2ria del m\u00f3n a trav\u00e9s de la lent de famosos fot\u00f2grafs com Robert Capa, Ansel Easton i Cartier Bresson. Aquests mestres de la c\u00e0mera van capturar alguns dels moments m\u00e9s importants del segle passat, des de la Segona Guerra Mundial fins al sorgiment de l&#8217;art modern i la cultura pop. Amb les seves imatges, podem explorar els canvis pol\u00edtics, socials i culturals que han ocorregut al llarg dels anys. Des dels territoris en conflicte fins als carrers de les ciutats m\u00e9s importants del m\u00f3n, aquestes fotografies ens porten en un viatge a trav\u00e9s del temps. Gr\u00e0cies a aquests fot\u00f2grafs, podem apreciar com ha evolucionat el m\u00f3n i prendre lli\u00e7ons dels esdeveniments passats per a modelar el nostre futur. Av\u00eds sobre les Imatges i els continguts d&#8217;aquesta secci\u00f3 Tota l&#8217;informaci\u00f3 i Imatges utilitzades en en aquesta secci\u00f3 poden tenir drets d&#8217;autor, molta de l&#8217;informaci\u00f3 pertany a wikip\u00e8dia. &times; Descarta aquesta alerta.<\/p>\n","protected":false},"author":1,"featured_media":0,"parent":0,"menu_order":0,"comment_status":"closed","ping_status":"closed","template":"","meta":{"site-sidebar-layout":"no-sidebar","site-content-layout":"page-builder","ast-site-content-layout":"full-width-container","site-content-style":"default","site-sidebar-style":"default","ast-global-header-display":"","ast-banner-title-visibility":"","ast-main-header-display":"","ast-hfb-above-header-display":"","ast-hfb-below-header-display":"","ast-hfb-mobile-header-display":"","site-post-title":"disabled","ast-breadcrumbs-content":"","ast-featured-img":"disabled","footer-sml-layout":"","ast-disable-related-posts":"","theme-transparent-header-meta":"","adv-header-id-meta":"","stick-header-meta":"","header-above-stick-meta":"","header-main-stick-meta":"","header-below-stick-meta":"","astra-migrate-meta-layouts":"set","ast-page-background-enabled":"default","ast-page-background-meta":{"desktop":{"background-color":"var(--ast-global-color-4)","background-image":"","background-repeat":"repeat","background-position":"center center","background-size":"auto","background-attachment":"scroll","background-type":"","background-media":"","overlay-type":"","overlay-color":"","overlay-opacity":"","overlay-gradient":""},"tablet":{"background-color":"","background-image":"","background-repeat":"repeat","background-position":"center center","background-size":"auto","background-attachment":"scroll","background-type":"","background-media":"","overlay-type":"","overlay-color":"","overlay-opacity":"","overlay-gradient":""},"mobile":{"background-color":"","background-image":"","background-repeat":"repeat","background-position":"center center","background-size":"auto","background-attachment":"scroll","background-type":"","background-media":"","overlay-type":"","overlay-color":"","overlay-opacity":"","overlay-gradient":""}},"ast-content-background-meta":{"desktop":{"background-color":"var(--ast-global-color-5)","background-image":"","background-repeat":"repeat","background-position":"center center","background-size":"auto","background-attachment":"scroll","background-type":"","background-media":"","overlay-type":"","overlay-color":"","overlay-opacity":"","overlay-gradient":""},"tablet":{"background-color":"var(--ast-global-color-5)","background-image":"","background-repeat":"repeat","background-position":"center center","background-size":"auto","background-attachment":"scroll","background-type":"","background-media":"","overlay-type":"","overlay-color":"","overlay-opacity":"","overlay-gradient":""},"mobile":{"background-color":"var(--ast-global-color-5)","background-image":"","background-repeat":"repeat","background-position":"center center","background-size":"auto","background-attachment":"scroll","background-type":"","background-media":"","overlay-type":"","overlay-color":"","overlay-opacity":"","overlay-gradient":""}},"footnotes":""},"class_list":["post-3094","page","type-page","status-publish","hentry"],"aioseo_notices":[],"a3_pvc":{"activated":false,"total_views":0,"today_views":0},"_links":{"self":[{"href":"https:\/\/afvan.com\/index.php\/wp-json\/wp\/v2\/pages\/3094","targetHints":{"allow":["GET"]}}],"collection":[{"href":"https:\/\/afvan.com\/index.php\/wp-json\/wp\/v2\/pages"}],"about":[{"href":"https:\/\/afvan.com\/index.php\/wp-json\/wp\/v2\/types\/page"}],"author":[{"embeddable":true,"href":"https:\/\/afvan.com\/index.php\/wp-json\/wp\/v2\/users\/1"}],"replies":[{"embeddable":true,"href":"https:\/\/afvan.com\/index.php\/wp-json\/wp\/v2\/comments?post=3094"}],"version-history":[{"count":105,"href":"https:\/\/afvan.com\/index.php\/wp-json\/wp\/v2\/pages\/3094\/revisions"}],"predecessor-version":[{"id":3592,"href":"https:\/\/afvan.com\/index.php\/wp-json\/wp\/v2\/pages\/3094\/revisions\/3592"}],"wp:attachment":[{"href":"https:\/\/afvan.com\/index.php\/wp-json\/wp\/v2\/media?parent=3094"}],"curies":[{"name":"wp","href":"https:\/\/api.w.org\/{rel}","templated":true}]}}

HªFotografia

<div data-elementor-type="wp-page" data-elementor-id="3094" class="elementor elementor-3094" data-elementor-post-type="page">
						<section class="elementor-section elementor-top-section elementor-element elementor-element-517909ab elementor-section-full_width elementor-section-height-min-height elementor-section-height-default elementor-section-items-middle wpr-particle-no wpr-jarallax-no wpr-parallax-no wpr-sticky-section-no wpr-equal-height-no" data-id="517909ab" data-element_type="section" data-e-type="section" data-settings="{&quot;background_background&quot;:&quot;classic&quot;}">
						<div class="elementor-container elementor-column-gap-default">
					<div class="elementor-column elementor-col-100 elementor-top-column elementor-element elementor-element-7d6fd1ad" data-id="7d6fd1ad" data-element_type="column" data-e-type="column">
			<div class="elementor-widget-wrap elementor-element-populated">
						<section class="elementor-section elementor-inner-section elementor-element elementor-element-c94bc05 elementor-section-full_width elementor-section-height-default elementor-section-height-default wpr-particle-no wpr-jarallax-no wpr-parallax-no wpr-sticky-section-no wpr-equal-height-no" data-id="c94bc05" data-element_type="section" data-e-type="section">
						<div class="elementor-container elementor-column-gap-default">
					<div class="elementor-column elementor-col-100 elementor-inner-column elementor-element elementor-element-18044c1" data-id="18044c1" data-element_type="column" data-e-type="column" data-settings="{&quot;background_background&quot;:&quot;classic&quot;}">
			<div class="elementor-widget-wrap elementor-element-populated">
						<div class="elementor-element elementor-element-992830b elementor-widget elementor-widget-elementskit-heading" data-id="992830b" data-element_type="widget" data-e-type="widget" data-widget_type="elementskit-heading.default">
				<div class="elementor-widget-container">
					<div class="ekit-wid-con" ><div class="ekit-heading elementskit-section-title-wraper text_left   ekit_heading_tablet-   ekit_heading_mobile-"><h1 class="ekit-heading--title elementskit-section-title  ekit-heading__title-has-border start">Instants capturats</h1><h5 class="ekit-heading--subtitle elementskit-section-subtitle  ">
						un viatge a través de la lent del temps
					</h5></div></div>				</div>
				</div>
					</div>
		</div>
					</div>
		</section>
					</div>
		</div>
					</div>
		</section>
				<section class="elementor-section elementor-top-section elementor-element elementor-element-53f2b94e elementor-section-content-middle elementor-section-full_width elementor-section-height-default elementor-section-height-default wpr-particle-no wpr-jarallax-no wpr-parallax-no wpr-sticky-section-no wpr-equal-height-no" data-id="53f2b94e" data-element_type="section" data-e-type="section" data-settings="{&quot;background_background&quot;:&quot;classic&quot;}">
						<div class="elementor-container elementor-column-gap-default">
					<div class="elementor-column elementor-col-50 elementor-top-column elementor-element elementor-element-2cbc82b" data-id="2cbc82b" data-element_type="column" data-e-type="column" data-settings="{&quot;background_background&quot;:&quot;classic&quot;}">
			<div class="elementor-widget-wrap">
							</div>
		</div>
				<div class="elementor-column elementor-col-50 elementor-top-column elementor-element elementor-element-8854b38" data-id="8854b38" data-element_type="column" data-e-type="column" data-settings="{&quot;background_background&quot;:&quot;classic&quot;}">
			<div class="elementor-widget-wrap elementor-element-populated">
							</div>
		</div>
					</div>
		</section>
				<section class="elementor-section elementor-top-section elementor-element elementor-element-da49be6 elementor-section-content-middle elementor-section-boxed elementor-section-height-default elementor-section-height-default wpr-particle-no wpr-jarallax-no wpr-parallax-no wpr-sticky-section-no wpr-equal-height-no" data-id="da49be6" data-element_type="section" data-e-type="section" data-settings="{&quot;background_background&quot;:&quot;classic&quot;}">
						<div class="elementor-container elementor-column-gap-default">
					<div class="elementor-column elementor-col-50 elementor-top-column elementor-element elementor-element-a5d5ec7" data-id="a5d5ec7" data-element_type="column" data-e-type="column">
			<div class="elementor-widget-wrap elementor-element-populated">
						<div class="elementor-element elementor-element-dc15494 elementor-widget elementor-widget-elementskit-heading" data-id="dc15494" data-element_type="widget" data-e-type="widget" data-widget_type="elementskit-heading.default">
				<div class="elementor-widget-container">
					<div class="ekit-wid-con" ><div class="ekit-heading elementskit-section-title-wraper text_left   ekit_heading_tablet-   ekit_heading_mobile-"><div class="ekit_heading_separetor_wraper ekit_heading_elementskit-border-divider ekit-dotted"><div class="elementskit-border-divider ekit-dotted"></div></div><h2 class="ekit-heading--title elementskit-section-title ">Un viatge en el temps amb mestres de la fotografia.</h2>				<div class='ekit-heading__description'>
					<p>Cada mes ens submergirem en la història del món a través de la lent de famosos fotògrafs com Robert Capa, Ansel Easton i Cartier Bresson. Aquests mestres de la càmera van capturar alguns dels moments més importants del segle passat, des de la Segona Guerra Mundial fins al sorgiment de l'art modern i la cultura pop. Amb les seves imatges, podem explorar els canvis polítics, socials i culturals que han ocorregut al llarg dels anys. Des dels territoris en conflicte fins als carrers de les ciutats més importants del món, aquestes fotografies ens porten en un viatge a través del temps. Gràcies a aquests fotògrafs, podem apreciar com ha evolucionat el món i prendre lliçons dels esdeveniments passats per a modelar el nostre futur.</p>
				</div>
			</div></div>				</div>
				</div>
					</div>
		</div>
				<div class="elementor-column elementor-col-50 elementor-top-column elementor-element elementor-element-79afbe0" data-id="79afbe0" data-element_type="column" data-e-type="column">
			<div class="elementor-widget-wrap elementor-element-populated">
						<div class="elementor-element elementor-element-b627f02 elementor-widget elementor-widget-image" data-id="b627f02" data-element_type="widget" data-e-type="widget" data-widget_type="image.default">
				<div class="elementor-widget-container">
															<img fetchpriority="high" decoding="async" width="1024" height="683" src="https://afvan.com/wp-content/uploads/2023/11/muchacha-camara-retra-vendimia-1024x683.jpg" class="attachment-large size-large wp-image-3221" alt="camara vintage" srcset="https://afvan.com/wp-content/uploads/2023/11/muchacha-camara-retra-vendimia-1024x683.jpg 1024w, https://afvan.com/wp-content/uploads/2023/11/muchacha-camara-retra-vendimia-300x200.jpg 300w, https://afvan.com/wp-content/uploads/2023/11/muchacha-camara-retra-vendimia-768x512.jpg 768w, https://afvan.com/wp-content/uploads/2023/11/muchacha-camara-retra-vendimia-1536x1024.jpg 1536w, https://afvan.com/wp-content/uploads/2023/11/muchacha-camara-retra-vendimia-2048x1365.jpg 2048w" sizes="(max-width: 1024px) 100vw, 1024px" />															</div>
				</div>
					</div>
		</div>
					</div>
		</section>
		<div class="elementor-element elementor-element-6b12e62 e-flex e-con-boxed wpr-particle-no wpr-jarallax-no wpr-parallax-no wpr-sticky-section-no wpr-equal-height-no e-con e-parent" data-id="6b12e62" data-element_type="container" data-e-type="container">
					<div class="e-con-inner">
				<div class="elementor-element elementor-element-ccee323 elementor-alert-warning elementor-widget elementor-widget-alert" data-id="ccee323" data-element_type="widget" data-e-type="widget" data-widget_type="alert.default">
				<div class="elementor-widget-container">
							<div class="elementor-alert" role="alert">

						<span class="elementor-alert-title">Avís sobre les Imatges i els continguts d'aquesta secció</span>
			
						<span class="elementor-alert-description">Tota l'informació i Imatges utilitzades en en aquesta secció poden tenir drets d'autor, molta de l'informació pertany a wikipèdia.</span>
			
						<button type="button" class="elementor-alert-dismiss" aria-label="Descarta aquesta alerta.">
									<span aria-hidden="true">&times;</span>
							</button>
			
		</div>
						</div>
				</div>
					</div>
				</div>
				</div>

<p>Instants capturats un viatge a través de la lent del temps Un viatge en el temps amb mestres de la fotografia. Cada mes ens submergirem en la història del món a través de la lent de famosos fotògrafs com Robert Capa, Ansel Easton i Cartier Bresson. Aquests mestres de la càmera van capturar alguns dels moments més importants del segle passat, des de la Segona Guerra Mundial fins al sorgiment de l&#8217;art modern i la cultura pop. Amb les seves imatges, podem explorar els canvis polítics, socials i culturals que han ocorregut al llarg dels anys. Des dels territoris en conflicte fins als carrers de les ciutats més importants del món, aquestes fotografies ens porten en un viatge a través del temps. Gràcies a aquests fotògrafs, podem apreciar com ha evolucionat el món i prendre lliçons dels esdeveniments passats per a modelar el nostre futur. Avís sobre les Imatges i els continguts d&#8217;aquesta secció Tota l&#8217;informació i Imatges utilitzades en en aquesta secció poden tenir drets d&#8217;autor, molta de l&#8217;informació pertany a wikipèdia. &times; Descarta aquesta alerta.</p>
