{"id":3340,"date":"2023-12-14T11:52:18","date_gmt":"2023-12-14T10:52:18","guid":{"rendered":"https:\/\/afvan.com\/?page_id=3340"},"modified":"2023-12-14T11:53:26","modified_gmt":"2023-12-14T10:53:26","slug":"pablo-picasso-francoise-gilot","status":"publish","type":"page","link":"https:\/\/afvan.com\/index.php\/pablo-picasso-francoise-gilot\/","title":{"rendered":"Pablo Picasso &#038; Fran\u00e7oise Gilot"},"content":{"rendered":"\t\t<div data-elementor-type=\"wp-page\" data-elementor-id=\"3340\" class=\"elementor elementor-3340\" data-elementor-post-type=\"page\">\n\t\t\t\t<div class=\"elementor-element elementor-element-0c87bc9 e-flex e-con-boxed wpr-particle-no wpr-jarallax-no wpr-parallax-no wpr-sticky-section-no wpr-equal-height-no e-con e-parent\" data-id=\"0c87bc9\" data-element_type=\"container\" data-e-type=\"container\">\n\t\t\t\t\t<div class=\"e-con-inner\">\n\t\t\t\t<div class=\"elementor-element elementor-element-9c087ca elementor-widget elementor-widget-heading\" data-id=\"9c087ca\" data-element_type=\"widget\" data-e-type=\"widget\" data-widget_type=\"heading.default\">\n\t\t\t\t<div class=\"elementor-widget-container\">\n\t\t\t\t\t<h2 class=\"elementor-heading-title elementor-size-default\">Pablo Picasso &amp; Fran\u00e7oise Gilot<\/h2>\t\t\t\t<\/div>\n\t\t\t\t<\/div>\n\t\t\t\t\t<\/div>\n\t\t\t\t<\/div>\n\t\t<div class=\"elementor-element elementor-element-743d9da e-flex e-con-boxed wpr-particle-no wpr-jarallax-no wpr-parallax-no wpr-sticky-section-no wpr-equal-height-no e-con e-parent\" data-id=\"743d9da\" data-element_type=\"container\" data-e-type=\"container\">\n\t\t\t\t\t<div class=\"e-con-inner\">\n\t\t\t\t<div class=\"elementor-element elementor-element-ee92f90 elementor-widget elementor-widget-text-editor\" data-id=\"ee92f90\" data-element_type=\"widget\" data-e-type=\"widget\" data-widget_type=\"text-editor.default\">\n\t\t\t\t<div class=\"elementor-widget-container\">\n\t\t\t\t\t\t\t\t\t<p>Les primeres fotografies de Robert Capa en color:<\/p><p>Els inicis en la t\u00e8cnica del color no varen ser f\u00e0cils. Utilitzant ja teleobjectius de 200\u202fmm va capturar imatges incre\u00efbles de nenes isl\u00e0miques a les platges de Dar es Salaam a Tanz\u00e0nia, la gent anava vestida amb colors molt vius.<\/p><p>Era una platja on els nadius adults vigilaven els seus petits, eren gaireb\u00e9 els \u00fanics que gaudien de les aig\u00fces de l&#8217;Oce\u00e0 Pac\u00edfic.<\/p><p>Tots es mantenien vestits, els adults que vigilaven i els nens i les nenes que es banyaven.<\/p><p>En la postproducci\u00f3 de les imatges, Robert Capa, es va dedicar de desenfocar el fons, molt m\u00e9s encara, sense que qued\u00e9s anul\u00b7lat per complet la visi\u00f3 que existia al darrere.<\/p><p>Malgrat aix\u00f2, el caos de colors, repartits per tot l&#8217;enquadrament, encara perjudicava la nitidesa del missatge de la fotografia.<\/p><p>Succeeix que, a m\u00e9s, la diapositiva, pel\u00b7l\u00edcula que usava Capa per als seus reportatges, posseeix un rang din\u00e0mic molt curt, m\u00e9s curt que el de la pel\u00b7l\u00edcula i el seu contrast \u00e9s tamb\u00e9 m\u00e9s gran.<\/p><p>Les fotografies que Robert Capa va fer a Pablo Picasso, no varen agradar, no per la seva profusi\u00f3 de colors com per la manca d&#8217;impacte de les instant\u00e0nies per culpa del color. Les seves fotos en color sobre Picasso van ser rebutjades per dues revistes hist\u00f2riques: Look i Ilustrated.<\/p><p>Tot i aix\u00f2, d&#8217;un bon fot\u00f2graf sempre surt alguna cosa bona. Una de les fotografies m\u00e9s famoses de Capa \u00e9s la de Picasso sostenint un para-sol sobre la seva xicota Fran\u00e7oise Gilot, per descomptat, en blanc i negre. Recordem que abans si les fotos es disparaven en color, podien ampliar-se en blanc i negre, per\u00f2 les fotografies disparades amb una pel\u00b7l\u00edcula en blanc i negre&#8230; nom\u00e9s podien ser pintades si vol\u00edem veure-les en color.<\/p><p>\u00a0<\/p><p>Bibliografia:<\/p><ul><li>Bases de dades acad\u00e8miques: bases de dades com JSTOR, PubMed, o Google Scholar per cercar articles acad\u00e8mics relacionats amb Robert Capa i del seu inici amb la fotografia en color.<\/li><li>Revistes especialitzades en fotografia i hist\u00f2ria: revistes especialitzades en fotografia i estudis hist\u00f2rics, &#8220;La fotografia es mi pasi\u00f3n&#8221; de Xisco Fuster i recerca pr\u00f2pia.<\/li><\/ul><p>\u00a0<\/p><p>La Massana Desembre del 2023.<\/p><p>Llu\u00eds Miquel P\u00e9rez \u2013 Associaci\u00f3 Fotogr\u00e0fica Valls del Nord<\/p>\t\t\t\t\t\t\t\t<\/div>\n\t\t\t\t<\/div>\n\t\t\t\t\t<\/div>\n\t\t\t\t<\/div>\n\t\t\t\t<\/div>\n\t\t","protected":false},"excerpt":{"rendered":"<p>Pablo Picasso &#038; Fran\u00e7oise Gilot Les primeres fotografies de Robert Capa en color: Els inicis en la t\u00e8cnica del color no varen ser f\u00e0cils. Utilitzant ja teleobjectius de 200\u202fmm va capturar imatges incre\u00efbles de nenes isl\u00e0miques a les platges de Dar es Salaam a Tanz\u00e0nia, la gent anava vestida amb colors molt vius. Era una platja on els nadius adults vigilaven els seus petits, eren gaireb\u00e9 els \u00fanics que gaudien de les aig\u00fces de l&#8217;Oce\u00e0 Pac\u00edfic. Tots es mantenien vestits, els adults que vigilaven i els nens i les nenes que es banyaven. En la postproducci\u00f3 de les imatges, Robert Capa, es va dedicar de desenfocar el fons, molt m\u00e9s encara, sense que qued\u00e9s anul\u00b7lat per complet la visi\u00f3 que existia al darrere. Malgrat aix\u00f2, el caos de colors, repartits per tot l&#8217;enquadrament, encara perjudicava la nitidesa del missatge de la fotografia. Succeeix que, a m\u00e9s, la diapositiva, pel\u00b7l\u00edcula que usava Capa per als seus reportatges, posseeix un rang din\u00e0mic molt curt, m\u00e9s curt que el de la pel\u00b7l\u00edcula i el seu contrast \u00e9s tamb\u00e9 m\u00e9s gran. Les fotografies que Robert Capa va fer a Pablo Picasso, no varen agradar, no per la seva profusi\u00f3 de colors com per la manca d&#8217;impacte de les instant\u00e0nies per culpa del color. Les seves fotos en color sobre Picasso van ser rebutjades per dues revistes hist\u00f2riques: Look i Ilustrated. Tot i aix\u00f2, d&#8217;un bon fot\u00f2graf sempre surt alguna cosa bona. Una de les fotografies m\u00e9s famoses de Capa \u00e9s la de Picasso sostenint un para-sol sobre la seva xicota Fran\u00e7oise Gilot, per descomptat, en blanc i negre. Recordem que abans si les fotos es disparaven en color, podien ampliar-se en blanc i negre, per\u00f2 les fotografies disparades amb una pel\u00b7l\u00edcula en blanc i negre&#8230; nom\u00e9s podien ser pintades si vol\u00edem veure-les en color. \u00a0 Bibliografia: Bases de dades acad\u00e8miques: bases de dades com JSTOR, PubMed, o Google Scholar per cercar articles acad\u00e8mics relacionats amb Robert Capa i del seu inici amb la fotografia en color. Revistes especialitzades en fotografia i hist\u00f2ria: revistes especialitzades en fotografia i estudis hist\u00f2rics, &#8220;La fotografia es mi pasi\u00f3n&#8221; de Xisco Fuster i recerca pr\u00f2pia. \u00a0 La Massana Desembre del 2023. Llu\u00eds Miquel P\u00e9rez \u2013 Associaci\u00f3 Fotogr\u00e0fica Valls del Nord<\/p>\n","protected":false},"author":1,"featured_media":0,"parent":0,"menu_order":0,"comment_status":"closed","ping_status":"closed","template":"","meta":{"site-sidebar-layout":"no-sidebar","site-content-layout":"page-builder","ast-site-content-layout":"full-width-container","site-content-style":"default","site-sidebar-style":"default","ast-global-header-display":"","ast-banner-title-visibility":"","ast-main-header-display":"","ast-hfb-above-header-display":"","ast-hfb-below-header-display":"","ast-hfb-mobile-header-display":"","site-post-title":"disabled","ast-breadcrumbs-content":"","ast-featured-img":"disabled","footer-sml-layout":"","ast-disable-related-posts":"","theme-transparent-header-meta":"","adv-header-id-meta":"","stick-header-meta":"","header-above-stick-meta":"","header-main-stick-meta":"","header-below-stick-meta":"","astra-migrate-meta-layouts":"set","ast-page-background-enabled":"default","ast-page-background-meta":{"desktop":{"background-color":"var(--ast-global-color-4)","background-image":"","background-repeat":"repeat","background-position":"center center","background-size":"auto","background-attachment":"scroll","background-type":"","background-media":"","overlay-type":"","overlay-color":"","overlay-opacity":"","overlay-gradient":""},"tablet":{"background-color":"","background-image":"","background-repeat":"repeat","background-position":"center center","background-size":"auto","background-attachment":"scroll","background-type":"","background-media":"","overlay-type":"","overlay-color":"","overlay-opacity":"","overlay-gradient":""},"mobile":{"background-color":"","background-image":"","background-repeat":"repeat","background-position":"center center","background-size":"auto","background-attachment":"scroll","background-type":"","background-media":"","overlay-type":"","overlay-color":"","overlay-opacity":"","overlay-gradient":""}},"ast-content-background-meta":{"desktop":{"background-color":"var(--ast-global-color-5)","background-image":"","background-repeat":"repeat","background-position":"center center","background-size":"auto","background-attachment":"scroll","background-type":"","background-media":"","overlay-type":"","overlay-color":"","overlay-opacity":"","overlay-gradient":""},"tablet":{"background-color":"var(--ast-global-color-5)","background-image":"","background-repeat":"repeat","background-position":"center center","background-size":"auto","background-attachment":"scroll","background-type":"","background-media":"","overlay-type":"","overlay-color":"","overlay-opacity":"","overlay-gradient":""},"mobile":{"background-color":"var(--ast-global-color-5)","background-image":"","background-repeat":"repeat","background-position":"center center","background-size":"auto","background-attachment":"scroll","background-type":"","background-media":"","overlay-type":"","overlay-color":"","overlay-opacity":"","overlay-gradient":""}},"footnotes":""},"class_list":["post-3340","page","type-page","status-publish","hentry"],"aioseo_notices":[],"a3_pvc":{"activated":false,"total_views":0,"today_views":0},"_links":{"self":[{"href":"https:\/\/afvan.com\/index.php\/wp-json\/wp\/v2\/pages\/3340","targetHints":{"allow":["GET"]}}],"collection":[{"href":"https:\/\/afvan.com\/index.php\/wp-json\/wp\/v2\/pages"}],"about":[{"href":"https:\/\/afvan.com\/index.php\/wp-json\/wp\/v2\/types\/page"}],"author":[{"embeddable":true,"href":"https:\/\/afvan.com\/index.php\/wp-json\/wp\/v2\/users\/1"}],"replies":[{"embeddable":true,"href":"https:\/\/afvan.com\/index.php\/wp-json\/wp\/v2\/comments?post=3340"}],"version-history":[{"count":4,"href":"https:\/\/afvan.com\/index.php\/wp-json\/wp\/v2\/pages\/3340\/revisions"}],"predecessor-version":[{"id":3351,"href":"https:\/\/afvan.com\/index.php\/wp-json\/wp\/v2\/pages\/3340\/revisions\/3351"}],"wp:attachment":[{"href":"https:\/\/afvan.com\/index.php\/wp-json\/wp\/v2\/media?parent=3340"}],"curies":[{"name":"wp","href":"https:\/\/api.w.org\/{rel}","templated":true}]}}

Pablo Picasso &#038; Françoise Gilot

<div data-elementor-type="wp-page" data-elementor-id="3340" class="elementor elementor-3340" data-elementor-post-type="page">
				<div class="elementor-element elementor-element-0c87bc9 e-flex e-con-boxed wpr-particle-no wpr-jarallax-no wpr-parallax-no wpr-sticky-section-no wpr-equal-height-no e-con e-parent" data-id="0c87bc9" data-element_type="container" data-e-type="container">
					<div class="e-con-inner">
				<div class="elementor-element elementor-element-9c087ca elementor-widget elementor-widget-heading" data-id="9c087ca" data-element_type="widget" data-e-type="widget" data-widget_type="heading.default">
				<div class="elementor-widget-container">
					<h2 class="elementor-heading-title elementor-size-default">Pablo Picasso &amp; Françoise Gilot</h2>				</div>
				</div>
					</div>
				</div>
		<div class="elementor-element elementor-element-743d9da e-flex e-con-boxed wpr-particle-no wpr-jarallax-no wpr-parallax-no wpr-sticky-section-no wpr-equal-height-no e-con e-parent" data-id="743d9da" data-element_type="container" data-e-type="container">
					<div class="e-con-inner">
				<div class="elementor-element elementor-element-ee92f90 elementor-widget elementor-widget-text-editor" data-id="ee92f90" data-element_type="widget" data-e-type="widget" data-widget_type="text-editor.default">
				<div class="elementor-widget-container">
									<p>Les primeres fotografies de Robert Capa en color:</p><p>Els inicis en la tècnica del color no varen ser fàcils. Utilitzant ja teleobjectius de 200 mm va capturar imatges increïbles de nenes islàmiques a les platges de Dar es Salaam a Tanzània, la gent anava vestida amb colors molt vius.</p><p>Era una platja on els nadius adults vigilaven els seus petits, eren gairebé els únics que gaudien de les aigües de l&#8217;Oceà Pacífic.</p><p>Tots es mantenien vestits, els adults que vigilaven i els nens i les nenes que es banyaven.</p><p>En la postproducció de les imatges, Robert Capa, es va dedicar de desenfocar el fons, molt més encara, sense que quedés anul·lat per complet la visió que existia al darrere.</p><p>Malgrat això, el caos de colors, repartits per tot l&#8217;enquadrament, encara perjudicava la nitidesa del missatge de la fotografia.</p><p>Succeeix que, a més, la diapositiva, pel·lícula que usava Capa per als seus reportatges, posseeix un rang dinàmic molt curt, més curt que el de la pel·lícula i el seu contrast és també més gran.</p><p>Les fotografies que Robert Capa va fer a Pablo Picasso, no varen agradar, no per la seva profusió de colors com per la manca d&#8217;impacte de les instantànies per culpa del color. Les seves fotos en color sobre Picasso van ser rebutjades per dues revistes històriques: Look i Ilustrated.</p><p>Tot i això, d&#8217;un bon fotògraf sempre surt alguna cosa bona. Una de les fotografies més famoses de Capa és la de Picasso sostenint un para-sol sobre la seva xicota Françoise Gilot, per descomptat, en blanc i negre. Recordem que abans si les fotos es disparaven en color, podien ampliar-se en blanc i negre, però les fotografies disparades amb una pel·lícula en blanc i negre&#8230; només podien ser pintades si volíem veure-les en color.</p><p> </p><p>Bibliografia:</p><ul><li>Bases de dades acadèmiques: bases de dades com JSTOR, PubMed, o Google Scholar per cercar articles acadèmics relacionats amb Robert Capa i del seu inici amb la fotografia en color.</li><li>Revistes especialitzades en fotografia i història: revistes especialitzades en fotografia i estudis històrics, &#8220;La fotografia es mi pasión&#8221; de Xisco Fuster i recerca pròpia.</li></ul><p> </p><p>La Massana Desembre del 2023.</p><p>Lluís Miquel Pérez – Associació Fotogràfica Valls del Nord</p>								</div>
				</div>
					</div>
				</div>
				</div>

<p>Pablo Picasso &#038; Françoise Gilot Les primeres fotografies de Robert Capa en color: Els inicis en la tècnica del color no varen ser fàcils. Utilitzant ja teleobjectius de 200 mm va capturar imatges increïbles de nenes islàmiques a les platges de Dar es Salaam a Tanzània, la gent anava vestida amb colors molt vius. Era una platja on els nadius adults vigilaven els seus petits, eren gairebé els únics que gaudien de les aigües de l&#8217;Oceà Pacífic. Tots es mantenien vestits, els adults que vigilaven i els nens i les nenes que es banyaven. En la postproducció de les imatges, Robert Capa, es va dedicar de desenfocar el fons, molt més encara, sense que quedés anul·lat per complet la visió que existia al darrere. Malgrat això, el caos de colors, repartits per tot l&#8217;enquadrament, encara perjudicava la nitidesa del missatge de la fotografia. Succeeix que, a més, la diapositiva, pel·lícula que usava Capa per als seus reportatges, posseeix un rang dinàmic molt curt, més curt que el de la pel·lícula i el seu contrast és també més gran. Les fotografies que Robert Capa va fer a Pablo Picasso, no varen agradar, no per la seva profusió de colors com per la manca d&#8217;impacte de les instantànies per culpa del color. Les seves fotos en color sobre Picasso van ser rebutjades per dues revistes històriques: Look i Ilustrated. Tot i això, d&#8217;un bon fotògraf sempre surt alguna cosa bona. Una de les fotografies més famoses de Capa és la de Picasso sostenint un para-sol sobre la seva xicota Françoise Gilot, per descomptat, en blanc i negre. Recordem que abans si les fotos es disparaven en color, podien ampliar-se en blanc i negre, però les fotografies disparades amb una pel·lícula en blanc i negre&#8230; només podien ser pintades si volíem veure-les en color.   Bibliografia: Bases de dades acadèmiques: bases de dades com JSTOR, PubMed, o Google Scholar per cercar articles acadèmics relacionats amb Robert Capa i del seu inici amb la fotografia en color. Revistes especialitzades en fotografia i història: revistes especialitzades en fotografia i estudis històrics, &#8220;La fotografia es mi pasión&#8221; de Xisco Fuster i recerca pròpia.   La Massana Desembre del 2023. Lluís Miquel Pérez – Associació Fotogràfica Valls del Nord</p>
