{"id":3715,"date":"2024-02-01T20:55:14","date_gmt":"2024-02-01T19:55:14","guid":{"rendered":"https:\/\/afvan.com\/?page_id=3715"},"modified":"2024-02-06T20:03:05","modified_gmt":"2024-02-06T19:03:05","slug":"darrere-de-la-gare","status":"publish","type":"page","link":"https:\/\/afvan.com\/index.php\/darrere-de-la-gare\/","title":{"rendered":"Darrere de la Gare"},"content":{"rendered":"\t\t<div data-elementor-type=\"wp-page\" data-elementor-id=\"3715\" class=\"elementor elementor-3715\" data-elementor-post-type=\"page\">\n\t\t\t\t<div class=\"elementor-element elementor-element-0c87bc9 e-flex e-con-boxed wpr-particle-no wpr-jarallax-no wpr-parallax-no wpr-sticky-section-no wpr-equal-height-no e-con e-parent\" data-id=\"0c87bc9\" data-element_type=\"container\" data-e-type=\"container\">\n\t\t\t\t\t<div class=\"e-con-inner\">\n\t\t\t\t<div class=\"elementor-element elementor-element-9c087ca elementor-widget elementor-widget-heading\" data-id=\"9c087ca\" data-element_type=\"widget\" data-e-type=\"widget\" data-widget_type=\"heading.default\">\n\t\t\t\t<div class=\"elementor-widget-container\">\n\t\t\t\t\t<h2 class=\"elementor-heading-title elementor-size-default\">Darrere de la \u201cGare Saint-Lazare\u201d<\/h2>\t\t\t\t<\/div>\n\t\t\t\t<\/div>\n\t\t\t\t\t<\/div>\n\t\t\t\t<\/div>\n\t\t<div class=\"elementor-element elementor-element-743d9da e-flex e-con-boxed wpr-particle-no wpr-jarallax-no wpr-parallax-no wpr-sticky-section-no wpr-equal-height-no e-con e-parent\" data-id=\"743d9da\" data-element_type=\"container\" data-e-type=\"container\">\n\t\t\t\t\t<div class=\"e-con-inner\">\n\t\t\t\t<div class=\"elementor-element elementor-element-ee92f90 elementor-widget elementor-widget-text-editor\" data-id=\"ee92f90\" data-element_type=\"widget\" data-e-type=\"widget\" data-widget_type=\"text-editor.default\">\n\t\t\t\t<div class=\"elementor-widget-container\">\n\t\t\t\t\t\t\t\t\t<p>Darrere de la \u201cGare Saint-Lazare\u201d \u00e9s una fotografia presa per Henri Cartier-Bresson en l\u2019any 1932. \u00c9s una de les fotografies m\u00e9s famoses de Cartier-Bresson i es considera una obra mestra de la fotografia de carrer.<\/p><p>La fotografia mostra a un home saltant sobre un toll d&#8217;aigua al carrer darrere de la Gare Saint-Lazare a Par\u00eds. L&#8217;home porta un vestit i barret tipus Stetson, est\u00e0 mirant cap a la c\u00e0mera i sembla estar somrient. Aquesta fotografia es considera una obra mestra de la fotografia de carrer.<\/p><p><strong><span style=\"text-decoration: underline;\">An\u00e0lisi t\u00e9cnica de la fotograf\u00eda:<\/span><\/strong><\/p><p>La fotografia \u00e9s notable per la seva composici\u00f3 i el seu \u00fas de la llum i l&#8217;ombra. Cartier-Bresson va utilitzar una c\u00e0mera Leica I de 35 mm per a prendre la fotografia, la qual cosa li va permetre capturar el moment de manera espont\u00e0nia. La fotografia tamb\u00e9 est\u00e0 ben il\u00b7luminada, la qual cosa ajuda a ressaltar els detalls de l&#8217;escena.<\/p><p><img decoding=\"async\" class=\" wp-image-3720 alignnone\" src=\"https:\/\/afvan.com\/wp-content\/uploads\/2024\/02\/Leica.jpg\" alt=\"\" width=\"190\" height=\"164\" \/>Leica I (Primera edici\u00f3 de l\u2019any 1925).<\/p><p><strong><span style=\"text-decoration: underline;\">Concepte aplicat per Cartier-Bresson:<\/span><\/strong><\/p><p>\u00abPrendre fotografies significa recon\u00e8ixer, simult\u00e0niament i dins d&#8217;una fracci\u00f3 de segon, tant el fet mateix com la rigorosa organitzaci\u00f3 de formes visualment percebudes que li donen sentit. \u00c9s posar el cap, l&#8217;ull i el cor sobre un mateix eix\u201d.<\/p><p><strong><span style=\"text-decoration: underline;\">Bibliografia:<\/span><\/strong><\/p><ul><li>\u201cThe imagen\u201d i \u201cWordpress\u201d<\/li><\/ul><p>La Massana, febrer de 2024<\/p><p>Llu\u00eds Miquel P\u00e9rez \u2013 Associaci\u00f3 Fotogr\u00e0fica Valls del Nord.<\/p>\t\t\t\t\t\t\t\t<\/div>\n\t\t\t\t<\/div>\n\t\t\t\t\t<\/div>\n\t\t\t\t<\/div>\n\t\t\t\t<\/div>\n\t\t","protected":false},"excerpt":{"rendered":"<p>Darrere de la \u201cGare Saint-Lazare\u201d Darrere de la \u201cGare Saint-Lazare\u201d \u00e9s una fotografia presa per Henri Cartier-Bresson en l\u2019any 1932. \u00c9s una de les fotografies m\u00e9s famoses de Cartier-Bresson i es considera una obra mestra de la fotografia de carrer. La fotografia mostra a un home saltant sobre un toll d&#8217;aigua al carrer darrere de la Gare Saint-Lazare a Par\u00eds. L&#8217;home porta un vestit i barret tipus Stetson, est\u00e0 mirant cap a la c\u00e0mera i sembla estar somrient. Aquesta fotografia es considera una obra mestra de la fotografia de carrer. An\u00e0lisi t\u00e9cnica de la fotograf\u00eda: La fotografia \u00e9s notable per la seva composici\u00f3 i el seu \u00fas de la llum i l&#8217;ombra. Cartier-Bresson va utilitzar una c\u00e0mera Leica I de 35 mm per a prendre la fotografia, la qual cosa li va permetre capturar el moment de manera espont\u00e0nia. La fotografia tamb\u00e9 est\u00e0 ben il\u00b7luminada, la qual cosa ajuda a ressaltar els detalls de l&#8217;escena. Leica I (Primera edici\u00f3 de l\u2019any 1925). Concepte aplicat per Cartier-Bresson: \u00abPrendre fotografies significa recon\u00e8ixer, simult\u00e0niament i dins d&#8217;una fracci\u00f3 de segon, tant el fet mateix com la rigorosa organitzaci\u00f3 de formes visualment percebudes que li donen sentit. \u00c9s posar el cap, l&#8217;ull i el cor sobre un mateix eix\u201d. Bibliografia: \u201cThe imagen\u201d i \u201cWordpress\u201d La Massana, febrer de 2024 Llu\u00eds Miquel P\u00e9rez \u2013 Associaci\u00f3 Fotogr\u00e0fica Valls del Nord.<\/p>\n","protected":false},"author":1,"featured_media":0,"parent":0,"menu_order":0,"comment_status":"closed","ping_status":"closed","template":"","meta":{"site-sidebar-layout":"no-sidebar","site-content-layout":"page-builder","ast-site-content-layout":"full-width-container","site-content-style":"default","site-sidebar-style":"default","ast-global-header-display":"","ast-banner-title-visibility":"","ast-main-header-display":"","ast-hfb-above-header-display":"","ast-hfb-below-header-display":"","ast-hfb-mobile-header-display":"","site-post-title":"disabled","ast-breadcrumbs-content":"","ast-featured-img":"disabled","footer-sml-layout":"","ast-disable-related-posts":"","theme-transparent-header-meta":"","adv-header-id-meta":"","stick-header-meta":"","header-above-stick-meta":"","header-main-stick-meta":"","header-below-stick-meta":"","astra-migrate-meta-layouts":"set","ast-page-background-enabled":"default","ast-page-background-meta":{"desktop":{"background-color":"var(--ast-global-color-4)","background-image":"","background-repeat":"repeat","background-position":"center center","background-size":"auto","background-attachment":"scroll","background-type":"","background-media":"","overlay-type":"","overlay-color":"","overlay-opacity":"","overlay-gradient":""},"tablet":{"background-color":"","background-image":"","background-repeat":"repeat","background-position":"center center","background-size":"auto","background-attachment":"scroll","background-type":"","background-media":"","overlay-type":"","overlay-color":"","overlay-opacity":"","overlay-gradient":""},"mobile":{"background-color":"","background-image":"","background-repeat":"repeat","background-position":"center center","background-size":"auto","background-attachment":"scroll","background-type":"","background-media":"","overlay-type":"","overlay-color":"","overlay-opacity":"","overlay-gradient":""}},"ast-content-background-meta":{"desktop":{"background-color":"var(--ast-global-color-5)","background-image":"","background-repeat":"repeat","background-position":"center center","background-size":"auto","background-attachment":"scroll","background-type":"","background-media":"","overlay-type":"","overlay-color":"","overlay-opacity":"","overlay-gradient":""},"tablet":{"background-color":"var(--ast-global-color-5)","background-image":"","background-repeat":"repeat","background-position":"center center","background-size":"auto","background-attachment":"scroll","background-type":"","background-media":"","overlay-type":"","overlay-color":"","overlay-opacity":"","overlay-gradient":""},"mobile":{"background-color":"var(--ast-global-color-5)","background-image":"","background-repeat":"repeat","background-position":"center center","background-size":"auto","background-attachment":"scroll","background-type":"","background-media":"","overlay-type":"","overlay-color":"","overlay-opacity":"","overlay-gradient":""}},"footnotes":""},"class_list":["post-3715","page","type-page","status-publish","hentry"],"aioseo_notices":[],"a3_pvc":{"activated":false,"total_views":0,"today_views":0},"_links":{"self":[{"href":"https:\/\/afvan.com\/index.php\/wp-json\/wp\/v2\/pages\/3715","targetHints":{"allow":["GET"]}}],"collection":[{"href":"https:\/\/afvan.com\/index.php\/wp-json\/wp\/v2\/pages"}],"about":[{"href":"https:\/\/afvan.com\/index.php\/wp-json\/wp\/v2\/types\/page"}],"author":[{"embeddable":true,"href":"https:\/\/afvan.com\/index.php\/wp-json\/wp\/v2\/users\/1"}],"replies":[{"embeddable":true,"href":"https:\/\/afvan.com\/index.php\/wp-json\/wp\/v2\/comments?post=3715"}],"version-history":[{"count":28,"href":"https:\/\/afvan.com\/index.php\/wp-json\/wp\/v2\/pages\/3715\/revisions"}],"predecessor-version":[{"id":3891,"href":"https:\/\/afvan.com\/index.php\/wp-json\/wp\/v2\/pages\/3715\/revisions\/3891"}],"wp:attachment":[{"href":"https:\/\/afvan.com\/index.php\/wp-json\/wp\/v2\/media?parent=3715"}],"curies":[{"name":"wp","href":"https:\/\/api.w.org\/{rel}","templated":true}]}}