{"id":3857,"date":"2024-02-06T19:45:38","date_gmt":"2024-02-06T18:45:38","guid":{"rendered":"https:\/\/afvan.com\/?page_id=3857"},"modified":"2024-02-06T19:49:53","modified_gmt":"2024-02-06T18:49:53","slug":"rue-mouffetard","status":"publish","type":"page","link":"https:\/\/afvan.com\/index.php\/rue-mouffetard\/","title":{"rendered":"Rue Mouffetard"},"content":{"rendered":"\t\t<div data-elementor-type=\"wp-page\" data-elementor-id=\"3857\" class=\"elementor elementor-3857\" data-elementor-post-type=\"page\">\n\t\t\t\t<div class=\"elementor-element elementor-element-0c87bc9 e-flex e-con-boxed wpr-particle-no wpr-jarallax-no wpr-parallax-no wpr-sticky-section-no wpr-equal-height-no e-con e-parent\" data-id=\"0c87bc9\" data-element_type=\"container\" data-e-type=\"container\">\n\t\t\t\t\t<div class=\"e-con-inner\">\n\t\t\t\t<div class=\"elementor-element elementor-element-9c087ca elementor-widget elementor-widget-heading\" data-id=\"9c087ca\" data-element_type=\"widget\" data-e-type=\"widget\" data-widget_type=\"heading.default\">\n\t\t\t\t<div class=\"elementor-widget-container\">\n\t\t\t\t\t<h2 class=\"elementor-heading-title elementor-size-default\">Rue Mouffetard<\/h2>\t\t\t\t<\/div>\n\t\t\t\t<\/div>\n\t\t\t\t\t<\/div>\n\t\t\t\t<\/div>\n\t\t<div class=\"elementor-element elementor-element-743d9da e-flex e-con-boxed wpr-particle-no wpr-jarallax-no wpr-parallax-no wpr-sticky-section-no wpr-equal-height-no e-con e-parent\" data-id=\"743d9da\" data-element_type=\"container\" data-e-type=\"container\">\n\t\t\t\t\t<div class=\"e-con-inner\">\n\t\t\t\t<div class=\"elementor-element elementor-element-ee92f90 elementor-widget elementor-widget-text-editor\" data-id=\"ee92f90\" data-element_type=\"widget\" data-e-type=\"widget\" data-widget_type=\"text-editor.default\">\n\t\t\t\t<div class=\"elementor-widget-container\">\n\t\t\t\t\t\t\t\t\t<p>Henri Cartier-Bresson va fer en 1954 aquesta magnifica foto que hauria de representar el passat, el present i el futur del vi. La imatge es titula simplement &#8220;Rue Mouffetard&#8221; i mostra a un nen carregant dues ampolles de vi gaireb\u00e9 tan grans com el seu tors. Una meravellosa escena quotidiana. La cara del xaval \u00e9s hipn\u00f2tica; la seva expressi\u00f3, feli\u00e7, innocent i entremaliada al mateix temps. Est\u00e0 atrafegat amb alguna cosa que en l&#8217;\u00e8poca havia de ser el m\u00e9s normal. Un nen portant vi, per\u00f2 on? Aix\u00f2 \u00e9s el primer que ens preguntem en veure aquesta imatge. Potser a casa seva, o al treball del seu pare. En aquells dies, el vi era la beguda per excel\u00b7l\u00e8ncia dels treballadors. Abans de la Segona Guerra Mundial algunes f\u00e0briques i tallers de Fran\u00e7a pagaven part del jornal en vi: un litre diari per a cada obrer. En l&#8217;\u00e8poca de la foto aix\u00f2 ja no era tan freq\u00fcent. L&#8217;estat del benestar avan\u00e7ava i, amb ell, arribaven nous aires en l&#8217;\u00e0mbit de la salut p\u00fablica. De fet, en la d\u00e8cada dels 50 es comen\u00e7a a q\u00fcestionar un costum molt arrelat a les escoles: donar vi als menors. En l\u2019any 1956, un decret del govern franc\u00e8s prohibeix aquest subministrament fins que els alumnes no hagin complert els 14 anys.<\/p><p><strong><span style=\"text-decoration: underline;\">An\u00e0lisi t\u00e8cnica de la fotografia:<\/span><\/strong><\/p><p>La composici\u00f3 d&#8217;aquesta foto \u00e9s molt senzilla, centrant-se en el nen. No segueix la regla dels ter\u00e7os, ja que el focus principal est\u00e0 al mig. El fot\u00f2graf va utilitzar la llum natural en la seva fotografia, donant a la foto un to natural. La foto es va prendre des de dalt del nivell de l&#8217;ull\/ des d&#8217;un angle m\u00e9s alt del noi. L&#8217;estat d&#8217;\u00e0nim de la foto \u00e9s molt delici\u00f3s i relaxat, perqu\u00e8 el to de la foto \u00e9s lleuger i natural. Henri Cartier-Bresson era conegut per la seva col\u00b7lecci\u00f3 &#8220;The Decisive Moment&#8221; i va dir que es mantindria en un lloc durant un llarg per\u00edode de temps amb la seva c\u00e0mera i esperaria que pass\u00e9s alguna cosa interessant. Quan va veure una cosa interessant, va fer la foto. No cercava els temes de les \u00a0seves fotografies, esperava que sorgissin, i \u00e9s probablement per aix\u00f2 que l&#8217;estat d&#8217;\u00e0nim de les seves fotografies, inclosa la de la Rue Mouffetard, es mostren com a fotografies molt relaxants i humor\u00edstiques.<\/p><p><strong><span style=\"text-decoration: underline;\">An\u00e8cdota:<\/span><\/strong><\/p><p>El nen es deia Michel Gabriel i de gran va mantenir el contacte amb Henri Cartier-Bresson. Hi ha una divertida an\u00e8cdota que explica com el fot\u00f2graf, ja octogenari, es va presentar a la festa del 50 aniversari de Michel amb una ampolla en cada m\u00e0 i imitant la posa i el gest de la fotografia. Poc despr\u00e9s, Cartier-Bresson va deixar escrit que, en realitat, les ampolles que el nen Michel portava no contenien vi sin\u00f3 &#8220;aigua de pluja&#8221;. Sempre ens quedarem amb el dubte i aquesta ser\u00e0, per sempre, l\u2019enigma d&#8217;aquesta foto inoblidable.<\/p><p><strong><span style=\"text-decoration: underline;\">Bibliografia:<\/span><\/strong><\/p><p>Photography and digital media Kerry i Muriel Wines.<\/p><p>La Massana, gener de 2024<\/p><p>Llu\u00eds Miquel P\u00e9rez \u2013 Associaci\u00f3 Fotogr\u00e0fica Valls del Nord.<\/p>\t\t\t\t\t\t\t\t<\/div>\n\t\t\t\t<\/div>\n\t\t\t\t\t<\/div>\n\t\t\t\t<\/div>\n\t\t\t\t<\/div>\n\t\t","protected":false},"excerpt":{"rendered":"<p>Rue Mouffetard Henri Cartier-Bresson va fer en 1954 aquesta magnifica foto que hauria de representar el passat, el present i el futur del vi. La imatge es titula simplement &#8220;Rue Mouffetard&#8221; i mostra a un nen carregant dues ampolles de vi gaireb\u00e9 tan grans com el seu tors. Una meravellosa escena quotidiana. La cara del xaval \u00e9s hipn\u00f2tica; la seva expressi\u00f3, feli\u00e7, innocent i entremaliada al mateix temps. Est\u00e0 atrafegat amb alguna cosa que en l&#8217;\u00e8poca havia de ser el m\u00e9s normal. Un nen portant vi, per\u00f2 on? Aix\u00f2 \u00e9s el primer que ens preguntem en veure aquesta imatge. Potser a casa seva, o al treball del seu pare. En aquells dies, el vi era la beguda per excel\u00b7l\u00e8ncia dels treballadors. Abans de la Segona Guerra Mundial algunes f\u00e0briques i tallers de Fran\u00e7a pagaven part del jornal en vi: un litre diari per a cada obrer. En l&#8217;\u00e8poca de la foto aix\u00f2 ja no era tan freq\u00fcent. L&#8217;estat del benestar avan\u00e7ava i, amb ell, arribaven nous aires en l&#8217;\u00e0mbit de la salut p\u00fablica. De fet, en la d\u00e8cada dels 50 es comen\u00e7a a q\u00fcestionar un costum molt arrelat a les escoles: donar vi als menors. En l\u2019any 1956, un decret del govern franc\u00e8s prohibeix aquest subministrament fins que els alumnes no hagin complert els 14 anys. An\u00e0lisi t\u00e8cnica de la fotografia: La composici\u00f3 d&#8217;aquesta foto \u00e9s molt senzilla, centrant-se en el nen. No segueix la regla dels ter\u00e7os, ja que el focus principal est\u00e0 al mig. El fot\u00f2graf va utilitzar la llum natural en la seva fotografia, donant a la foto un to natural. La foto es va prendre des de dalt del nivell de l&#8217;ull\/ des d&#8217;un angle m\u00e9s alt del noi. L&#8217;estat d&#8217;\u00e0nim de la foto \u00e9s molt delici\u00f3s i relaxat, perqu\u00e8 el to de la foto \u00e9s lleuger i natural. Henri Cartier-Bresson era conegut per la seva col\u00b7lecci\u00f3 &#8220;The Decisive Moment&#8221; i va dir que es mantindria en un lloc durant un llarg per\u00edode de temps amb la seva c\u00e0mera i esperaria que pass\u00e9s alguna cosa interessant. Quan va veure una cosa interessant, va fer la foto. No cercava els temes de les \u00a0seves fotografies, esperava que sorgissin, i \u00e9s probablement per aix\u00f2 que l&#8217;estat d&#8217;\u00e0nim de les seves fotografies, inclosa la de la Rue Mouffetard, es mostren com a fotografies molt relaxants i humor\u00edstiques. An\u00e8cdota: El nen es deia Michel Gabriel i de gran va mantenir el contacte amb Henri Cartier-Bresson. Hi ha una divertida an\u00e8cdota que explica com el fot\u00f2graf, ja octogenari, es va presentar a la festa del 50 aniversari de Michel amb una ampolla en cada m\u00e0 i imitant la posa i el gest de la fotografia. Poc despr\u00e9s, Cartier-Bresson va deixar escrit que, en realitat, les ampolles que el nen Michel portava no contenien vi sin\u00f3 &#8220;aigua de pluja&#8221;. Sempre ens quedarem amb el dubte i aquesta ser\u00e0, per sempre, l\u2019enigma d&#8217;aquesta foto inoblidable. Bibliografia: Photography and digital media Kerry i Muriel Wines. La Massana, gener de 2024 Llu\u00eds Miquel P\u00e9rez \u2013 Associaci\u00f3 Fotogr\u00e0fica Valls del Nord.<\/p>\n","protected":false},"author":1,"featured_media":0,"parent":0,"menu_order":0,"comment_status":"closed","ping_status":"closed","template":"","meta":{"site-sidebar-layout":"no-sidebar","site-content-layout":"page-builder","ast-site-content-layout":"full-width-container","site-content-style":"default","site-sidebar-style":"default","ast-global-header-display":"","ast-banner-title-visibility":"","ast-main-header-display":"","ast-hfb-above-header-display":"","ast-hfb-below-header-display":"","ast-hfb-mobile-header-display":"","site-post-title":"disabled","ast-breadcrumbs-content":"","ast-featured-img":"disabled","footer-sml-layout":"","ast-disable-related-posts":"","theme-transparent-header-meta":"","adv-header-id-meta":"","stick-header-meta":"","header-above-stick-meta":"","header-main-stick-meta":"","header-below-stick-meta":"","astra-migrate-meta-layouts":"set","ast-page-background-enabled":"default","ast-page-background-meta":{"desktop":{"background-color":"var(--ast-global-color-4)","background-image":"","background-repeat":"repeat","background-position":"center center","background-size":"auto","background-attachment":"scroll","background-type":"","background-media":"","overlay-type":"","overlay-color":"","overlay-opacity":"","overlay-gradient":""},"tablet":{"background-color":"","background-image":"","background-repeat":"repeat","background-position":"center center","background-size":"auto","background-attachment":"scroll","background-type":"","background-media":"","overlay-type":"","overlay-color":"","overlay-opacity":"","overlay-gradient":""},"mobile":{"background-color":"","background-image":"","background-repeat":"repeat","background-position":"center center","background-size":"auto","background-attachment":"scroll","background-type":"","background-media":"","overlay-type":"","overlay-color":"","overlay-opacity":"","overlay-gradient":""}},"ast-content-background-meta":{"desktop":{"background-color":"var(--ast-global-color-5)","background-image":"","background-repeat":"repeat","background-position":"center center","background-size":"auto","background-attachment":"scroll","background-type":"","background-media":"","overlay-type":"","overlay-color":"","overlay-opacity":"","overlay-gradient":""},"tablet":{"background-color":"var(--ast-global-color-5)","background-image":"","background-repeat":"repeat","background-position":"center center","background-size":"auto","background-attachment":"scroll","background-type":"","background-media":"","overlay-type":"","overlay-color":"","overlay-opacity":"","overlay-gradient":""},"mobile":{"background-color":"var(--ast-global-color-5)","background-image":"","background-repeat":"repeat","background-position":"center center","background-size":"auto","background-attachment":"scroll","background-type":"","background-media":"","overlay-type":"","overlay-color":"","overlay-opacity":"","overlay-gradient":""}},"footnotes":""},"class_list":["post-3857","page","type-page","status-publish","hentry"],"aioseo_notices":[],"a3_pvc":{"activated":false,"total_views":0,"today_views":0},"_links":{"self":[{"href":"https:\/\/afvan.com\/index.php\/wp-json\/wp\/v2\/pages\/3857","targetHints":{"allow":["GET"]}}],"collection":[{"href":"https:\/\/afvan.com\/index.php\/wp-json\/wp\/v2\/pages"}],"about":[{"href":"https:\/\/afvan.com\/index.php\/wp-json\/wp\/v2\/types\/page"}],"author":[{"embeddable":true,"href":"https:\/\/afvan.com\/index.php\/wp-json\/wp\/v2\/users\/1"}],"replies":[{"embeddable":true,"href":"https:\/\/afvan.com\/index.php\/wp-json\/wp\/v2\/comments?post=3857"}],"version-history":[{"count":7,"href":"https:\/\/afvan.com\/index.php\/wp-json\/wp\/v2\/pages\/3857\/revisions"}],"predecessor-version":[{"id":3869,"href":"https:\/\/afvan.com\/index.php\/wp-json\/wp\/v2\/pages\/3857\/revisions\/3869"}],"wp:attachment":[{"href":"https:\/\/afvan.com\/index.php\/wp-json\/wp\/v2\/media?parent=3857"}],"curies":[{"name":"wp","href":"https:\/\/api.w.org\/{rel}","templated":true}]}}

<div data-elementor-type="wp-page" data-elementor-id="3857" class="elementor elementor-3857" data-elementor-post-type="page">
				<div class="elementor-element elementor-element-0c87bc9 e-flex e-con-boxed wpr-particle-no wpr-jarallax-no wpr-parallax-no wpr-sticky-section-no wpr-equal-height-no e-con e-parent" data-id="0c87bc9" data-element_type="container" data-e-type="container">
					<div class="e-con-inner">
				<div class="elementor-element elementor-element-9c087ca elementor-widget elementor-widget-heading" data-id="9c087ca" data-element_type="widget" data-e-type="widget" data-widget_type="heading.default">
				<div class="elementor-widget-container">
					<h2 class="elementor-heading-title elementor-size-default">Rue Mouffetard</h2>				</div>
				</div>
					</div>
				</div>
		<div class="elementor-element elementor-element-743d9da e-flex e-con-boxed wpr-particle-no wpr-jarallax-no wpr-parallax-no wpr-sticky-section-no wpr-equal-height-no e-con e-parent" data-id="743d9da" data-element_type="container" data-e-type="container">
					<div class="e-con-inner">
				<div class="elementor-element elementor-element-ee92f90 elementor-widget elementor-widget-text-editor" data-id="ee92f90" data-element_type="widget" data-e-type="widget" data-widget_type="text-editor.default">
				<div class="elementor-widget-container">
									<p>Henri Cartier-Bresson va fer en 1954 aquesta magnifica foto que hauria de representar el passat, el present i el futur del vi. La imatge es titula simplement &#8220;Rue Mouffetard&#8221; i mostra a un nen carregant dues ampolles de vi gairebé tan grans com el seu tors. Una meravellosa escena quotidiana. La cara del xaval és hipnòtica; la seva expressió, feliç, innocent i entremaliada al mateix temps. Està atrafegat amb alguna cosa que en l&#8217;època havia de ser el més normal. Un nen portant vi, però on? Això és el primer que ens preguntem en veure aquesta imatge. Potser a casa seva, o al treball del seu pare. En aquells dies, el vi era la beguda per excel·lència dels treballadors. Abans de la Segona Guerra Mundial algunes fàbriques i tallers de França pagaven part del jornal en vi: un litre diari per a cada obrer. En l&#8217;època de la foto això ja no era tan freqüent. L&#8217;estat del benestar avançava i, amb ell, arribaven nous aires en l&#8217;àmbit de la salut pública. De fet, en la dècada dels 50 es comença a qüestionar un costum molt arrelat a les escoles: donar vi als menors. En l’any 1956, un decret del govern francès prohibeix aquest subministrament fins que els alumnes no hagin complert els 14 anys.</p><p><strong><span style="text-decoration: underline;">Anàlisi tècnica de la fotografia:</span></strong></p><p>La composició d&#8217;aquesta foto és molt senzilla, centrant-se en el nen. No segueix la regla dels terços, ja que el focus principal està al mig. El fotògraf va utilitzar la llum natural en la seva fotografia, donant a la foto un to natural. La foto es va prendre des de dalt del nivell de l&#8217;ull/ des d&#8217;un angle més alt del noi. L&#8217;estat d&#8217;ànim de la foto és molt deliciós i relaxat, perquè el to de la foto és lleuger i natural. Henri Cartier-Bresson era conegut per la seva col·lecció &#8220;The Decisive Moment&#8221; i va dir que es mantindria en un lloc durant un llarg període de temps amb la seva càmera i esperaria que passés alguna cosa interessant. Quan va veure una cosa interessant, va fer la foto. No cercava els temes de les  seves fotografies, esperava que sorgissin, i és probablement per això que l&#8217;estat d&#8217;ànim de les seves fotografies, inclosa la de la Rue Mouffetard, es mostren com a fotografies molt relaxants i humorístiques.</p><p><strong><span style="text-decoration: underline;">Anècdota:</span></strong></p><p>El nen es deia Michel Gabriel i de gran va mantenir el contacte amb Henri Cartier-Bresson. Hi ha una divertida anècdota que explica com el fotògraf, ja octogenari, es va presentar a la festa del 50 aniversari de Michel amb una ampolla en cada mà i imitant la posa i el gest de la fotografia. Poc després, Cartier-Bresson va deixar escrit que, en realitat, les ampolles que el nen Michel portava no contenien vi sinó &#8220;aigua de pluja&#8221;. Sempre ens quedarem amb el dubte i aquesta serà, per sempre, l’enigma d&#8217;aquesta foto inoblidable.</p><p><strong><span style="text-decoration: underline;">Bibliografia:</span></strong></p><p>Photography and digital media Kerry i Muriel Wines.</p><p>La Massana, gener de 2024</p><p>Lluís Miquel Pérez – Associació Fotogràfica Valls del Nord.</p>								</div>
				</div>
					</div>
				</div>
				</div>

<p>Rue Mouffetard Henri Cartier-Bresson va fer en 1954 aquesta magnifica foto que hauria de representar el passat, el present i el futur del vi. La imatge es titula simplement &#8220;Rue Mouffetard&#8221; i mostra a un nen carregant dues ampolles de vi gairebé tan grans com el seu tors. Una meravellosa escena quotidiana. La cara del xaval és hipnòtica; la seva expressió, feliç, innocent i entremaliada al mateix temps. Està atrafegat amb alguna cosa que en l&#8217;època havia de ser el més normal. Un nen portant vi, però on? Això és el primer que ens preguntem en veure aquesta imatge. Potser a casa seva, o al treball del seu pare. En aquells dies, el vi era la beguda per excel·lència dels treballadors. Abans de la Segona Guerra Mundial algunes fàbriques i tallers de França pagaven part del jornal en vi: un litre diari per a cada obrer. En l&#8217;època de la foto això ja no era tan freqüent. L&#8217;estat del benestar avançava i, amb ell, arribaven nous aires en l&#8217;àmbit de la salut pública. De fet, en la dècada dels 50 es comença a qüestionar un costum molt arrelat a les escoles: donar vi als menors. En l’any 1956, un decret del govern francès prohibeix aquest subministrament fins que els alumnes no hagin complert els 14 anys. Anàlisi tècnica de la fotografia: La composició d&#8217;aquesta foto és molt senzilla, centrant-se en el nen. No segueix la regla dels terços, ja que el focus principal està al mig. El fotògraf va utilitzar la llum natural en la seva fotografia, donant a la foto un to natural. La foto es va prendre des de dalt del nivell de l&#8217;ull/ des d&#8217;un angle més alt del noi. L&#8217;estat d&#8217;ànim de la foto és molt deliciós i relaxat, perquè el to de la foto és lleuger i natural. Henri Cartier-Bresson era conegut per la seva col·lecció &#8220;The Decisive Moment&#8221; i va dir que es mantindria en un lloc durant un llarg període de temps amb la seva càmera i esperaria que passés alguna cosa interessant. Quan va veure una cosa interessant, va fer la foto. No cercava els temes de les  seves fotografies, esperava que sorgissin, i és probablement per això que l&#8217;estat d&#8217;ànim de les seves fotografies, inclosa la de la Rue Mouffetard, es mostren com a fotografies molt relaxants i humorístiques. Anècdota: El nen es deia Michel Gabriel i de gran va mantenir el contacte amb Henri Cartier-Bresson. Hi ha una divertida anècdota que explica com el fotògraf, ja octogenari, es va presentar a la festa del 50 aniversari de Michel amb una ampolla en cada mà i imitant la posa i el gest de la fotografia. Poc després, Cartier-Bresson va deixar escrit que, en realitat, les ampolles que el nen Michel portava no contenien vi sinó &#8220;aigua de pluja&#8221;. Sempre ens quedarem amb el dubte i aquesta serà, per sempre, l’enigma d&#8217;aquesta foto inoblidable. Bibliografia: Photography and digital media Kerry i Muriel Wines. La Massana, gener de 2024 Lluís Miquel Pérez – Associació Fotogràfica Valls del Nord.</p>
