{"id":4381,"date":"2024-04-09T08:07:14","date_gmt":"2024-04-09T07:07:14","guid":{"rendered":"https:\/\/afvan.com\/?page_id=4381"},"modified":"2024-04-09T08:07:14","modified_gmt":"2024-04-09T07:07:14","slug":"nens-jugant-entre-ruines-sevilla-espanya","status":"publish","type":"page","link":"https:\/\/afvan.com\/index.php\/nens-jugant-entre-ruines-sevilla-espanya\/","title":{"rendered":"&#8220;Nens jugant entre ru\u00efnes\u201d \u2013 Sevilla (Espanya)."},"content":{"rendered":"\t\t<div data-elementor-type=\"wp-page\" data-elementor-id=\"4381\" class=\"elementor elementor-4381\" data-elementor-post-type=\"page\">\n\t\t\t\t<div class=\"elementor-element elementor-element-0c87bc9 e-flex e-con-boxed wpr-particle-no wpr-jarallax-no wpr-parallax-no wpr-sticky-section-no wpr-equal-height-no e-con e-parent\" data-id=\"0c87bc9\" data-element_type=\"container\" data-e-type=\"container\">\n\t\t\t\t\t<div class=\"e-con-inner\">\n\t\t\t\t<div class=\"elementor-element elementor-element-9c087ca elementor-widget elementor-widget-heading\" data-id=\"9c087ca\" data-element_type=\"widget\" data-e-type=\"widget\" data-widget_type=\"heading.default\">\n\t\t\t\t<div class=\"elementor-widget-container\">\n\t\t\t\t\t<h2 class=\"elementor-heading-title elementor-size-default\">\"Nens jugant entre ru\u00efnes\u201d \u2013 Sevilla (Espanya).<\/h2>\t\t\t\t<\/div>\n\t\t\t\t<\/div>\n\t\t\t\t\t<\/div>\n\t\t\t\t<\/div>\n\t\t<div class=\"elementor-element elementor-element-743d9da e-flex e-con-boxed wpr-particle-no wpr-jarallax-no wpr-parallax-no wpr-sticky-section-no wpr-equal-height-no e-con e-parent\" data-id=\"743d9da\" data-element_type=\"container\" data-e-type=\"container\">\n\t\t\t\t\t<div class=\"e-con-inner\">\n\t\t\t\t<div class=\"elementor-element elementor-element-ee92f90 elementor-widget elementor-widget-text-editor\" data-id=\"ee92f90\" data-element_type=\"widget\" data-e-type=\"widget\" data-widget_type=\"text-editor.default\">\n\t\t\t\t<div class=\"elementor-widget-container\">\n\t\t\t\t\t\t\t\t\t<p>En l\u2019any 1932, Henri Cartier-Bresson va emprendre una gira pel sud d&#8217;Europa i el Magreb; aquest viatge va esdevenir una gira formativa que va establir les regles de l&#8217;art no sols per al fot\u00f2graf de 25 anys, sin\u00f3 tamb\u00e9 per a un segle de fotoperiodistes que el van seguir.<\/p><p>La localitzaci\u00f3 \u00e9s a Sevilla, en l\u2019any 1933, va prendre una s\u00e8rie de fotos, la m\u00e9s ic\u00f2nica va ser \u00a0titulada &#8220;Nens jugant entre ru\u00efnes&#8221;.<\/p><p><strong><u>An\u00e0lisi t\u00e8cnica de la fotografia:<\/u><\/strong><\/p><p>Foto realitzada amb la seva c\u00e0mera Leica de 35 mm. Va ser un mestre de la paci\u00e8ncia i del seu particular ull period\u00edstic quan estava treballant.\u00a0 En la s\u00e8rie que es pot veure m\u00e9s avall, podem veure que quan decideix disparar ja te la instant\u00e0nia perfecta. La resta ja no tenen els fonaments del seu estil.<\/p><p><img decoding=\"async\" class=\"alignnone size-medium wp-image-3880\" src=\"https:\/\/afvan.com\/wp-content\/uploads\/2024\/02\/Sevilla1-HCB-300x163.png\" alt=\"Sevilla1 HCB\" width=\"300\" height=\"163\" srcset=\"https:\/\/afvan.com\/wp-content\/uploads\/2024\/02\/Sevilla1-HCB-300x163.png 300w, https:\/\/afvan.com\/wp-content\/uploads\/2024\/02\/Sevilla1-HCB.png 691w\" sizes=\"(max-width: 300px) 100vw, 300px\" \/><\/p><p><strong><u>Premis i distincions:<\/u><\/strong><\/p><p><img fetchpriority=\"high\" decoding=\"async\" class=\"alignnone size-full wp-image-3881\" src=\"https:\/\/afvan.com\/wp-content\/uploads\/2024\/02\/Premis-HCB.png\" alt=\"Premis HCB\" width=\"222\" height=\"277\" \/><\/p><ul><li>Anys 1949, 1955, 1959,1963: <em>Overseas Press Club of America Award,<\/em> Nova York.<\/li><li>Any 1964: Beca Honoraria de la <em>Royal Photographic Society,<\/em> Regne Unit.<\/li><li>Any 1967: Premi de Cultura de l\u2019Associaci\u00f3 Alemanya de Fotografia.<\/li><li>Any 1971: Premi Nadar, per <em>\u201cVive la France\u201d,<\/em> Fran\u00e7a.<\/li><li>Any 1981: Gran Premi Nacional de la Fotografia, Ministeri de Cultura de Fran\u00e7a, Par\u00eds.<\/li><li>Any 1982: Premi Internacional de la Fundaci\u00f3 <em>Hasselblad,<\/em> G\u00f6teborg.<\/li><li>Any 2003: <em>Lucie Awards<\/em>, Reconeixement al treball d\u2019una vida, Los \u00c1ngeles, EEUU.<\/li><li>Any 2006: Premi Nadal per <em>\u201cScrapbook\u201d, <\/em>Fran\u00e7a.<\/li><\/ul><p><strong><u>Bibliografia:<\/u><\/strong><\/p><p>Iconic photos. MoMA. The MET Museum.<\/p><p>La Massana, gener de 2024<\/p><p>Llu\u00eds Miquel P\u00e9rez \u2013 Associaci\u00f3 Fotogr\u00e0fica Valls del Nord.<\/p>\t\t\t\t\t\t\t\t<\/div>\n\t\t\t\t<\/div>\n\t\t\t\t\t<\/div>\n\t\t\t\t<\/div>\n\t\t\t\t<\/div>\n\t\t","protected":false},"excerpt":{"rendered":"<p>&#8220;Nens jugant entre ru\u00efnes\u201d \u2013 Sevilla (Espanya). En l\u2019any 1932, Henri Cartier-Bresson va emprendre una gira pel sud d&#8217;Europa i el Magreb; aquest viatge va esdevenir una gira formativa que va establir les regles de l&#8217;art no sols per al fot\u00f2graf de 25 anys, sin\u00f3 tamb\u00e9 per a un segle de fotoperiodistes que el van seguir. La localitzaci\u00f3 \u00e9s a Sevilla, en l\u2019any 1933, va prendre una s\u00e8rie de fotos, la m\u00e9s ic\u00f2nica va ser \u00a0titulada &#8220;Nens jugant entre ru\u00efnes&#8221;. An\u00e0lisi t\u00e8cnica de la fotografia: Foto realitzada amb la seva c\u00e0mera Leica de 35 mm. Va ser un mestre de la paci\u00e8ncia i del seu particular ull period\u00edstic quan estava treballant.\u00a0 En la s\u00e8rie que es pot veure m\u00e9s avall, podem veure que quan decideix disparar ja te la instant\u00e0nia perfecta. La resta ja no tenen els fonaments del seu estil. Premis i distincions: Anys 1949, 1955, 1959,1963: Overseas Press Club of America Award, Nova York. Any 1964: Beca Honoraria de la Royal Photographic Society, Regne Unit. Any 1967: Premi de Cultura de l\u2019Associaci\u00f3 Alemanya de Fotografia. Any 1971: Premi Nadar, per \u201cVive la France\u201d, Fran\u00e7a. Any 1981: Gran Premi Nacional de la Fotografia, Ministeri de Cultura de Fran\u00e7a, Par\u00eds. Any 1982: Premi Internacional de la Fundaci\u00f3 Hasselblad, G\u00f6teborg. Any 2003: Lucie Awards, Reconeixement al treball d\u2019una vida, Los \u00c1ngeles, EEUU. Any 2006: Premi Nadal per \u201cScrapbook\u201d, Fran\u00e7a. Bibliografia: Iconic photos. MoMA. The MET Museum. La Massana, gener de 2024 Llu\u00eds Miquel P\u00e9rez \u2013 Associaci\u00f3 Fotogr\u00e0fica Valls del Nord.<\/p>\n","protected":false},"author":1,"featured_media":0,"parent":0,"menu_order":0,"comment_status":"closed","ping_status":"closed","template":"","meta":{"site-sidebar-layout":"no-sidebar","site-content-layout":"page-builder","ast-site-content-layout":"full-width-container","site-content-style":"default","site-sidebar-style":"default","ast-global-header-display":"","ast-banner-title-visibility":"","ast-main-header-display":"","ast-hfb-above-header-display":"","ast-hfb-below-header-display":"","ast-hfb-mobile-header-display":"","site-post-title":"disabled","ast-breadcrumbs-content":"","ast-featured-img":"disabled","footer-sml-layout":"","ast-disable-related-posts":"","theme-transparent-header-meta":"","adv-header-id-meta":"","stick-header-meta":"","header-above-stick-meta":"","header-main-stick-meta":"","header-below-stick-meta":"","astra-migrate-meta-layouts":"set","ast-page-background-enabled":"default","ast-page-background-meta":{"desktop":{"background-color":"var(--ast-global-color-4)","background-image":"","background-repeat":"repeat","background-position":"center center","background-size":"auto","background-attachment":"scroll","background-type":"","background-media":"","overlay-type":"","overlay-color":"","overlay-opacity":"","overlay-gradient":""},"tablet":{"background-color":"","background-image":"","background-repeat":"repeat","background-position":"center center","background-size":"auto","background-attachment":"scroll","background-type":"","background-media":"","overlay-type":"","overlay-color":"","overlay-opacity":"","overlay-gradient":""},"mobile":{"background-color":"","background-image":"","background-repeat":"repeat","background-position":"center center","background-size":"auto","background-attachment":"scroll","background-type":"","background-media":"","overlay-type":"","overlay-color":"","overlay-opacity":"","overlay-gradient":""}},"ast-content-background-meta":{"desktop":{"background-color":"var(--ast-global-color-5)","background-image":"","background-repeat":"repeat","background-position":"center center","background-size":"auto","background-attachment":"scroll","background-type":"","background-media":"","overlay-type":"","overlay-color":"","overlay-opacity":"","overlay-gradient":""},"tablet":{"background-color":"var(--ast-global-color-5)","background-image":"","background-repeat":"repeat","background-position":"center center","background-size":"auto","background-attachment":"scroll","background-type":"","background-media":"","overlay-type":"","overlay-color":"","overlay-opacity":"","overlay-gradient":""},"mobile":{"background-color":"var(--ast-global-color-5)","background-image":"","background-repeat":"repeat","background-position":"center center","background-size":"auto","background-attachment":"scroll","background-type":"","background-media":"","overlay-type":"","overlay-color":"","overlay-opacity":"","overlay-gradient":""}},"footnotes":""},"class_list":["post-4381","page","type-page","status-publish","hentry"],"aioseo_notices":[],"a3_pvc":{"activated":false,"total_views":0,"today_views":0},"_links":{"self":[{"href":"https:\/\/afvan.com\/index.php\/wp-json\/wp\/v2\/pages\/4381","targetHints":{"allow":["GET"]}}],"collection":[{"href":"https:\/\/afvan.com\/index.php\/wp-json\/wp\/v2\/pages"}],"about":[{"href":"https:\/\/afvan.com\/index.php\/wp-json\/wp\/v2\/types\/page"}],"author":[{"embeddable":true,"href":"https:\/\/afvan.com\/index.php\/wp-json\/wp\/v2\/users\/1"}],"replies":[{"embeddable":true,"href":"https:\/\/afvan.com\/index.php\/wp-json\/wp\/v2\/comments?post=4381"}],"version-history":[{"count":1,"href":"https:\/\/afvan.com\/index.php\/wp-json\/wp\/v2\/pages\/4381\/revisions"}],"predecessor-version":[{"id":4396,"href":"https:\/\/afvan.com\/index.php\/wp-json\/wp\/v2\/pages\/4381\/revisions\/4396"}],"wp:attachment":[{"href":"https:\/\/afvan.com\/index.php\/wp-json\/wp\/v2\/media?parent=4381"}],"curies":[{"name":"wp","href":"https:\/\/api.w.org\/{rel}","templated":true}]}}

&#8220;Nens jugant entre ruïnes” – Sevilla (Espanya).

<div data-elementor-type="wp-page" data-elementor-id="4381" class="elementor elementor-4381" data-elementor-post-type="page">
				<div class="elementor-element elementor-element-0c87bc9 e-flex e-con-boxed wpr-particle-no wpr-jarallax-no wpr-parallax-no wpr-sticky-section-no wpr-equal-height-no e-con e-parent" data-id="0c87bc9" data-element_type="container" data-e-type="container">
					<div class="e-con-inner">
				<div class="elementor-element elementor-element-9c087ca elementor-widget elementor-widget-heading" data-id="9c087ca" data-element_type="widget" data-e-type="widget" data-widget_type="heading.default">
				<div class="elementor-widget-container">
					<h2 class="elementor-heading-title elementor-size-default">"Nens jugant entre ruïnes” – Sevilla (Espanya).</h2>				</div>
				</div>
					</div>
				</div>
		<div class="elementor-element elementor-element-743d9da e-flex e-con-boxed wpr-particle-no wpr-jarallax-no wpr-parallax-no wpr-sticky-section-no wpr-equal-height-no e-con e-parent" data-id="743d9da" data-element_type="container" data-e-type="container">
					<div class="e-con-inner">
				<div class="elementor-element elementor-element-ee92f90 elementor-widget elementor-widget-text-editor" data-id="ee92f90" data-element_type="widget" data-e-type="widget" data-widget_type="text-editor.default">
				<div class="elementor-widget-container">
									<p>En l’any 1932, Henri Cartier-Bresson va emprendre una gira pel sud d&#8217;Europa i el Magreb; aquest viatge va esdevenir una gira formativa que va establir les regles de l&#8217;art no sols per al fotògraf de 25 anys, sinó també per a un segle de fotoperiodistes que el van seguir.</p><p>La localització és a Sevilla, en l’any 1933, va prendre una sèrie de fotos, la més icònica va ser  titulada &#8220;Nens jugant entre ruïnes&#8221;.</p><p><strong><u>Anàlisi tècnica de la fotografia:</u></strong></p><p>Foto realitzada amb la seva càmera Leica de 35 mm. Va ser un mestre de la paciència i del seu particular ull periodístic quan estava treballant.  En la sèrie que es pot veure més avall, podem veure que quan decideix disparar ja te la instantània perfecta. La resta ja no tenen els fonaments del seu estil.</p><p><img decoding="async" class="alignnone size-medium wp-image-3880" src="https://afvan.com/wp-content/uploads/2024/02/Sevilla1-HCB-300x163.png" alt="Sevilla1 HCB" width="300" height="163" srcset="https://afvan.com/wp-content/uploads/2024/02/Sevilla1-HCB-300x163.png 300w, https://afvan.com/wp-content/uploads/2024/02/Sevilla1-HCB.png 691w" sizes="(max-width: 300px) 100vw, 300px" /></p><p><strong><u>Premis i distincions:</u></strong></p><p><img fetchpriority="high" decoding="async" class="alignnone size-full wp-image-3881" src="https://afvan.com/wp-content/uploads/2024/02/Premis-HCB.png" alt="Premis HCB" width="222" height="277" /></p><ul><li>Anys 1949, 1955, 1959,1963: <em>Overseas Press Club of America Award,</em> Nova York.</li><li>Any 1964: Beca Honoraria de la <em>Royal Photographic Society,</em> Regne Unit.</li><li>Any 1967: Premi de Cultura de l’Associació Alemanya de Fotografia.</li><li>Any 1971: Premi Nadar, per <em>“Vive la France”,</em> França.</li><li>Any 1981: Gran Premi Nacional de la Fotografia, Ministeri de Cultura de França, París.</li><li>Any 1982: Premi Internacional de la Fundació <em>Hasselblad,</em> Göteborg.</li><li>Any 2003: <em>Lucie Awards</em>, Reconeixement al treball d’una vida, Los Ángeles, EEUU.</li><li>Any 2006: Premi Nadal per <em>“Scrapbook”, </em>França.</li></ul><p><strong><u>Bibliografia:</u></strong></p><p>Iconic photos. MoMA. The MET Museum.</p><p>La Massana, gener de 2024</p><p>Lluís Miquel Pérez – Associació Fotogràfica Valls del Nord.</p>								</div>
				</div>
					</div>
				</div>
				</div>

<p>&#8220;Nens jugant entre ruïnes” – Sevilla (Espanya). En l’any 1932, Henri Cartier-Bresson va emprendre una gira pel sud d&#8217;Europa i el Magreb; aquest viatge va esdevenir una gira formativa que va establir les regles de l&#8217;art no sols per al fotògraf de 25 anys, sinó també per a un segle de fotoperiodistes que el van seguir. La localització és a Sevilla, en l’any 1933, va prendre una sèrie de fotos, la més icònica va ser  titulada &#8220;Nens jugant entre ruïnes&#8221;. Anàlisi tècnica de la fotografia: Foto realitzada amb la seva càmera Leica de 35 mm. Va ser un mestre de la paciència i del seu particular ull periodístic quan estava treballant.  En la sèrie que es pot veure més avall, podem veure que quan decideix disparar ja te la instantània perfecta. La resta ja no tenen els fonaments del seu estil. Premis i distincions: Anys 1949, 1955, 1959,1963: Overseas Press Club of America Award, Nova York. Any 1964: Beca Honoraria de la Royal Photographic Society, Regne Unit. Any 1967: Premi de Cultura de l’Associació Alemanya de Fotografia. Any 1971: Premi Nadar, per “Vive la France”, França. Any 1981: Gran Premi Nacional de la Fotografia, Ministeri de Cultura de França, París. Any 1982: Premi Internacional de la Fundació Hasselblad, Göteborg. Any 2003: Lucie Awards, Reconeixement al treball d’una vida, Los Ángeles, EEUU. Any 2006: Premi Nadal per “Scrapbook”, França. Bibliografia: Iconic photos. MoMA. The MET Museum. La Massana, gener de 2024 Lluís Miquel Pérez – Associació Fotogràfica Valls del Nord.</p>
