{"id":4409,"date":"2024-04-02T18:54:41","date_gmt":"2024-04-02T17:54:41","guid":{"rendered":"https:\/\/afvan.com\/?page_id=4409"},"modified":"2024-04-02T19:03:47","modified_gmt":"2024-04-02T18:03:47","slug":"mina-serrapelada","status":"publish","type":"page","link":"https:\/\/afvan.com\/index.php\/mina-serrapelada\/","title":{"rendered":"Mina Serrapelada"},"content":{"rendered":"\t\t<div data-elementor-type=\"wp-page\" data-elementor-id=\"4409\" class=\"elementor elementor-4409\" data-elementor-post-type=\"page\">\n\t\t\t\t<div class=\"elementor-element elementor-element-0c87bc9 e-flex e-con-boxed wpr-particle-no wpr-jarallax-no wpr-parallax-no wpr-sticky-section-no wpr-equal-height-no e-con e-parent\" data-id=\"0c87bc9\" data-element_type=\"container\" data-e-type=\"container\">\n\t\t\t\t\t<div class=\"e-con-inner\">\n\t\t\t\t<div class=\"elementor-element elementor-element-9c087ca elementor-widget elementor-widget-heading\" data-id=\"9c087ca\" data-element_type=\"widget\" data-e-type=\"widget\" data-widget_type=\"heading.default\">\n\t\t\t\t<div class=\"elementor-widget-container\">\n\t\t\t\t\t<h2 class=\"elementor-heading-title elementor-size-default\">Mina Serra Pelada<\/h2>\t\t\t\t<\/div>\n\t\t\t\t<\/div>\n\t\t\t\t\t<\/div>\n\t\t\t\t<\/div>\n\t\t<div class=\"elementor-element elementor-element-743d9da e-flex e-con-boxed wpr-particle-no wpr-jarallax-no wpr-parallax-no wpr-sticky-section-no wpr-equal-height-no e-con e-parent\" data-id=\"743d9da\" data-element_type=\"container\" data-e-type=\"container\">\n\t\t\t\t\t<div class=\"e-con-inner\">\n\t\t\t\t<div class=\"elementor-element elementor-element-ee92f90 elementor-widget elementor-widget-text-editor\" data-id=\"ee92f90\" data-element_type=\"widget\" data-e-type=\"widget\" data-widget_type=\"text-editor.default\">\n\t\t\t\t<div class=\"elementor-widget-container\">\n\t\t\t\t\t\t\t\t\t<p><strong>T\u00e8cnica:\u00a0<\/strong><\/p><p><span data-contrast=\"none\">Aquesta fotografia t\u00e9, com totes les fotografies en blanc i negre, de Salgado una profunditat molt destacable. Juga amb la llum, resaltant el que \u00e9s m\u00e9s important les persones i el lloc. El contrast de la fotografia juga amb el temps. Es una fotografia analitzada i pensada a l\u2019avan\u00e7a, sap el que vol fer i transmetre. Una perfecta sincronia d\u2019una bona part del treballadors de les mines d\u2019or de Serra Pelada al Brasil. <\/span><span data-contrast=\"none\">A causa del seu \u00fas continuat del blanc i negre a la majoria de les seves fotografies, Salgado pot ser un dels pocs fot\u00f2grafs cl\u00e0ssics del m\u00f3n que s&#8217;ocupa de la tradici\u00f3 humana.<\/span> <span data-contrast=\"none\">Les 28 fotografies que Salgado va fer de la mina tamb\u00e9 havien de formar part d&#8217;una s\u00e8rie m\u00e9s gran titulada Workers: An Archaeology of the Industrial Age 1986\u2013921, que inclo\u00efa 3131 fotos de 42 tipus diferents d&#8217;escenaris laborals d&#8217;altres 26 parts del m\u00f3n.<\/span><span data-contrast=\"none\"> D\u2019aquesta fotografia tamb\u00e9 podr\u00edem extreure\u2019n un parell. Aquests \u00e9s una t\u00f2nica habitual de l\u2019enquadrament de Salgado que permet visualitzar un entorn qualificat com inh\u00f2spit i desconegut.<\/span><span data-ccp-props=\"{&quot;201341983&quot;:0,&quot;335551550&quot;:6,&quot;335551620&quot;:6,&quot;335559739&quot;:160,&quot;335559740&quot;:259}\">\u00a0<\/span><\/p><p><span data-ccp-props=\"{&quot;201341983&quot;:0,&quot;335551550&quot;:6,&quot;335551620&quot;:6,&quot;335559739&quot;:160,&quot;335559740&quot;:259}\">\u00a0<\/span><\/p><p><strong>Lectura de la situaci\u00f3:\u00a0<\/strong><\/p><p><span data-contrast=\"none\">El treballador com a persona. Cansanci. Explotaci\u00f3 de l\u2019\u00e9sser hum\u00e0. Poders econ\u00f2mics. Humanitat i sensibilitat.\u00a0\u00a0<\/span><span data-ccp-props=\"{&quot;201341983&quot;:0,&quot;335551550&quot;:6,&quot;335551620&quot;:6,&quot;335559739&quot;:160,&quot;335559740&quot;:259}\">\u00a0<\/span><\/p><p><strong style=\"font-size: 16px;\"><span class=\"NormalTextRun SCXW43288183 BCX4\">Font<\/span><\/strong><span class=\"NormalTextRun SCXW43288183 BCX4\" style=\"font-size: 16px;\"><strong>:<\/strong><\/span><\/p><p><span class=\"TextRun SCXW43288183 BCX4\" lang=\"ES-ES\" xml:lang=\"ES-ES\" data-contrast=\"auto\"><span class=\"NormalTextRun SCXW43288183 BCX4\">UAB- La Vanguardia \u2013 Blog del <\/span><span class=\"NormalTextRun SCXW43288183 BCX4\">Fot\u00f3grafo<\/span><span class=\"NormalTextRun SCXW43288183 BCX4\"> \u2013 Universidad Andina Sim\u00f3n <\/span><span class=\"NormalTextRun SCXW43288183 BCX4\">Bol\u00edvar<\/span><span class=\"NormalTextRun SCXW43288183 BCX4\"> i Universidad de La<\/span><span class=\"NormalTextRun SCXW43288183 BCX4\"> Laguna.<\/span><\/span><span class=\"EOP SCXW43288183 BCX4\" data-ccp-props=\"{&quot;335551550&quot;:6,&quot;335551620&quot;:6}\">\u00a0<\/span><\/p><p>La Massana, Mar\u00e7 de 2024<\/p><p>Llu\u00eds Miquel P\u00e9rez \u2013 Associaci\u00f3 Fotogr\u00e0fica Valls del Nord.<\/p>\t\t\t\t\t\t\t\t<\/div>\n\t\t\t\t<\/div>\n\t\t\t\t\t<\/div>\n\t\t\t\t<\/div>\n\t\t\t\t<\/div>\n\t\t","protected":false},"excerpt":{"rendered":"<p>Mina Serra Pelada T\u00e8cnica:\u00a0 Aquesta fotografia t\u00e9, com totes les fotografies en blanc i negre, de Salgado una profunditat molt destacable. Juga amb la llum, resaltant el que \u00e9s m\u00e9s important les persones i el lloc. El contrast de la fotografia juga amb el temps. Es una fotografia analitzada i pensada a l\u2019avan\u00e7a, sap el que vol fer i transmetre. Una perfecta sincronia d\u2019una bona part del treballadors de les mines d\u2019or de Serra Pelada al Brasil. A causa del seu \u00fas continuat del blanc i negre a la majoria de les seves fotografies, Salgado pot ser un dels pocs fot\u00f2grafs cl\u00e0ssics del m\u00f3n que s&#8217;ocupa de la tradici\u00f3 humana. Les 28 fotografies que Salgado va fer de la mina tamb\u00e9 havien de formar part d&#8217;una s\u00e8rie m\u00e9s gran titulada Workers: An Archaeology of the Industrial Age 1986\u2013921, que inclo\u00efa 3131 fotos de 42 tipus diferents d&#8217;escenaris laborals d&#8217;altres 26 parts del m\u00f3n. D\u2019aquesta fotografia tamb\u00e9 podr\u00edem extreure\u2019n un parell. Aquests \u00e9s una t\u00f2nica habitual de l\u2019enquadrament de Salgado que permet visualitzar un entorn qualificat com inh\u00f2spit i desconegut.\u00a0 \u00a0 Lectura de la situaci\u00f3:\u00a0 El treballador com a persona. Cansanci. Explotaci\u00f3 de l\u2019\u00e9sser hum\u00e0. Poders econ\u00f2mics. Humanitat i sensibilitat.\u00a0\u00a0\u00a0 Font: UAB- La Vanguardia \u2013 Blog del Fot\u00f3grafo \u2013 Universidad Andina Sim\u00f3n Bol\u00edvar i Universidad de La Laguna.\u00a0 La Massana, Mar\u00e7 de 2024 Llu\u00eds Miquel P\u00e9rez \u2013 Associaci\u00f3 Fotogr\u00e0fica Valls del Nord.<\/p>\n","protected":false},"author":1,"featured_media":0,"parent":0,"menu_order":0,"comment_status":"closed","ping_status":"closed","template":"","meta":{"site-sidebar-layout":"no-sidebar","site-content-layout":"page-builder","ast-site-content-layout":"full-width-container","site-content-style":"default","site-sidebar-style":"default","ast-global-header-display":"","ast-banner-title-visibility":"","ast-main-header-display":"","ast-hfb-above-header-display":"","ast-hfb-below-header-display":"","ast-hfb-mobile-header-display":"","site-post-title":"disabled","ast-breadcrumbs-content":"","ast-featured-img":"disabled","footer-sml-layout":"","ast-disable-related-posts":"","theme-transparent-header-meta":"","adv-header-id-meta":"","stick-header-meta":"","header-above-stick-meta":"","header-main-stick-meta":"","header-below-stick-meta":"","astra-migrate-meta-layouts":"set","ast-page-background-enabled":"default","ast-page-background-meta":{"desktop":{"background-color":"var(--ast-global-color-4)","background-image":"","background-repeat":"repeat","background-position":"center center","background-size":"auto","background-attachment":"scroll","background-type":"","background-media":"","overlay-type":"","overlay-color":"","overlay-opacity":"","overlay-gradient":""},"tablet":{"background-color":"","background-image":"","background-repeat":"repeat","background-position":"center center","background-size":"auto","background-attachment":"scroll","background-type":"","background-media":"","overlay-type":"","overlay-color":"","overlay-opacity":"","overlay-gradient":""},"mobile":{"background-color":"","background-image":"","background-repeat":"repeat","background-position":"center center","background-size":"auto","background-attachment":"scroll","background-type":"","background-media":"","overlay-type":"","overlay-color":"","overlay-opacity":"","overlay-gradient":""}},"ast-content-background-meta":{"desktop":{"background-color":"var(--ast-global-color-5)","background-image":"","background-repeat":"repeat","background-position":"center center","background-size":"auto","background-attachment":"scroll","background-type":"","background-media":"","overlay-type":"","overlay-color":"","overlay-opacity":"","overlay-gradient":""},"tablet":{"background-color":"var(--ast-global-color-5)","background-image":"","background-repeat":"repeat","background-position":"center center","background-size":"auto","background-attachment":"scroll","background-type":"","background-media":"","overlay-type":"","overlay-color":"","overlay-opacity":"","overlay-gradient":""},"mobile":{"background-color":"var(--ast-global-color-5)","background-image":"","background-repeat":"repeat","background-position":"center center","background-size":"auto","background-attachment":"scroll","background-type":"","background-media":"","overlay-type":"","overlay-color":"","overlay-opacity":"","overlay-gradient":""}},"footnotes":""},"class_list":["post-4409","page","type-page","status-publish","hentry"],"aioseo_notices":[],"a3_pvc":{"activated":false,"total_views":0,"today_views":0},"_links":{"self":[{"href":"https:\/\/afvan.com\/index.php\/wp-json\/wp\/v2\/pages\/4409","targetHints":{"allow":["GET"]}}],"collection":[{"href":"https:\/\/afvan.com\/index.php\/wp-json\/wp\/v2\/pages"}],"about":[{"href":"https:\/\/afvan.com\/index.php\/wp-json\/wp\/v2\/types\/page"}],"author":[{"embeddable":true,"href":"https:\/\/afvan.com\/index.php\/wp-json\/wp\/v2\/users\/1"}],"replies":[{"embeddable":true,"href":"https:\/\/afvan.com\/index.php\/wp-json\/wp\/v2\/comments?post=4409"}],"version-history":[{"count":4,"href":"https:\/\/afvan.com\/index.php\/wp-json\/wp\/v2\/pages\/4409\/revisions"}],"predecessor-version":[{"id":4417,"href":"https:\/\/afvan.com\/index.php\/wp-json\/wp\/v2\/pages\/4409\/revisions\/4417"}],"wp:attachment":[{"href":"https:\/\/afvan.com\/index.php\/wp-json\/wp\/v2\/media?parent=4409"}],"curies":[{"name":"wp","href":"https:\/\/api.w.org\/{rel}","templated":true}]}}

<div data-elementor-type="wp-page" data-elementor-id="4409" class="elementor elementor-4409" data-elementor-post-type="page">
				<div class="elementor-element elementor-element-0c87bc9 e-flex e-con-boxed wpr-particle-no wpr-jarallax-no wpr-parallax-no wpr-sticky-section-no wpr-equal-height-no e-con e-parent" data-id="0c87bc9" data-element_type="container" data-e-type="container">
					<div class="e-con-inner">
				<div class="elementor-element elementor-element-9c087ca elementor-widget elementor-widget-heading" data-id="9c087ca" data-element_type="widget" data-e-type="widget" data-widget_type="heading.default">
				<div class="elementor-widget-container">
					<h2 class="elementor-heading-title elementor-size-default">Mina Serra Pelada</h2>				</div>
				</div>
					</div>
				</div>
		<div class="elementor-element elementor-element-743d9da e-flex e-con-boxed wpr-particle-no wpr-jarallax-no wpr-parallax-no wpr-sticky-section-no wpr-equal-height-no e-con e-parent" data-id="743d9da" data-element_type="container" data-e-type="container">
					<div class="e-con-inner">
				<div class="elementor-element elementor-element-ee92f90 elementor-widget elementor-widget-text-editor" data-id="ee92f90" data-element_type="widget" data-e-type="widget" data-widget_type="text-editor.default">
				<div class="elementor-widget-container">
									<p><strong>Tècnica: </strong></p><p><span data-contrast="none">Aquesta fotografia té, com totes les fotografies en blanc i negre, de Salgado una profunditat molt destacable. Juga amb la llum, resaltant el que és més important les persones i el lloc. El contrast de la fotografia juga amb el temps. Es una fotografia analitzada i pensada a l’avança, sap el que vol fer i transmetre. Una perfecta sincronia d’una bona part del treballadors de les mines d’or de Serra Pelada al Brasil. </span><span data-contrast="none">A causa del seu ús continuat del blanc i negre a la majoria de les seves fotografies, Salgado pot ser un dels pocs fotògrafs clàssics del món que s&#8217;ocupa de la tradició humana.</span> <span data-contrast="none">Les 28 fotografies que Salgado va fer de la mina també havien de formar part d&#8217;una sèrie més gran titulada Workers: An Archaeology of the Industrial Age 1986–921, que incloïa 3131 fotos de 42 tipus diferents d&#8217;escenaris laborals d&#8217;altres 26 parts del món.</span><span data-contrast="none"> D’aquesta fotografia també podríem extreure’n un parell. Aquests és una tònica habitual de l’enquadrament de Salgado que permet visualitzar un entorn qualificat com inhòspit i desconegut.</span><span data-ccp-props="{&quot;201341983&quot;:0,&quot;335551550&quot;:6,&quot;335551620&quot;:6,&quot;335559739&quot;:160,&quot;335559740&quot;:259}"> </span></p><p><span data-ccp-props="{&quot;201341983&quot;:0,&quot;335551550&quot;:6,&quot;335551620&quot;:6,&quot;335559739&quot;:160,&quot;335559740&quot;:259}"> </span></p><p><strong>Lectura de la situació: </strong></p><p><span data-contrast="none">El treballador com a persona. Cansanci. Explotació de l’ésser humà. Poders econòmics. Humanitat i sensibilitat.  </span><span data-ccp-props="{&quot;201341983&quot;:0,&quot;335551550&quot;:6,&quot;335551620&quot;:6,&quot;335559739&quot;:160,&quot;335559740&quot;:259}"> </span></p><p><strong style="font-size: 16px;"><span class="NormalTextRun SCXW43288183 BCX4">Font</span></strong><span class="NormalTextRun SCXW43288183 BCX4" style="font-size: 16px;"><strong>:</strong></span></p><p><span class="TextRun SCXW43288183 BCX4" lang="ES-ES" xml:lang="ES-ES" data-contrast="auto"><span class="NormalTextRun SCXW43288183 BCX4">UAB- La Vanguardia – Blog del </span><span class="NormalTextRun SCXW43288183 BCX4">Fotógrafo</span><span class="NormalTextRun SCXW43288183 BCX4"> – Universidad Andina Simón </span><span class="NormalTextRun SCXW43288183 BCX4">Bolívar</span><span class="NormalTextRun SCXW43288183 BCX4"> i Universidad de La</span><span class="NormalTextRun SCXW43288183 BCX4"> Laguna.</span></span><span class="EOP SCXW43288183 BCX4" data-ccp-props="{&quot;335551550&quot;:6,&quot;335551620&quot;:6}"> </span></p><p>La Massana, Març de 2024</p><p>Lluís Miquel Pérez – Associació Fotogràfica Valls del Nord.</p>								</div>
				</div>
					</div>
				</div>
				</div>

<p>Mina Serra Pelada Tècnica:  Aquesta fotografia té, com totes les fotografies en blanc i negre, de Salgado una profunditat molt destacable. Juga amb la llum, resaltant el que és més important les persones i el lloc. El contrast de la fotografia juga amb el temps. Es una fotografia analitzada i pensada a l’avança, sap el que vol fer i transmetre. Una perfecta sincronia d’una bona part del treballadors de les mines d’or de Serra Pelada al Brasil. A causa del seu ús continuat del blanc i negre a la majoria de les seves fotografies, Salgado pot ser un dels pocs fotògrafs clàssics del món que s&#8217;ocupa de la tradició humana. Les 28 fotografies que Salgado va fer de la mina també havien de formar part d&#8217;una sèrie més gran titulada Workers: An Archaeology of the Industrial Age 1986–921, que incloïa 3131 fotos de 42 tipus diferents d&#8217;escenaris laborals d&#8217;altres 26 parts del món. D’aquesta fotografia també podríem extreure’n un parell. Aquests és una tònica habitual de l’enquadrament de Salgado que permet visualitzar un entorn qualificat com inhòspit i desconegut.    Lectura de la situació:  El treballador com a persona. Cansanci. Explotació de l’ésser humà. Poders econòmics. Humanitat i sensibilitat.    Font: UAB- La Vanguardia – Blog del Fotógrafo – Universidad Andina Simón Bolívar i Universidad de La Laguna.  La Massana, Març de 2024 Lluís Miquel Pérez – Associació Fotogràfica Valls del Nord.</p>
