{"id":97,"date":"2023-02-24T15:33:49","date_gmt":"2023-02-24T14:33:49","guid":{"rendered":"https:\/\/afvan.com\/?page_id=97"},"modified":"2025-12-03T14:04:37","modified_gmt":"2025-12-03T13:04:37","slug":"qui-som","status":"publish","type":"page","link":"https:\/\/afvan.com\/index.php\/qui-som\/","title":{"rendered":"Qui Som?"},"content":{"rendered":"\t\t<div data-elementor-type=\"wp-page\" data-elementor-id=\"97\" class=\"elementor elementor-97\" data-elementor-post-type=\"page\">\n\t\t\t\t\t\t<section class=\"elementor-section elementor-top-section elementor-element elementor-element-2ae7880 elementor-section-full_width elementor-section-height-min-height elementor-section-height-default elementor-section-items-middle wpr-particle-no wpr-jarallax-no wpr-parallax-no wpr-sticky-section-no wpr-equal-height-no\" data-id=\"2ae7880\" data-element_type=\"section\" data-e-type=\"section\">\n\t\t\t\t\t\t<div class=\"elementor-container elementor-column-gap-default\">\n\t\t\t\t\t<div class=\"elementor-column elementor-col-100 elementor-top-column elementor-element elementor-element-6b32dc7\" data-id=\"6b32dc7\" data-element_type=\"column\" data-e-type=\"column\">\n\t\t\t<div class=\"elementor-widget-wrap\">\n\t\t\t\t\t\t\t<\/div>\n\t\t<\/div>\n\t\t\t\t\t<\/div>\n\t\t<\/section>\n\t\t\t\t<section class=\"elementor-section elementor-top-section elementor-element elementor-element-16f2aa70 elementor-section-content-middle elementor-section-boxed elementor-section-height-default elementor-section-height-default wpr-particle-no wpr-jarallax-no wpr-parallax-no wpr-sticky-section-no wpr-equal-height-no\" data-id=\"16f2aa70\" data-element_type=\"section\" data-e-type=\"section\">\n\t\t\t\t\t\t<div class=\"elementor-container elementor-column-gap-no\">\n\t\t\t\t\t<div class=\"elementor-column elementor-col-33 elementor-top-column elementor-element elementor-element-6d9c61c8\" data-id=\"6d9c61c8\" data-element_type=\"column\" data-e-type=\"column\">\n\t\t\t<div class=\"elementor-widget-wrap elementor-element-populated\">\n\t\t\t\t\t\t<div class=\"elementor-element elementor-element-5d208d3b elementor-widget-divider--view-line elementor-widget elementor-widget-divider\" data-id=\"5d208d3b\" data-element_type=\"widget\" data-e-type=\"widget\" data-widget_type=\"divider.default\">\n\t\t\t\t<div class=\"elementor-widget-container\">\n\t\t\t\t\t\t\t<div class=\"elementor-divider\">\n\t\t\t<span class=\"elementor-divider-separator\">\n\t\t\t\t\t\t<\/span>\n\t\t<\/div>\n\t\t\t\t\t\t<\/div>\n\t\t\t\t<\/div>\n\t\t\t\t\t<\/div>\n\t\t<\/div>\n\t\t\t\t<div class=\"elementor-column elementor-col-33 elementor-top-column elementor-element elementor-element-5fe069e3\" data-id=\"5fe069e3\" data-element_type=\"column\" data-e-type=\"column\">\n\t\t\t<div class=\"elementor-widget-wrap elementor-element-populated\">\n\t\t\t\t\t\t<div class=\"elementor-element elementor-element-53ddcb5c elementor-widget elementor-widget-heading\" data-id=\"53ddcb5c\" data-element_type=\"widget\" data-e-type=\"widget\" data-widget_type=\"heading.default\">\n\t\t\t\t<div class=\"elementor-widget-container\">\n\t\t\t\t\t<h4 class=\"elementor-heading-title elementor-size-default\">ASSOCIACI\u00d3 FOTOGR\u00c0FICA VALLS DEL NORD<\/h4>\t\t\t\t<\/div>\n\t\t\t\t<\/div>\n\t\t\t\t<div class=\"elementor-element elementor-element-2f2c7b8c elementor-widget elementor-widget-heading\" data-id=\"2f2c7b8c\" data-element_type=\"widget\" data-e-type=\"widget\" data-widget_type=\"heading.default\">\n\t\t\t\t<div class=\"elementor-widget-container\">\n\t\t\t\t\t<h4 class=\"elementor-heading-title elementor-size-default\">QUI SOM?<\/h4>\t\t\t\t<\/div>\n\t\t\t\t<\/div>\n\t\t\t\t<div class=\"elementor-element elementor-element-18c0632 elementor-drop-cap-yes elementor-drop-cap-view-default elementor-widget elementor-widget-text-editor\" data-id=\"18c0632\" data-element_type=\"widget\" data-e-type=\"widget\" data-settings=\"{&quot;drop_cap&quot;:&quot;yes&quot;}\" data-widget_type=\"text-editor.default\">\n\t\t\t\t<div class=\"elementor-widget-container\">\n\t\t\t\t\t\t\t\t\t<p>L\u2019Associaci\u00f3 Fotogr\u00e0fica Valls del Nord (AFVAN) \u00e9s una entitat sense \u00e0nim de lucre que agrupa persones d\u2019arreu d\u2019Andorra amb passi\u00f3 per la fotografia. Ens defineix la voluntat de compartir mirades, idees i projectes, i d\u2019impulsar la fotografia com a part de la riquesa cultural i paisatg\u00edstica del pa\u00eds. El nostre punt de partida s\u00f3n les Valls del Nord, per\u00f2 treballem i col\u00b7laborem arreu del territori.<\/p><p><strong>Qu\u00e8 fem<\/strong><\/p><p>A AFVAN proposem una \u00e0mplia gamma d\u2019activitats relacionades amb la fotografia: sortides de camp, sessions pr\u00e0ctiques, tallers, concursos interns, projectes col\u00b7lectius i exposicions. El nostre objectiu \u00e9s oferir espais de trobada i creaci\u00f3 fotogr\u00e0fica on tothom \u2014des de novells fins a fot\u00f2grafs amb experi\u00e8ncia\u2014 pugui participar, compartir i cr\u00e9ixer al seu ritme.<\/p><p>Tamb\u00e9 dediquem una part important de la nostra activitat a l\u2019astrofotografia i a la fotografia nocturna. Col\u00b7laborem amb el projecte de <strong>Cel Fosc de La Massana \/ Parc Natural del Comapedrosa<\/strong>, reconegut amb la doble certificaci\u00f3 de <strong>Destinaci\u00f3 Tur\u00edstica Starlight i Reserva Starlight<\/strong> per la qualitat excepcional del seu cel nocturn. A m\u00e9s, alguns membres d\u2019AFVAN s\u00f3n <strong>Monitors Astron\u00f2mics Starlight certificats<\/strong>, la qual cosa refor\u00e7a la nostra capacitat de divulgar i posar en valor el patrimoni astron\u00f2mic i natural del pa\u00eds. Aquest vincle ens permet promoure una fotografia respectuosa i conscienciada amb el medi.<\/p>\t\t\t\t\t\t\t\t<\/div>\n\t\t\t\t<\/div>\n\t\t\t\t\t<\/div>\n\t\t<\/div>\n\t\t\t\t<div class=\"elementor-column elementor-col-33 elementor-top-column elementor-element elementor-element-9fbbd48\" data-id=\"9fbbd48\" data-element_type=\"column\" data-e-type=\"column\">\n\t\t\t<div class=\"elementor-widget-wrap elementor-element-populated\">\n\t\t\t\t\t\t<div class=\"elementor-element elementor-element-62374b4 elementor-widget__width-initial elementor-widget elementor-widget-image\" data-id=\"62374b4\" data-element_type=\"widget\" data-e-type=\"widget\" data-widget_type=\"image.default\">\n\t\t\t\t<div class=\"elementor-widget-container\">\n\t\t\t\t\t\t\t\t\t\t\t\t\t\t\t<img fetchpriority=\"high\" decoding=\"async\" width=\"2047\" height=\"2320\" src=\"https:\/\/afvan.com\/wp-content\/uploads\/2023\/02\/superluna22_instagram_0007-scaled-e1677486204808.jpg\" class=\"attachment-full size-full wp-image-676\" alt=\"via lactea\" srcset=\"https:\/\/afvan.com\/wp-content\/uploads\/2023\/02\/superluna22_instagram_0007-scaled-e1677486204808.jpg 2047w, https:\/\/afvan.com\/wp-content\/uploads\/2023\/02\/superluna22_instagram_0007-scaled-e1677486204808-265x300.jpg 265w, https:\/\/afvan.com\/wp-content\/uploads\/2023\/02\/superluna22_instagram_0007-scaled-e1677486204808-904x1024.jpg 904w, https:\/\/afvan.com\/wp-content\/uploads\/2023\/02\/superluna22_instagram_0007-scaled-e1677486204808-768x870.jpg 768w, https:\/\/afvan.com\/wp-content\/uploads\/2023\/02\/superluna22_instagram_0007-scaled-e1677486204808-1355x1536.jpg 1355w, https:\/\/afvan.com\/wp-content\/uploads\/2023\/02\/superluna22_instagram_0007-scaled-e1677486204808-1807x2048.jpg 1807w\" sizes=\"(max-width: 2047px) 100vw, 2047px\" \/>\t\t\t\t\t\t\t\t\t\t\t\t\t\t\t<\/div>\n\t\t\t\t<\/div>\n\t\t\t\t<div class=\"elementor-element elementor-element-64363e13 elementor-drop-cap-yes elementor-drop-cap-view-default elementor-widget elementor-widget-text-editor\" data-id=\"64363e13\" data-element_type=\"widget\" data-e-type=\"widget\" data-settings=\"{&quot;drop_cap&quot;:&quot;yes&quot;}\" data-widget_type=\"text-editor.default\">\n\t\t\t\t<div class=\"elementor-widget-container\">\n\t\t\t\t\t\t\t\t\t<p><strong>La nostra comunitat<\/strong><\/p><p>AFVAN est\u00e0 formada per persones amb interessos molt diversos: fotografia de paisatge, natura, urbana, documental, retrat, astrofotografia&#8230; Aquesta diversitat ens enriqueix i dona vida a projectes heterogenis i din\u00e0mics. \u00c9s un espai de trobada, creativitat i col\u00b7laboraci\u00f3 on cadasc\u00fa pot aportar la seva visi\u00f3.<\/p><p><strong>Qu\u00e8 oferim als socis<\/strong><\/p><p>Formar part d\u2019AFVAN significa tenir acc\u00e9s a totes les activitats, participar en projectes col\u00b7lectius, compartir treballs, aportar idees i integrar-se en una comunitat activa i compromesa amb la fotografia. La quota anual \u00e9s simb\u00f2lica i ajuda a sostenir l\u2019organitzaci\u00f3 i els recursos de l\u2019associaci\u00f3.<\/p><p><strong>La nostra visi\u00f3<\/strong><\/p><p>Volem consolidar AFVAN com un referent fotogr\u00e0fic dins d\u2019Andorra: una associaci\u00f3 oberta, participativa i present arreu del pa\u00eds. Apostem per una fotografia que documenta, que comunica i que connecta amb el nostre entorn \u2014natural, cultural i astron\u00f2mic. Treballem per posar en valor el patrimoni visual d\u2019Andorra, fomentar la sensibilitat per la llum i el paisatge, i generar comunitat al voltant de la imatge.<\/p>\t\t\t\t\t\t\t\t<\/div>\n\t\t\t\t<\/div>\n\t\t\t\t\t<\/div>\n\t\t<\/div>\n\t\t\t\t\t<\/div>\n\t\t<\/section>\n\t\t<div class=\"elementor-element elementor-element-9efe372 e-con-full e-flex wpr-particle-no wpr-jarallax-no wpr-parallax-no wpr-sticky-section-no wpr-equal-height-no e-con e-parent\" data-id=\"9efe372\" data-element_type=\"container\" data-e-type=\"container\">\n\t\t<div class=\"elementor-element elementor-element-8242400 e-con-full e-flex wpr-particle-no wpr-jarallax-no wpr-parallax-no wpr-sticky-section-no wpr-equal-height-no e-con e-child\" data-id=\"8242400\" data-element_type=\"container\" data-e-type=\"container\">\n\t\t\t\t<\/div>\n\t\t<div class=\"elementor-element elementor-element-c069f5b e-con-full e-flex wpr-particle-no wpr-jarallax-no wpr-parallax-no wpr-sticky-section-no wpr-equal-height-no e-con e-child\" data-id=\"c069f5b\" data-element_type=\"container\" data-e-type=\"container\">\n\t\t\t\t<div class=\"elementor-element elementor-element-6e798d2 elementor-widget elementor-widget-heading\" data-id=\"6e798d2\" data-element_type=\"widget\" data-e-type=\"widget\" data-widget_type=\"heading.default\">\n\t\t\t\t<div class=\"elementor-widget-container\">\n\t\t\t\t\t<h5 class=\"elementor-heading-title elementor-size-default\">COM ENS ORGANITZEM?<\/h5>\t\t\t\t<\/div>\n\t\t\t\t<\/div>\n\t\t\t\t<\/div>\n\t\t<div class=\"elementor-element elementor-element-bc0cf7f e-con-full e-flex wpr-particle-no wpr-jarallax-no wpr-parallax-no wpr-sticky-section-no wpr-equal-height-no e-con e-child\" data-id=\"bc0cf7f\" data-element_type=\"container\" data-e-type=\"container\">\n\t\t\t\t<\/div>\n\t\t<div class=\"elementor-element elementor-element-ed01d56 e-con-full e-flex wpr-particle-no wpr-jarallax-no wpr-parallax-no wpr-sticky-section-no wpr-equal-height-no e-con e-child\" data-id=\"ed01d56\" data-element_type=\"container\" data-e-type=\"container\">\n\t\t\t\t<div class=\"elementor-element elementor-element-3701846 eael-team-align-centered elementor-widget elementor-widget-eael-team-member\" data-id=\"3701846\" data-element_type=\"widget\" data-e-type=\"widget\" data-widget_type=\"eael-team-member.default\">\n\t\t\t\t<div class=\"elementor-widget-container\">\n\t\t\t\t\t\n\n\t<div id=\"eael-team-member-3701846\" class=\"eael-team-item eael-team-members-simple \">\n\t\t<div class=\"eael-team-item-inner\">\n\t\t\t<div class=\"eael-team-image\">\n\t\t\t\t<figure>\n\t\t\t\t\t\t\t\t\t\t<img decoding=\"async\" src=\"https:\/\/afvan.com\/wp-content\/uploads\/2023\/10\/fan_encamp_low_04-e1698341299373.jpg\" alt=\"chero\">\n\t\t\t\t\t\t\t\t\t<\/figure>\n\t\t\t\t\n\t\t\t\t\n\t\t\t<\/div>\n\n\t\t\t<div class=\"eael-team-content\">\n\t\t\t\t<h2 class=\"eael-team-member-name\">Miguel Borrachero<\/h2><h3 class=\"eael-team-member-position\">President - soci fundador<\/h3>\n\t\t\t\t\t\t\t\t\t\t\t\t\t\t<p class=\"eael-team-text\"><\/p>\n\t\t\t\t\t\t\t<\/div>\n\t\t<\/div>\n\t<\/div>\n\t\t\t\t\t<\/div>\n\t\t\t\t<\/div>\n\t\t\t\t<\/div>\n\t\t<div class=\"elementor-element elementor-element-b126758 e-con-full e-flex wpr-particle-no wpr-jarallax-no wpr-parallax-no wpr-sticky-section-no wpr-equal-height-no e-con e-child\" data-id=\"b126758\" data-element_type=\"container\" data-e-type=\"container\">\n\t\t\t\t<div class=\"elementor-element elementor-element-239e5dc eael-team-align-centered elementor-widget elementor-widget-eael-team-member\" data-id=\"239e5dc\" data-element_type=\"widget\" data-e-type=\"widget\" data-widget_type=\"eael-team-member.default\">\n\t\t\t\t<div class=\"elementor-widget-container\">\n\t\t\t\t\t\n\n\t<div id=\"eael-team-member-239e5dc\" class=\"eael-team-item eael-team-members-simple \">\n\t\t<div class=\"eael-team-item-inner\">\n\t\t\t<div class=\"eael-team-image\">\n\t\t\t\t<figure>\n\t\t\t\t\t\t\t\t\t\t<img decoding=\"async\" src=\"https:\/\/afvan.com\/wp-content\/uploads\/2023\/10\/daniel-murcia.jpg\" alt=\"daniel\">\n\t\t\t\t\t\t\t\t\t<\/figure>\n\t\t\t\t\n\t\t\t\t\n\t\t\t<\/div>\n\n\t\t\t<div class=\"eael-team-content\">\n\t\t\t\t<h2 class=\"eael-team-member-name\">Daniel murcia<\/h2><h3 class=\"eael-team-member-position\">VicePresident - soci fundador<\/h3>\n\t\t\t\t\t\t\t\t\t\t\t\t\t\t<p class=\"eael-team-text\"><\/p>\n\t\t\t\t\t\t\t<\/div>\n\t\t<\/div>\n\t<\/div>\n\t\t\t\t\t<\/div>\n\t\t\t\t<\/div>\n\t\t\t\t<\/div>\n\t\t<div class=\"elementor-element elementor-element-690334c e-con-full e-flex wpr-particle-no wpr-jarallax-no wpr-parallax-no wpr-sticky-section-no wpr-equal-height-no e-con e-child\" data-id=\"690334c\" data-element_type=\"container\" data-e-type=\"container\">\n\t\t\t\t<div class=\"elementor-element elementor-element-c939bda eael-team-align-centered elementor-widget elementor-widget-eael-team-member\" data-id=\"c939bda\" data-element_type=\"widget\" data-e-type=\"widget\" data-widget_type=\"eael-team-member.default\">\n\t\t\t\t<div class=\"elementor-widget-container\">\n\t\t\t\t\t\n\n\t<div id=\"eael-team-member-c939bda\" class=\"eael-team-item eael-team-members-simple \">\n\t\t<div class=\"eael-team-item-inner\">\n\t\t\t<div class=\"eael-team-image\">\n\t\t\t\t<figure>\n\t\t\t\t\t\t\t\t\t\t<img decoding=\"async\" src=\"https:\/\/afvan.com\/wp-content\/uploads\/2023\/10\/1688558083-arxiu-lluislow-scaled.jpg\" alt=\"Llu\u00eds\">\n\t\t\t\t\t\t\t\t\t<\/figure>\n\t\t\t\t\n\t\t\t\t\n\t\t\t<\/div>\n\n\t\t\t<div class=\"eael-team-content\">\n\t\t\t\t<h2 class=\"eael-team-member-name\">Llu\u00eds miquel perez<\/h2><h3 class=\"eael-team-member-position\">Tresorer - soci fundador<\/h3>\n\t\t\t\t\t\t\t\t\t\t\t\t\t\t<p class=\"eael-team-text\"><\/p>\n\t\t\t\t\t\t\t<\/div>\n\t\t<\/div>\n\t<\/div>\n\t\t\t\t\t<\/div>\n\t\t\t\t<\/div>\n\t\t\t\t<\/div>\n\t\t<div class=\"elementor-element elementor-element-98cafed e-con-full e-flex wpr-particle-no wpr-jarallax-no wpr-parallax-no wpr-sticky-section-no wpr-equal-height-no e-con e-child\" data-id=\"98cafed\" data-element_type=\"container\" data-e-type=\"container\">\n\t\t\t\t<div class=\"elementor-element elementor-element-9a8c46d eael-team-align-centered elementor-widget elementor-widget-eael-team-member\" data-id=\"9a8c46d\" data-element_type=\"widget\" data-e-type=\"widget\" data-widget_type=\"eael-team-member.default\">\n\t\t\t\t<div class=\"elementor-widget-container\">\n\t\t\t\t\t\n\n\t<div id=\"eael-team-member-9a8c46d\" class=\"eael-team-item eael-team-members-simple \">\n\t\t<div class=\"eael-team-item-inner\">\n\t\t\t<div class=\"eael-team-image\">\n\t\t\t\t<figure>\n\t\t\t\t\t\t\t\t\t\t<img decoding=\"async\" src=\"https:\/\/afvan.com\/wp-content\/uploads\/2023\/10\/Fondo-de-foto-carnes-2-eliminado.png\" alt=\"\">\n\t\t\t\t\t\t\t\t\t<\/figure>\n\t\t\t\t\n\t\t\t\t\n\t\t\t<\/div>\n\n\t\t\t<div class=\"eael-team-content\">\n\t\t\t\t<h2 class=\"eael-team-member-name\">siscu hidalgo<\/h2><h3 class=\"eael-team-member-position\">secretari - soci fundador<\/h3>\n\t\t\t\t\t\t\t\t\t\t\t\t\t\t<p class=\"eael-team-text\"><\/p>\n\t\t\t\t\t\t\t<\/div>\n\t\t<\/div>\n\t<\/div>\n\t\t\t\t\t<\/div>\n\t\t\t\t<\/div>\n\t\t\t\t<\/div>\n\t\t<div class=\"elementor-element elementor-element-6ccef8d e-con-full e-flex wpr-particle-no wpr-jarallax-no wpr-parallax-no wpr-sticky-section-no wpr-equal-height-no e-con e-child\" data-id=\"6ccef8d\" data-element_type=\"container\" data-e-type=\"container\">\n\t\t\t\t<div class=\"elementor-element elementor-element-e702454 eael-team-align-centered elementor-widget elementor-widget-eael-team-member\" data-id=\"e702454\" data-element_type=\"widget\" data-e-type=\"widget\" data-widget_type=\"eael-team-member.default\">\n\t\t\t\t<div class=\"elementor-widget-container\">\n\t\t\t\t\t\n\n\t<div id=\"eael-team-member-e702454\" class=\"eael-team-item eael-team-members-simple \">\n\t\t<div class=\"eael-team-item-inner\">\n\t\t\t<div class=\"eael-team-image\">\n\t\t\t\t<figure>\n\t\t\t\t\t\t\t\t\t\t<img decoding=\"async\" src=\"https:\/\/afvan.com\/wp-content\/uploads\/2025\/06\/francisco1-e1749634881921.jpg\" alt=\"francisco\">\n\t\t\t\t\t\t\t\t\t<\/figure>\n\t\t\t\t\n\t\t\t\t\n\t\t\t<\/div>\n\n\t\t\t<div class=\"eael-team-content\">\n\t\t\t\t<h2 class=\"eael-team-member-name\">Francisco Cornellana<\/h2><h3 class=\"eael-team-member-position\">Vocal - soci<\/h3>\n\t\t\t\t\t\t\t\t\t\t\t\t\t\t<p class=\"eael-team-text\"><\/p>\n\t\t\t\t\t\t\t<\/div>\n\t\t<\/div>\n\t<\/div>\n\t\t\t\t\t<\/div>\n\t\t\t\t<\/div>\n\t\t\t\t<\/div>\n\t\t\t\t<\/div>\n\t\t<div class=\"elementor-element elementor-element-97b1d06 e-flex e-con-boxed wpr-particle-no wpr-jarallax-no wpr-parallax-no wpr-sticky-section-no wpr-equal-height-no e-con e-parent\" data-id=\"97b1d06\" data-element_type=\"container\" data-e-type=\"container\">\n\t\t\t\t\t<div class=\"e-con-inner\">\n\t\t<div class=\"elementor-element elementor-element-86a353d e-con-full e-flex wpr-particle-no wpr-jarallax-no wpr-parallax-no wpr-sticky-section-no wpr-equal-height-no e-con e-child\" data-id=\"86a353d\" data-element_type=\"container\" data-e-type=\"container\">\n\t\t<div class=\"elementor-element elementor-element-6d4a511 e-con-full e-flex wpr-particle-no wpr-jarallax-no wpr-parallax-no wpr-sticky-section-no wpr-equal-height-no e-con e-child\" data-id=\"6d4a511\" data-element_type=\"container\" data-e-type=\"container\">\n\t\t\t\t<\/div>\n\t\t\t\t<\/div>\n\t\t\t\t\t<\/div>\n\t\t\t\t<\/div>\n\t\t\t\t<\/div>\n\t\t","protected":false},"excerpt":{"rendered":"<p>ASSOCIACI\u00d3 FOTOGR\u00c0FICA VALLS DEL NORD QUI SOM? L\u2019Associaci\u00f3 Fotogr\u00e0fica Valls del Nord (AFVAN) \u00e9s una entitat sense \u00e0nim de lucre que agrupa persones d\u2019arreu d\u2019Andorra amb passi\u00f3 per la fotografia. Ens defineix la voluntat de compartir mirades, idees i projectes, i d\u2019impulsar la fotografia com a part de la riquesa cultural i paisatg\u00edstica del pa\u00eds. El nostre punt de partida s\u00f3n les Valls del Nord, per\u00f2 treballem i col\u00b7laborem arreu del territori. Qu\u00e8 fem A AFVAN proposem una \u00e0mplia gamma d\u2019activitats relacionades amb la fotografia: sortides de camp, sessions pr\u00e0ctiques, tallers, concursos interns, projectes col\u00b7lectius i exposicions. El nostre objectiu \u00e9s oferir espais de trobada i creaci\u00f3 fotogr\u00e0fica on tothom \u2014des de novells fins a fot\u00f2grafs amb experi\u00e8ncia\u2014 pugui participar, compartir i cr\u00e9ixer al seu ritme. Tamb\u00e9 dediquem una part important de la nostra activitat a l\u2019astrofotografia i a la fotografia nocturna. Col\u00b7laborem amb el projecte de Cel Fosc de La Massana \/ Parc Natural del Comapedrosa, reconegut amb la doble certificaci\u00f3 de Destinaci\u00f3 Tur\u00edstica Starlight i Reserva Starlight per la qualitat excepcional del seu cel nocturn. A m\u00e9s, alguns membres d\u2019AFVAN s\u00f3n Monitors Astron\u00f2mics Starlight certificats, la qual cosa refor\u00e7a la nostra capacitat de divulgar i posar en valor el patrimoni astron\u00f2mic i natural del pa\u00eds. Aquest vincle ens permet promoure una fotografia respectuosa i conscienciada amb el medi. La nostra comunitat AFVAN est\u00e0 formada per persones amb interessos molt diversos: fotografia de paisatge, natura, urbana, documental, retrat, astrofotografia&#8230; Aquesta diversitat ens enriqueix i dona vida a projectes heterogenis i din\u00e0mics. \u00c9s un espai de trobada, creativitat i col\u00b7laboraci\u00f3 on cadasc\u00fa pot aportar la seva visi\u00f3. Qu\u00e8 oferim als socis Formar part d\u2019AFVAN significa tenir acc\u00e9s a totes les activitats, participar en projectes col\u00b7lectius, compartir treballs, aportar idees i integrar-se en una comunitat activa i compromesa amb la fotografia. La quota anual \u00e9s simb\u00f2lica i ajuda a sostenir l\u2019organitzaci\u00f3 i els recursos de l\u2019associaci\u00f3. La nostra visi\u00f3 Volem consolidar AFVAN com un referent fotogr\u00e0fic dins d\u2019Andorra: una associaci\u00f3 oberta, participativa i present arreu del pa\u00eds. Apostem per una fotografia que documenta, que comunica i que connecta amb el nostre entorn \u2014natural, cultural i astron\u00f2mic. Treballem per posar en valor el patrimoni visual d\u2019Andorra, fomentar la sensibilitat per la llum i el paisatge, i generar comunitat al voltant de la imatge. COM ENS ORGANITZEM? Miguel Borrachero President &#8211; soci fundador Daniel murcia VicePresident &#8211; soci fundador Llu\u00eds miquel perez Tresorer &#8211; soci fundador siscu hidalgo secretari &#8211; soci fundador Francisco Cornellana Vocal &#8211; soci<\/p>\n","protected":false},"author":1,"featured_media":0,"parent":0,"menu_order":0,"comment_status":"closed","ping_status":"closed","template":"","meta":{"site-sidebar-layout":"no-sidebar","site-content-layout":"page-builder","ast-site-content-layout":"default","site-content-style":"default","site-sidebar-style":"default","ast-global-header-display":"","ast-banner-title-visibility":"","ast-main-header-display":"","ast-hfb-above-header-display":"","ast-hfb-below-header-display":"","ast-hfb-mobile-header-display":"","site-post-title":"disabled","ast-breadcrumbs-content":"","ast-featured-img":"disabled","footer-sml-layout":"","ast-disable-related-posts":"","theme-transparent-header-meta":"","adv-header-id-meta":"","stick-header-meta":"","header-above-stick-meta":"","header-main-stick-meta":"","header-below-stick-meta":"","astra-migrate-meta-layouts":"default","ast-page-background-enabled":"default","ast-page-background-meta":{"desktop":{"background-color":"var(--ast-global-color-4)","background-image":"","background-repeat":"repeat","background-position":"center center","background-size":"auto","background-attachment":"scroll","background-type":"","background-media":"","overlay-type":"","overlay-color":"","overlay-opacity":"","overlay-gradient":""},"tablet":{"background-color":"","background-image":"","background-repeat":"repeat","background-position":"center center","background-size":"auto","background-attachment":"scroll","background-type":"","background-media":"","overlay-type":"","overlay-color":"","overlay-opacity":"","overlay-gradient":""},"mobile":{"background-color":"","background-image":"","background-repeat":"repeat","background-position":"center center","background-size":"auto","background-attachment":"scroll","background-type":"","background-media":"","overlay-type":"","overlay-color":"","overlay-opacity":"","overlay-gradient":""}},"ast-content-background-meta":{"desktop":{"background-color":"var(--ast-global-color-5)","background-image":"","background-repeat":"repeat","background-position":"center center","background-size":"auto","background-attachment":"scroll","background-type":"","background-media":"","overlay-type":"","overlay-color":"","overlay-opacity":"","overlay-gradient":""},"tablet":{"background-color":"var(--ast-global-color-5)","background-image":"","background-repeat":"repeat","background-position":"center center","background-size":"auto","background-attachment":"scroll","background-type":"","background-media":"","overlay-type":"","overlay-color":"","overlay-opacity":"","overlay-gradient":""},"mobile":{"background-color":"var(--ast-global-color-5)","background-image":"","background-repeat":"repeat","background-position":"center center","background-size":"auto","background-attachment":"scroll","background-type":"","background-media":"","overlay-type":"","overlay-color":"","overlay-opacity":"","overlay-gradient":""}},"footnotes":""},"class_list":["post-97","page","type-page","status-publish","hentry"],"aioseo_notices":[],"a3_pvc":{"activated":false,"total_views":123,"today_views":0},"_links":{"self":[{"href":"https:\/\/afvan.com\/index.php\/wp-json\/wp\/v2\/pages\/97","targetHints":{"allow":["GET"]}}],"collection":[{"href":"https:\/\/afvan.com\/index.php\/wp-json\/wp\/v2\/pages"}],"about":[{"href":"https:\/\/afvan.com\/index.php\/wp-json\/wp\/v2\/types\/page"}],"author":[{"embeddable":true,"href":"https:\/\/afvan.com\/index.php\/wp-json\/wp\/v2\/users\/1"}],"replies":[{"embeddable":true,"href":"https:\/\/afvan.com\/index.php\/wp-json\/wp\/v2\/comments?post=97"}],"version-history":[{"count":229,"href":"https:\/\/afvan.com\/index.php\/wp-json\/wp\/v2\/pages\/97\/revisions"}],"predecessor-version":[{"id":6197,"href":"https:\/\/afvan.com\/index.php\/wp-json\/wp\/v2\/pages\/97\/revisions\/6197"}],"wp:attachment":[{"href":"https:\/\/afvan.com\/index.php\/wp-json\/wp\/v2\/media?parent=97"}],"curies":[{"name":"wp","href":"https:\/\/api.w.org\/{rel}","templated":true}]}}