{"id":5050,"date":"2024-10-09T06:02:29","date_gmt":"2024-10-09T05:02:29","guid":{"rendered":"https:\/\/afvan.com\/?post_type=tribe_events&#038;p=5050"},"modified":"2024-11-27T11:17:51","modified_gmt":"2024-11-27T10:17:51","slug":"taller-fotografia-paisatge-pitavola","status":"publish","type":"tribe_events","link":"https:\/\/afvan.com\/index.php\/event\/taller-fotografia-paisatge-pitavola\/","title":{"rendered":"Taller Fotografia Paisatge PITAVOLA"},"content":{"rendered":"<p><strong style=\"font-size: 16px;\">Taller de Fotografia de\u00a0<\/strong><b>Paissatge<\/b><\/p>\n<div>\n<ol start=\"2\">\n<li style=\"font-weight: 400;\"><strong> Data i Punt de Reuni\u00f3:<\/strong><\/li>\n<\/ol>\n<ul>\n<li style=\"font-weight: 400;\">\u2060 \u2060Punt de trobada: Circuit Interpretatiu, Arinsal , Carretera del Prat de Riuder, 3 (42,57973\u00b0 N, 1,47604\u00b0 E<\/li>\n<li style=\"font-weight: 400;\">\u2060 \u2060Horari: De 16:00 h a 19:00 h<\/li>\n<\/ul>\n<ol start=\"3\">\n<li style=\"font-weight: 400;\"><strong> Participants: <\/strong><\/li>\n<\/ol>\n<ul>\n<li style=\"font-weight: 400;\">\u2060 \u2060Nombre m\u00e0xim de persones: 15 participants<\/li>\n<\/ul>\n<ol start=\"4\">\n<li style=\"font-weight: 400;\"><strong> Descripci\u00f3 de l&#8217;activitat: <\/strong><\/li>\n<\/ol>\n<p style=\"font-weight: 400;\">Aquest taller est\u00e0 pensat per a tots aquells que vulguin aprendre i millorar les seves habilitats en la fotografia de paisatge, aprofitant l&#8217;entorn natural i captivador del bosc.<\/p>\n<ul>\n<li style=\"font-weight: 400;\">\u2060 \u2060Comen\u00e7arem amb una xerrada introduct\u00f2ria, on explicarem les t\u00e8cniques b\u00e0siques que posarem en pr\u00e0ctica durant l&#8217;activitat.<\/li>\n<li style=\"font-weight: 400;\">\u2060 \u2060Ens repartirem en grups petits per facilitar l&#8217;aprenentatge individualitzat i una millor experi\u00e8ncia en el camp.<\/li>\n<li style=\"font-weight: 400;\">\u2060 \u2060Treballarem la regla dels ter\u00e7os per crear composicions equilibrades i atractives.<\/li>\n<li style=\"font-weight: 400;\">\u2060 \u2060Tamb\u00e9 aprendrem sobre la composici\u00f3 i la profunditat de camp, elements clau en la fotografia de paisatge.<\/li>\n<li style=\"font-weight: 400;\">\u2060 \u2060A m\u00e9s, durant la sessi\u00f3, farem una pausa per connectar amb la natura, escoltant els sons del bosc i aprofitant aquesta tranquil\u00b7litat per inspirar-nos en les nostres fotografies.<\/li>\n<\/ul>\n<ol start=\"5\">\n<li style=\"font-weight: 400;\"><strong> Material necessari:<\/strong><\/li>\n<\/ol>\n<ul>\n<li style=\"font-weight: 400;\">\u2060\u2060Roba de muntanya adequada per caminar i protegir-se del clima.<\/li>\n<li style=\"font-weight: 400;\">\u2060\u2060Cal\u00e7at de muntanya c\u00f2mode i amb bona adher\u00e8ncia.<\/li>\n<li style=\"font-weight: 400;\">\u2060\u2060Llanterna o frontal (per si fos necessari a l\u2019acabar el taller).<\/li>\n<li style=\"font-weight: 400;\">\u2060\u2060C\u00e0mera r\u00e8flex o mirrorless amb la qual puguis controlar les configuracions manuals.<\/li>\n<li style=\"font-weight: 400;\">\u2060\u2060Tr\u00edpode, per a estabilitzar la c\u00e0mera en exposicions llargues.<\/li>\n<li style=\"font-weight: 400;\">\u2060 \u2060Objectiu angular per capturar paisatges amplis.<\/li>\n<\/ul>\n<ol start=\"6\">\n<li style=\"font-weight: 400;\"><strong> Recomanacions: <\/strong><\/li>\n<\/ol>\n<ul>\n<li style=\"font-weight: 400;\">\u2060 \u2060Porteu aigua i alguna cosa lleugera per menjar.<\/li>\n<\/ul>\n<p style=\"font-weight: 400;\"><strong>Inscripcions<\/strong>: Es podr\u00e0 fer la reserva dels tipus d\u2019entrades a trav\u00e9s del seg\u00fcent <a href=\"https:\/\/booking.visitlamassana.ad\/ca\/products\/pitavola-taller-de-fotografia-de-paisaje-con-afvan\">enlla\u00e7<\/a><\/p>\n<p style=\"font-weight: 400;\"><strong> <a href=\"https:\/\/afvan.com\/wp-content\/uploads\/2024\/10\/AF-TRIPTIC-2024-WEB.pdf\">AF TRIPTIC 2024 WEB<\/a><\/strong><\/p>\n<\/div>\n<div class=\"pvc_clear\"><\/div>\n<p id=\"pvc_stats_5050\" class=\"pvc_stats all  \" data-element-id=\"5050\" style=\"\"><i class=\"pvc-stats-icon medium\" aria-hidden=\"true\"><svg xmlns=\"http:\/\/www.w3.org\/2000\/svg\" version=\"1.0\" viewBox=\"0 0 502 315\" preserveAspectRatio=\"xMidYMid meet\"><g transform=\"translate(0,332) scale(0.1,-0.1)\" fill=\"\" stroke=\"none\"><path d=\"M2394 3279 l-29 -30 -3 -207 c-2 -182 0 -211 15 -242 39 -76 157 -76 196 0 15 31 17 60 15 243 l-3 209 -33 29 c-26 23 -41 29 -80 29 -41 0 -53 -5 -78 -31z\"\/><path d=\"M3085 3251 c-45 -19 -58 -50 -96 -229 -47 -217 -49 -260 -13 -295 52 -53 146 -42 177 20 16 31 87 366 87 410 0 70 -86 122 -155 94z\"\/><path d=\"M1751 3234 c-13 -9 -29 -31 -37 -50 -12 -29 -10 -49 21 -204 19 -94 39 -189 45 -210 14 -50 54 -80 110 -80 34 0 48 6 76 34 21 21 34 44 34 59 0 14 -18 113 -40 219 -37 178 -43 195 -70 221 -36 32 -101 37 -139 11z\"\/><path d=\"M1163 3073 c-36 -7 -73 -59 -73 -102 0 -56 133 -378 171 -413 34 -32 83 -37 129 -13 70 36 67 87 -16 290 -86 209 -89 214 -129 231 -35 14 -42 15 -82 7z\"\/><path d=\"M3689 3066 c-15 -9 -33 -30 -42 -48 -48 -103 -147 -355 -147 -375 0 -98 131 -148 192 -74 13 15 57 108 97 206 80 196 84 226 37 273 -30 30 -99 39 -137 18z\"\/><path d=\"M583 2784 c-38 -19 -67 -74 -58 -113 9 -42 211 -354 242 -373 16 -10 45 -18 66 -18 51 0 107 52 107 100 0 39 -1 41 -124 234 -80 126 -108 162 -133 173 -41 17 -61 16 -100 -3z\"\/><path d=\"M4250 2784 c-14 -9 -74 -91 -133 -183 -95 -150 -107 -173 -107 -213 0 -55 33 -94 87 -104 67 -13 90 8 211 198 130 202 137 225 78 284 -27 27 -42 34 -72 34 -22 0 -50 -8 -64 -16z\"\/><path d=\"M2275 2693 c-553 -48 -1095 -270 -1585 -649 -135 -104 -459 -423 -483 -476 -23 -49 -22 -139 2 -186 73 -142 361 -457 571 -626 285 -228 642 -407 990 -497 242 -63 336 -73 660 -74 310 0 370 5 595 52 535 111 1045 392 1455 803 122 121 250 273 275 326 19 41 19 137 0 174 -41 79 -309 363 -465 492 -447 370 -946 591 -1479 653 -113 14 -422 18 -536 8z m395 -428 c171 -34 330 -124 456 -258 112 -119 167 -219 211 -378 27 -96 24 -300 -5 -401 -72 -255 -236 -447 -474 -557 -132 -62 -201 -76 -368 -76 -167 0 -236 14 -368 76 -213 98 -373 271 -451 485 -162 444 86 934 547 1084 153 49 292 57 452 25z m909 -232 c222 -123 408 -262 593 -441 76 -74 138 -139 138 -144 0 -16 -233 -242 -330 -319 -155 -123 -309 -223 -461 -299 l-81 -41 32 46 c18 26 49 83 70 128 143 306 141 649 -6 957 -25 52 -61 116 -79 142 l-34 47 45 -20 c26 -10 76 -36 113 -56z m-2057 25 c-40 -58 -105 -190 -130 -263 -110 -324 -59 -707 132 -981 25 -35 42 -64 37 -64 -19 0 -241 119 -326 174 -188 122 -406 314 -532 468 l-58 71 108 103 c185 178 428 349 672 473 66 33 121 60 123 61 2 0 -10 -19 -26 -42z\"\/><path d=\"M2375 1950 c-198 -44 -350 -190 -395 -379 -18 -76 -8 -221 19 -290 114 -284 457 -406 731 -260 98 52 188 154 231 260 27 69 37 214 19 290 -38 163 -166 304 -326 360 -67 23 -215 33 -279 19z\"\/><\/g><\/svg><\/i> <img decoding=\"async\" width=\"16\" height=\"16\" alt=\"Loading\" src=\"https:\/\/afvan.com\/wp-content\/plugins\/page-views-count\/ajax-loader-2x.gif\" border=0 \/><\/p>\n<div class=\"pvc_clear\"><\/div>\n","protected":false},"excerpt":{"rendered":"<p>Taller de Fotografia de\u00a0Paissatge Data i Punt de Reuni\u00f3: \u2060 \u2060Punt de trobada: Circuit Interpretatiu, Arinsal , Carretera del Prat de Riuder, 3 (42,57973\u00b0 N, 1,47604\u00b0 E \u2060 \u2060Horari: De 16:00 h a 19:00 h Participants: \u2060 \u2060Nombre m\u00e0xim de persones: 15 participants Descripci\u00f3 de l&#8217;activitat: Aquest taller est\u00e0 pensat per a tots aquells que vulguin aprendre i millorar les seves habilitats en la fotografia de paisatge, aprofitant l&#8217;entorn natural i captivador del bosc. \u2060 \u2060Comen\u00e7arem amb una xerrada introduct\u00f2ria, on explicarem les t\u00e8cniques b\u00e0siques que posarem en pr\u00e0ctica durant l&#8217;activitat. \u2060 \u2060Ens repartirem en grups petits per facilitar l&#8217;aprenentatge individualitzat i una millor experi\u00e8ncia en el camp. \u2060 \u2060Treballarem la regla dels ter\u00e7os per crear composicions equilibrades i atractives. \u2060 \u2060Tamb\u00e9 aprendrem sobre la composici\u00f3 i la profunditat de camp, elements clau en la fotografia de paisatge. \u2060 \u2060A m\u00e9s, durant la sessi\u00f3, farem una pausa per connectar amb la natura, escoltant els sons del bosc i aprofitant aquesta tranquil\u00b7litat per inspirar-nos en les nostres fotografies. Material necessari: \u2060\u2060Roba de muntanya adequada per caminar i protegir-se del clima. \u2060\u2060Cal\u00e7at de muntanya c\u00f2mode i amb bona adher\u00e8ncia. \u2060\u2060Llanterna o frontal (per si fos necessari a l\u2019acabar el taller). \u2060\u2060C\u00e0mera r\u00e8flex o mirrorless amb la qual puguis controlar les configuracions manuals. \u2060\u2060Tr\u00edpode, per a estabilitzar la c\u00e0mera en exposicions llargues. \u2060 \u2060Objectiu angular per capturar paisatges amplis. Recomanacions: \u2060 \u2060Porteu aigua i alguna cosa lleugera per menjar. Inscripcions: Es podr\u00e0 fer la reserva dels tipus d\u2019entrades a trav\u00e9s del seg\u00fcent enlla\u00e7 AF TRIPTIC 2024 WEB<\/p>\n","protected":false},"author":1,"featured_media":5052,"comment_status":"open","ping_status":"closed","template":"","meta":{"site-sidebar-layout":"default","site-content-layout":"","ast-site-content-layout":"default","site-content-style":"default","site-sidebar-style":"default","ast-global-header-display":"","ast-banner-title-visibility":"","ast-main-header-display":"","ast-hfb-above-header-display":"","ast-hfb-below-header-display":"","ast-hfb-mobile-header-display":"","site-post-title":"","ast-breadcrumbs-content":"","ast-featured-img":"","footer-sml-layout":"","ast-disable-related-posts":"","theme-transparent-header-meta":"default","adv-header-id-meta":"","stick-header-meta":"","header-above-stick-meta":"","header-main-stick-meta":"","header-below-stick-meta":"","astra-migrate-meta-layouts":"set","ast-page-background-enabled":"default","ast-page-background-meta":{"desktop":{"background-color":"var(--ast-global-color-4)","background-image":"","background-repeat":"repeat","background-position":"center center","background-size":"auto","background-attachment":"scroll","background-type":"","background-media":"","overlay-type":"","overlay-color":"","overlay-opacity":"","overlay-gradient":""},"tablet":{"background-color":"","background-image":"","background-repeat":"repeat","background-position":"center center","background-size":"auto","background-attachment":"scroll","background-type":"","background-media":"","overlay-type":"","overlay-color":"","overlay-opacity":"","overlay-gradient":""},"mobile":{"background-color":"","background-image":"","background-repeat":"repeat","background-position":"center center","background-size":"auto","background-attachment":"scroll","background-type":"","background-media":"","overlay-type":"","overlay-color":"","overlay-opacity":"","overlay-gradient":""}},"ast-content-background-meta":{"desktop":{"background-color":"var(--ast-global-color-5)","background-image":"","background-repeat":"repeat","background-position":"center center","background-size":"auto","background-attachment":"scroll","background-type":"","background-media":"","overlay-type":"","overlay-color":"","overlay-opacity":"","overlay-gradient":""},"tablet":{"background-color":"var(--ast-global-color-5)","background-image":"","background-repeat":"repeat","background-position":"center center","background-size":"auto","background-attachment":"scroll","background-type":"","background-media":"","overlay-type":"","overlay-color":"","overlay-opacity":"","overlay-gradient":""},"mobile":{"background-color":"var(--ast-global-color-5)","background-image":"","background-repeat":"repeat","background-position":"center center","background-size":"auto","background-attachment":"scroll","background-type":"","background-media":"","overlay-type":"","overlay-color":"","overlay-opacity":"","overlay-gradient":""}},"_tribe_events_status":"","_tribe_events_status_reason":"","footnotes":""},"tags":[],"tribe_events_cat":[],"class_list":["post-5050","tribe_events","type-tribe_events","status-publish","has-post-thumbnail","hentry"],"aioseo_notices":[],"a3_pvc":{"activated":true,"total_views":17,"today_views":0},"_links":{"self":[{"href":"https:\/\/afvan.com\/index.php\/wp-json\/wp\/v2\/tribe_events\/5050","targetHints":{"allow":["GET"]}}],"collection":[{"href":"https:\/\/afvan.com\/index.php\/wp-json\/wp\/v2\/tribe_events"}],"about":[{"href":"https:\/\/afvan.com\/index.php\/wp-json\/wp\/v2\/types\/tribe_events"}],"author":[{"embeddable":true,"href":"https:\/\/afvan.com\/index.php\/wp-json\/wp\/v2\/users\/1"}],"replies":[{"embeddable":true,"href":"https:\/\/afvan.com\/index.php\/wp-json\/wp\/v2\/comments?post=5050"}],"version-history":[{"count":4,"href":"https:\/\/afvan.com\/index.php\/wp-json\/wp\/v2\/tribe_events\/5050\/revisions"}],"predecessor-version":[{"id":5056,"href":"https:\/\/afvan.com\/index.php\/wp-json\/wp\/v2\/tribe_events\/5050\/revisions\/5056"}],"wp:featuredmedia":[{"embeddable":true,"href":"https:\/\/afvan.com\/index.php\/wp-json\/wp\/v2\/media\/5052"}],"wp:attachment":[{"href":"https:\/\/afvan.com\/index.php\/wp-json\/wp\/v2\/media?parent=5050"}],"wp:term":[{"taxonomy":"post_tag","embeddable":true,"href":"https:\/\/afvan.com\/index.php\/wp-json\/wp\/v2\/tags?post=5050"},{"taxonomy":"tribe_events_cat","embeddable":true,"href":"https:\/\/afvan.com\/index.php\/wp-json\/wp\/v2\/tribe_events_cat?post=5050"}],"curies":[{"name":"wp","href":"https:\/\/api.w.org\/{rel}","templated":true}]}}

<p><strong style="font-size: 16px;">Taller de Fotografia de </strong><b>Paissatge</b></p>
<div>
<ol start="2">
<li style="font-weight: 400;"><strong> Data i Punt de Reunió:</strong></li>
</ol>
<ul>
<li style="font-weight: 400;">⁠ ⁠Punt de trobada: Circuit Interpretatiu, Arinsal , Carretera del Prat de Riuder, 3 (42,57973° N, 1,47604° E</li>
<li style="font-weight: 400;">⁠ ⁠Horari: De 16:00 h a 19:00 h</li>
</ul>
<ol start="3">
<li style="font-weight: 400;"><strong> Participants: </strong></li>
</ol>
<ul>
<li style="font-weight: 400;">⁠ ⁠Nombre màxim de persones: 15 participants</li>
</ul>
<ol start="4">
<li style="font-weight: 400;"><strong> Descripció de l&#8217;activitat: </strong></li>
</ol>
<p style="font-weight: 400;">Aquest taller està pensat per a tots aquells que vulguin aprendre i millorar les seves habilitats en la fotografia de paisatge, aprofitant l&#8217;entorn natural i captivador del bosc.</p>
<ul>
<li style="font-weight: 400;">⁠ ⁠Començarem amb una xerrada introductòria, on explicarem les tècniques bàsiques que posarem en pràctica durant l&#8217;activitat.</li>
<li style="font-weight: 400;">⁠ ⁠Ens repartirem en grups petits per facilitar l&#8217;aprenentatge individualitzat i una millor experiència en el camp.</li>
<li style="font-weight: 400;">⁠ ⁠Treballarem la regla dels terços per crear composicions equilibrades i atractives.</li>
<li style="font-weight: 400;">⁠ ⁠També aprendrem sobre la composició i la profunditat de camp, elements clau en la fotografia de paisatge.</li>
<li style="font-weight: 400;">⁠ ⁠A més, durant la sessió, farem una pausa per connectar amb la natura, escoltant els sons del bosc i aprofitant aquesta tranquil·litat per inspirar-nos en les nostres fotografies.</li>
</ul>
<ol start="5">
<li style="font-weight: 400;"><strong> Material necessari:</strong></li>
</ol>
<ul>
<li style="font-weight: 400;">⁠⁠Roba de muntanya adequada per caminar i protegir-se del clima.</li>
<li style="font-weight: 400;">⁠⁠Calçat de muntanya còmode i amb bona adherència.</li>
<li style="font-weight: 400;">⁠⁠Llanterna o frontal (per si fos necessari a l’acabar el taller).</li>
<li style="font-weight: 400;">⁠⁠Càmera rèflex o mirrorless amb la qual puguis controlar les configuracions manuals.</li>
<li style="font-weight: 400;">⁠⁠Trípode, per a estabilitzar la càmera en exposicions llargues.</li>
<li style="font-weight: 400;">⁠ ⁠Objectiu angular per capturar paisatges amplis.</li>
</ul>
<ol start="6">
<li style="font-weight: 400;"><strong> Recomanacions: </strong></li>
</ol>
<ul>
<li style="font-weight: 400;">⁠ ⁠Porteu aigua i alguna cosa lleugera per menjar.</li>
</ul>
<p style="font-weight: 400;"><strong>Inscripcions</strong>: Es podrà fer la reserva dels tipus d’entrades a través del següent <a href="https://booking.visitlamassana.ad/ca/products/pitavola-taller-de-fotografia-de-paisaje-con-afvan">enllaç</a></p>
<p style="font-weight: 400;"><strong> <a href="https://afvan.com/wp-content/uploads/2024/10/AF-TRIPTIC-2024-WEB.pdf">AF TRIPTIC 2024 WEB</a></strong></p>
</div>
<div class="pvc_clear"></div>
<p id="pvc_stats_5050" class="pvc_stats all  " data-element-id="5050" style=""><i class="pvc-stats-icon medium" aria-hidden="true"><svg xmlns="http://www.w3.org/2000/svg" version="1.0" viewBox="0 0 502 315" preserveAspectRatio="xMidYMid meet"><g transform="translate(0,332) scale(0.1,-0.1)" fill="" stroke="none"><path d="M2394 3279 l-29 -30 -3 -207 c-2 -182 0 -211 15 -242 39 -76 157 -76 196 0 15 31 17 60 15 243 l-3 209 -33 29 c-26 23 -41 29 -80 29 -41 0 -53 -5 -78 -31z"/><path d="M3085 3251 c-45 -19 -58 -50 -96 -229 -47 -217 -49 -260 -13 -295 52 -53 146 -42 177 20 16 31 87 366 87 410 0 70 -86 122 -155 94z"/><path d="M1751 3234 c-13 -9 -29 -31 -37 -50 -12 -29 -10 -49 21 -204 19 -94 39 -189 45 -210 14 -50 54 -80 110 -80 34 0 48 6 76 34 21 21 34 44 34 59 0 14 -18 113 -40 219 -37 178 -43 195 -70 221 -36 32 -101 37 -139 11z"/><path d="M1163 3073 c-36 -7 -73 -59 -73 -102 0 -56 133 -378 171 -413 34 -32 83 -37 129 -13 70 36 67 87 -16 290 -86 209 -89 214 -129 231 -35 14 -42 15 -82 7z"/><path d="M3689 3066 c-15 -9 -33 -30 -42 -48 -48 -103 -147 -355 -147 -375 0 -98 131 -148 192 -74 13 15 57 108 97 206 80 196 84 226 37 273 -30 30 -99 39 -137 18z"/><path d="M583 2784 c-38 -19 -67 -74 -58 -113 9 -42 211 -354 242 -373 16 -10 45 -18 66 -18 51 0 107 52 107 100 0 39 -1 41 -124 234 -80 126 -108 162 -133 173 -41 17 -61 16 -100 -3z"/><path d="M4250 2784 c-14 -9 -74 -91 -133 -183 -95 -150 -107 -173 -107 -213 0 -55 33 -94 87 -104 67 -13 90 8 211 198 130 202 137 225 78 284 -27 27 -42 34 -72 34 -22 0 -50 -8 -64 -16z"/><path d="M2275 2693 c-553 -48 -1095 -270 -1585 -649 -135 -104 -459 -423 -483 -476 -23 -49 -22 -139 2 -186 73 -142 361 -457 571 -626 285 -228 642 -407 990 -497 242 -63 336 -73 660 -74 310 0 370 5 595 52 535 111 1045 392 1455 803 122 121 250 273 275 326 19 41 19 137 0 174 -41 79 -309 363 -465 492 -447 370 -946 591 -1479 653 -113 14 -422 18 -536 8z m395 -428 c171 -34 330 -124 456 -258 112 -119 167 -219 211 -378 27 -96 24 -300 -5 -401 -72 -255 -236 -447 -474 -557 -132 -62 -201 -76 -368 -76 -167 0 -236 14 -368 76 -213 98 -373 271 -451 485 -162 444 86 934 547 1084 153 49 292 57 452 25z m909 -232 c222 -123 408 -262 593 -441 76 -74 138 -139 138 -144 0 -16 -233 -242 -330 -319 -155 -123 -309 -223 -461 -299 l-81 -41 32 46 c18 26 49 83 70 128 143 306 141 649 -6 957 -25 52 -61 116 -79 142 l-34 47 45 -20 c26 -10 76 -36 113 -56z m-2057 25 c-40 -58 -105 -190 -130 -263 -110 -324 -59 -707 132 -981 25 -35 42 -64 37 -64 -19 0 -241 119 -326 174 -188 122 -406 314 -532 468 l-58 71 108 103 c185 178 428 349 672 473 66 33 121 60 123 61 2 0 -10 -19 -26 -42z"/><path d="M2375 1950 c-198 -44 -350 -190 -395 -379 -18 -76 -8 -221 19 -290 114 -284 457 -406 731 -260 98 52 188 154 231 260 27 69 37 214 19 290 -38 163 -166 304 -326 360 -67 23 -215 33 -279 19z"/></g></svg></i> <img decoding="async" width="16" height="16" alt="Loading" src="https://afvan.com/wp-content/plugins/page-views-count/ajax-loader-2x.gif" border=0 /></p>
<div class="pvc_clear"></div>

<p>Taller de Fotografia de Paissatge Data i Punt de Reunió: ⁠ ⁠Punt de trobada: Circuit Interpretatiu, Arinsal , Carretera del Prat de Riuder, 3 (42,57973° N, 1,47604° E ⁠ ⁠Horari: De 16:00 h a 19:00 h Participants: ⁠ ⁠Nombre màxim de persones: 15 participants Descripció de l&#8217;activitat: Aquest taller està pensat per a tots aquells que vulguin aprendre i millorar les seves habilitats en la fotografia de paisatge, aprofitant l&#8217;entorn natural i captivador del bosc. ⁠ ⁠Començarem amb una xerrada introductòria, on explicarem les tècniques bàsiques que posarem en pràctica durant l&#8217;activitat. ⁠ ⁠Ens repartirem en grups petits per facilitar l&#8217;aprenentatge individualitzat i una millor experiència en el camp. ⁠ ⁠Treballarem la regla dels terços per crear composicions equilibrades i atractives. ⁠ ⁠També aprendrem sobre la composició i la profunditat de camp, elements clau en la fotografia de paisatge. ⁠ ⁠A més, durant la sessió, farem una pausa per connectar amb la natura, escoltant els sons del bosc i aprofitant aquesta tranquil·litat per inspirar-nos en les nostres fotografies. Material necessari: ⁠⁠Roba de muntanya adequada per caminar i protegir-se del clima. ⁠⁠Calçat de muntanya còmode i amb bona adherència. ⁠⁠Llanterna o frontal (per si fos necessari a l’acabar el taller). ⁠⁠Càmera rèflex o mirrorless amb la qual puguis controlar les configuracions manuals. ⁠⁠Trípode, per a estabilitzar la càmera en exposicions llargues. ⁠ ⁠Objectiu angular per capturar paisatges amplis. Recomanacions: ⁠ ⁠Porteu aigua i alguna cosa lleugera per menjar. Inscripcions: Es podrà fer la reserva dels tipus d’entrades a través del següent enllaç AF TRIPTIC 2024 WEB</p>
