{"id":5532,"date":"2025-03-27T15:27:12","date_gmt":"2025-03-27T14:27:12","guid":{"rendered":"https:\/\/afvan.com\/?post_type=tribe_events&#038;p=5532"},"modified":"2025-03-27T17:17:35","modified_gmt":"2025-03-27T16:17:35","slug":"curs-de-fotografia-estereoscopica-i-exposicio-de-formes-deformes","status":"publish","type":"tribe_events","link":"https:\/\/afvan.com\/index.php\/event\/curs-de-fotografia-estereoscopica-i-exposicio-de-formes-deformes\/","title":{"rendered":"Curs de Fotografia Estereosc\u00f2pica i Exposici\u00f3 &#8220;De Formes Deformes&#8221;"},"content":{"rendered":"<h3 data-pm-slice=\"1 1 []\">Curs de Fotografia Estereosc\u00f2pica<\/h3>\n<p><strong>Impartit per Miquel Planchart<\/strong> L&#8217;Escola d&#8217;Art d&#8217;Andorra la Vella acollir\u00e0 els dies <strong>5 i 6 d&#8217;abril de 2025<\/strong> un curs intensiu dedicat a la fotografia estereosc\u00f2pica. Aquest curs ofereix una introducci\u00f3 als conceptes b\u00e0sics i les eines necess\u00e0ries per crear imatges en 3D, una disciplina que permet explorar la tridimensionalitat a trav\u00e9s de la fotografia.<\/p>\n<p><strong>Horaris:<\/strong><\/p>\n<ul data-spread=\"false\">\n<li>Dissabte 5 d&#8217;abril: de 10:00 a 14:00 h i de 15:30 a 19:30 h<\/li>\n<li>Diumenge 6 d&#8217;abril: de 10:00 a 14:00 h<\/li>\n<\/ul>\n<p><strong>Temari:<\/strong><\/p>\n<ul data-spread=\"false\">\n<li>Introducci\u00f3 a la fotografia estereosc\u00f2pica: qu\u00e8 \u00e9s i com funciona<\/li>\n<li>T\u00e8cniques i eines per capturar imatges en 3D<\/li>\n<li>Processament digital i creaci\u00f3 d\u2019efectes estereosc\u00f2pics<\/li>\n<li>Pr\u00e0ctiques de captura i edici\u00f3<\/li>\n<li>Aplicacions art\u00edstiques i narratives de la fotografia 3D<\/li>\n<\/ul>\n<p><strong>Material necessari:<\/strong><\/p>\n<ul data-spread=\"false\">\n<li>C\u00e0mera digital (preferiblement amb ajustaments manuals)<\/li>\n<\/ul>\n<p><strong>Preus:<\/strong><\/p>\n<ul data-spread=\"false\">\n<li>60\u20ac per a alumnes matriculats a l&#8217;Escola d\u2019Art d\u2019Andorra la Vella i Escaldes-Engordany<\/li>\n<li>78\u20ac per a no matriculats<\/li>\n<\/ul>\n<p><strong>Inscripcions:<\/strong><\/p>\n<ul data-spread=\"false\">\n<li>Contacte: <a><strong>lallacuna@comuandorra.ad<\/strong><\/a><\/li>\n<li>Tel\u00e8fon: <strong>+376 73 00 37<\/strong><\/li>\n<\/ul>\n<div>\n<hr \/>\n<\/div>\n<h3>Exposici\u00f3 &#8220;De Formes Deformes&#8221; a Espai Caldes<\/h3>\n<p>Del <strong>6 de mar\u00e7 al 10 de maig de 2025<\/strong>, Espai Caldes acull l\u2019exposici\u00f3 <strong>&#8220;De Formes Deformes&#8221;<\/strong> de Miquel Planchart. Aquesta mostra presenta un recorregut immersiu per imatges tridimensionals creades mitjan\u00e7ant la t\u00e8cnica estereosc\u00f2pica, permetent dues lectures: una abstracciona i una figurativa.<\/p>\n<p>L\u2019exposici\u00f3 est\u00e0 acompanyada d\u2019un ambient sonor dissenyat per <strong>Llu\u00eds Casahuga, Kic Barroc i Toni Gibert<\/strong> del laboratori de creaci\u00f3 sonora <strong>Fonorama<\/strong>. La seva composici\u00f3 evoca les textures i formes de les obres exposades.<\/p>\n<p><strong>Activitats relacionades:<\/strong><\/p>\n<ul data-spread=\"false\">\n<li><strong>Visites guiades amb l&#8217;artista<\/strong>\n<ul data-spread=\"false\">\n<li>Dissabte 22 de mar\u00e7, a les 16:00 h<\/li>\n<li>Dissabte 26 d\u2019abril, a les 12:00 h<\/li>\n<\/ul>\n<\/li>\n<li><strong>Concert &#8220;Deformes Musicals&#8221;<\/strong> (acte de cloenda)\n<ul data-spread=\"false\">\n<li>Divendres 9 de maig, a les 20:00 h<\/li>\n<li>Actuaci\u00f3 d\u2019electr\u00f2nica en viu amb <strong>Fonorama<\/strong><\/li>\n<\/ul>\n<\/li>\n<\/ul>\n<p><strong>Entrada gratu\u00efta amb reserva pr\u00e8via<\/strong> a <a><strong>espai.caldes@e-e.ad<\/strong><\/a> o al tel\u00e8fon <strong>+376 890 897<\/strong>.<\/p>\n<p>Aquest curs i exposici\u00f3 ofereixen una experi\u00e8ncia \u00fanica per als amants de la fotografia i les arts visuals, explorant la frontera entre la realitat i la ficci\u00f3 a trav\u00e9s de la tridimensionalitat.<\/p>\n<div class=\"pvc_clear\"><\/div>\n<p id=\"pvc_stats_5532\" class=\"pvc_stats all  \" data-element-id=\"5532\" style=\"\"><i class=\"pvc-stats-icon medium\" aria-hidden=\"true\"><svg xmlns=\"http:\/\/www.w3.org\/2000\/svg\" version=\"1.0\" viewBox=\"0 0 502 315\" preserveAspectRatio=\"xMidYMid meet\"><g transform=\"translate(0,332) scale(0.1,-0.1)\" fill=\"\" stroke=\"none\"><path d=\"M2394 3279 l-29 -30 -3 -207 c-2 -182 0 -211 15 -242 39 -76 157 -76 196 0 15 31 17 60 15 243 l-3 209 -33 29 c-26 23 -41 29 -80 29 -41 0 -53 -5 -78 -31z\"\/><path d=\"M3085 3251 c-45 -19 -58 -50 -96 -229 -47 -217 -49 -260 -13 -295 52 -53 146 -42 177 20 16 31 87 366 87 410 0 70 -86 122 -155 94z\"\/><path d=\"M1751 3234 c-13 -9 -29 -31 -37 -50 -12 -29 -10 -49 21 -204 19 -94 39 -189 45 -210 14 -50 54 -80 110 -80 34 0 48 6 76 34 21 21 34 44 34 59 0 14 -18 113 -40 219 -37 178 -43 195 -70 221 -36 32 -101 37 -139 11z\"\/><path d=\"M1163 3073 c-36 -7 -73 -59 -73 -102 0 -56 133 -378 171 -413 34 -32 83 -37 129 -13 70 36 67 87 -16 290 -86 209 -89 214 -129 231 -35 14 -42 15 -82 7z\"\/><path d=\"M3689 3066 c-15 -9 -33 -30 -42 -48 -48 -103 -147 -355 -147 -375 0 -98 131 -148 192 -74 13 15 57 108 97 206 80 196 84 226 37 273 -30 30 -99 39 -137 18z\"\/><path d=\"M583 2784 c-38 -19 -67 -74 -58 -113 9 -42 211 -354 242 -373 16 -10 45 -18 66 -18 51 0 107 52 107 100 0 39 -1 41 -124 234 -80 126 -108 162 -133 173 -41 17 -61 16 -100 -3z\"\/><path d=\"M4250 2784 c-14 -9 -74 -91 -133 -183 -95 -150 -107 -173 -107 -213 0 -55 33 -94 87 -104 67 -13 90 8 211 198 130 202 137 225 78 284 -27 27 -42 34 -72 34 -22 0 -50 -8 -64 -16z\"\/><path d=\"M2275 2693 c-553 -48 -1095 -270 -1585 -649 -135 -104 -459 -423 -483 -476 -23 -49 -22 -139 2 -186 73 -142 361 -457 571 -626 285 -228 642 -407 990 -497 242 -63 336 -73 660 -74 310 0 370 5 595 52 535 111 1045 392 1455 803 122 121 250 273 275 326 19 41 19 137 0 174 -41 79 -309 363 -465 492 -447 370 -946 591 -1479 653 -113 14 -422 18 -536 8z m395 -428 c171 -34 330 -124 456 -258 112 -119 167 -219 211 -378 27 -96 24 -300 -5 -401 -72 -255 -236 -447 -474 -557 -132 -62 -201 -76 -368 -76 -167 0 -236 14 -368 76 -213 98 -373 271 -451 485 -162 444 86 934 547 1084 153 49 292 57 452 25z m909 -232 c222 -123 408 -262 593 -441 76 -74 138 -139 138 -144 0 -16 -233 -242 -330 -319 -155 -123 -309 -223 -461 -299 l-81 -41 32 46 c18 26 49 83 70 128 143 306 141 649 -6 957 -25 52 -61 116 -79 142 l-34 47 45 -20 c26 -10 76 -36 113 -56z m-2057 25 c-40 -58 -105 -190 -130 -263 -110 -324 -59 -707 132 -981 25 -35 42 -64 37 -64 -19 0 -241 119 -326 174 -188 122 -406 314 -532 468 l-58 71 108 103 c185 178 428 349 672 473 66 33 121 60 123 61 2 0 -10 -19 -26 -42z\"\/><path d=\"M2375 1950 c-198 -44 -350 -190 -395 -379 -18 -76 -8 -221 19 -290 114 -284 457 -406 731 -260 98 52 188 154 231 260 27 69 37 214 19 290 -38 163 -166 304 -326 360 -67 23 -215 33 -279 19z\"\/><\/g><\/svg><\/i> <img decoding=\"async\" width=\"16\" height=\"16\" alt=\"Loading\" src=\"https:\/\/afvan.com\/wp-content\/plugins\/page-views-count\/ajax-loader-2x.gif\" border=0 \/><\/p>\n<div class=\"pvc_clear\"><\/div>\n","protected":false},"excerpt":{"rendered":"<p>Curs de Fotografia Estereosc\u00f2pica Impartit per Miquel Planchart L&#8217;Escola d&#8217;Art d&#8217;Andorra la Vella acollir\u00e0 els dies 5 i 6 d&#8217;abril de 2025 un curs intensiu dedicat a la fotografia estereosc\u00f2pica. Aquest curs ofereix una introducci\u00f3 als conceptes b\u00e0sics i les eines necess\u00e0ries per crear imatges en 3D, una disciplina que permet explorar la tridimensionalitat a trav\u00e9s de la fotografia. Horaris: Dissabte 5 d&#8217;abril: de 10:00 a 14:00 h i de 15:30 a 19:30 h Diumenge 6 d&#8217;abril: de 10:00 a 14:00 h Temari: Introducci\u00f3 a la fotografia estereosc\u00f2pica: qu\u00e8 \u00e9s i com funciona T\u00e8cniques i eines per capturar imatges en 3D Processament digital i creaci\u00f3 d\u2019efectes estereosc\u00f2pics Pr\u00e0ctiques de captura i edici\u00f3 Aplicacions art\u00edstiques i narratives de la fotografia 3D Material necessari: C\u00e0mera digital (preferiblement amb ajustaments manuals) Preus: 60\u20ac per a alumnes matriculats a l&#8217;Escola d\u2019Art d\u2019Andorra la Vella i Escaldes-Engordany 78\u20ac per a no matriculats Inscripcions: Contacte: lallacuna@comuandorra.ad Tel\u00e8fon: +376 73 00 37 Exposici\u00f3 &#8220;De Formes Deformes&#8221; a Espai Caldes Del 6 de mar\u00e7 al 10 de maig de 2025, Espai Caldes acull l\u2019exposici\u00f3 &#8220;De Formes Deformes&#8221; de Miquel Planchart. Aquesta mostra presenta un recorregut immersiu per imatges tridimensionals creades mitjan\u00e7ant la t\u00e8cnica estereosc\u00f2pica, permetent dues lectures: una abstracciona i una figurativa. L\u2019exposici\u00f3 est\u00e0 acompanyada d\u2019un ambient sonor dissenyat per Llu\u00eds Casahuga, Kic Barroc i Toni Gibert del laboratori de creaci\u00f3 sonora Fonorama. La seva composici\u00f3 evoca les textures i formes de les obres exposades. Activitats relacionades: Visites guiades amb l&#8217;artista Dissabte 22 de mar\u00e7, a les 16:00 h Dissabte 26 d\u2019abril, a les 12:00 h Concert &#8220;Deformes Musicals&#8221; (acte de cloenda) Divendres 9 de maig, a les 20:00 h Actuaci\u00f3 d\u2019electr\u00f2nica en viu amb Fonorama Entrada gratu\u00efta amb reserva pr\u00e8via a espai.caldes@e-e.ad o al tel\u00e8fon +376 890 897. Aquest curs i exposici\u00f3 ofereixen una experi\u00e8ncia \u00fanica per als amants de la fotografia i les arts visuals, explorant la frontera entre la realitat i la ficci\u00f3 a trav\u00e9s de la tridimensionalitat.<\/p>\n","protected":false},"author":1,"featured_media":5521,"comment_status":"open","ping_status":"open","template":"","meta":{"site-sidebar-layout":"default","site-content-layout":"","ast-site-content-layout":"default","site-content-style":"default","site-sidebar-style":"default","ast-global-header-display":"","ast-banner-title-visibility":"","ast-main-header-display":"","ast-hfb-above-header-display":"","ast-hfb-below-header-display":"","ast-hfb-mobile-header-display":"","site-post-title":"","ast-breadcrumbs-content":"","ast-featured-img":"","footer-sml-layout":"","ast-disable-related-posts":"","theme-transparent-header-meta":"default","adv-header-id-meta":"","stick-header-meta":"","header-above-stick-meta":"","header-main-stick-meta":"","header-below-stick-meta":"","astra-migrate-meta-layouts":"set","ast-page-background-enabled":"default","ast-page-background-meta":{"desktop":{"background-color":"var(--ast-global-color-4)","background-image":"","background-repeat":"repeat","background-position":"center center","background-size":"auto","background-attachment":"scroll","background-type":"","background-media":"","overlay-type":"","overlay-color":"","overlay-opacity":"","overlay-gradient":""},"tablet":{"background-color":"","background-image":"","background-repeat":"repeat","background-position":"center center","background-size":"auto","background-attachment":"scroll","background-type":"","background-media":"","overlay-type":"","overlay-color":"","overlay-opacity":"","overlay-gradient":""},"mobile":{"background-color":"","background-image":"","background-repeat":"repeat","background-position":"center center","background-size":"auto","background-attachment":"scroll","background-type":"","background-media":"","overlay-type":"","overlay-color":"","overlay-opacity":"","overlay-gradient":""}},"ast-content-background-meta":{"desktop":{"background-color":"var(--ast-global-color-5)","background-image":"","background-repeat":"repeat","background-position":"center center","background-size":"auto","background-attachment":"scroll","background-type":"","background-media":"","overlay-type":"","overlay-color":"","overlay-opacity":"","overlay-gradient":""},"tablet":{"background-color":"var(--ast-global-color-5)","background-image":"","background-repeat":"repeat","background-position":"center center","background-size":"auto","background-attachment":"scroll","background-type":"","background-media":"","overlay-type":"","overlay-color":"","overlay-opacity":"","overlay-gradient":""},"mobile":{"background-color":"var(--ast-global-color-5)","background-image":"","background-repeat":"repeat","background-position":"center center","background-size":"auto","background-attachment":"scroll","background-type":"","background-media":"","overlay-type":"","overlay-color":"","overlay-opacity":"","overlay-gradient":""}},"_tribe_events_status":"","_tribe_events_status_reason":"","footnotes":""},"tags":[],"tribe_events_cat":[],"class_list":["post-5532","tribe_events","type-tribe_events","status-publish","has-post-thumbnail","hentry"],"aioseo_notices":[],"a3_pvc":{"activated":true,"total_views":30,"today_views":0},"_links":{"self":[{"href":"https:\/\/afvan.com\/index.php\/wp-json\/wp\/v2\/tribe_events\/5532","targetHints":{"allow":["GET"]}}],"collection":[{"href":"https:\/\/afvan.com\/index.php\/wp-json\/wp\/v2\/tribe_events"}],"about":[{"href":"https:\/\/afvan.com\/index.php\/wp-json\/wp\/v2\/types\/tribe_events"}],"author":[{"embeddable":true,"href":"https:\/\/afvan.com\/index.php\/wp-json\/wp\/v2\/users\/1"}],"replies":[{"embeddable":true,"href":"https:\/\/afvan.com\/index.php\/wp-json\/wp\/v2\/comments?post=5532"}],"version-history":[{"count":1,"href":"https:\/\/afvan.com\/index.php\/wp-json\/wp\/v2\/tribe_events\/5532\/revisions"}],"predecessor-version":[{"id":5533,"href":"https:\/\/afvan.com\/index.php\/wp-json\/wp\/v2\/tribe_events\/5532\/revisions\/5533"}],"wp:featuredmedia":[{"embeddable":true,"href":"https:\/\/afvan.com\/index.php\/wp-json\/wp\/v2\/media\/5521"}],"wp:attachment":[{"href":"https:\/\/afvan.com\/index.php\/wp-json\/wp\/v2\/media?parent=5532"}],"wp:term":[{"taxonomy":"post_tag","embeddable":true,"href":"https:\/\/afvan.com\/index.php\/wp-json\/wp\/v2\/tags?post=5532"},{"taxonomy":"tribe_events_cat","embeddable":true,"href":"https:\/\/afvan.com\/index.php\/wp-json\/wp\/v2\/tribe_events_cat?post=5532"}],"curies":[{"name":"wp","href":"https:\/\/api.w.org\/{rel}","templated":true}]}}

Curs de Fotografia Estereoscòpica i Exposició &#8220;De Formes Deformes&#8221;

<h3 data-pm-slice="1 1 []">Curs de Fotografia Estereoscòpica</h3>
<p><strong>Impartit per Miquel Planchart</strong> L&#8217;Escola d&#8217;Art d&#8217;Andorra la Vella acollirà els dies <strong>5 i 6 d&#8217;abril de 2025</strong> un curs intensiu dedicat a la fotografia estereoscòpica. Aquest curs ofereix una introducció als conceptes bàsics i les eines necessàries per crear imatges en 3D, una disciplina que permet explorar la tridimensionalitat a través de la fotografia.</p>
<p><strong>Horaris:</strong></p>
<ul data-spread="false">
<li>Dissabte 5 d&#8217;abril: de 10:00 a 14:00 h i de 15:30 a 19:30 h</li>
<li>Diumenge 6 d&#8217;abril: de 10:00 a 14:00 h</li>
</ul>
<p><strong>Temari:</strong></p>
<ul data-spread="false">
<li>Introducció a la fotografia estereoscòpica: què és i com funciona</li>
<li>Tècniques i eines per capturar imatges en 3D</li>
<li>Processament digital i creació d’efectes estereoscòpics</li>
<li>Pràctiques de captura i edició</li>
<li>Aplicacions artístiques i narratives de la fotografia 3D</li>
</ul>
<p><strong>Material necessari:</strong></p>
<ul data-spread="false">
<li>Càmera digital (preferiblement amb ajustaments manuals)</li>
</ul>
<p><strong>Preus:</strong></p>
<ul data-spread="false">
<li>60€ per a alumnes matriculats a l&#8217;Escola d’Art d’Andorra la Vella i Escaldes-Engordany</li>
<li>78€ per a no matriculats</li>
</ul>
<p><strong>Inscripcions:</strong></p>
<ul data-spread="false">
<li>Contacte: <a><strong>lallacuna@comuandorra.ad</strong></a></li>
<li>Telèfon: <strong>+376 73 00 37</strong></li>
</ul>
<div>
<hr />
</div>
<h3>Exposició &#8220;De Formes Deformes&#8221; a Espai Caldes</h3>
<p>Del <strong>6 de març al 10 de maig de 2025</strong>, Espai Caldes acull l’exposició <strong>&#8220;De Formes Deformes&#8221;</strong> de Miquel Planchart. Aquesta mostra presenta un recorregut immersiu per imatges tridimensionals creades mitjançant la tècnica estereoscòpica, permetent dues lectures: una abstracciona i una figurativa.</p>
<p>L’exposició està acompanyada d’un ambient sonor dissenyat per <strong>Lluís Casahuga, Kic Barroc i Toni Gibert</strong> del laboratori de creació sonora <strong>Fonorama</strong>. La seva composició evoca les textures i formes de les obres exposades.</p>
<p><strong>Activitats relacionades:</strong></p>
<ul data-spread="false">
<li><strong>Visites guiades amb l&#8217;artista</strong>
<ul data-spread="false">
<li>Dissabte 22 de març, a les 16:00 h</li>
<li>Dissabte 26 d’abril, a les 12:00 h</li>
</ul>
</li>
<li><strong>Concert &#8220;Deformes Musicals&#8221;</strong> (acte de cloenda)
<ul data-spread="false">
<li>Divendres 9 de maig, a les 20:00 h</li>
<li>Actuació d’electrònica en viu amb <strong>Fonorama</strong></li>
</ul>
</li>
</ul>
<p><strong>Entrada gratuïta amb reserva prèvia</strong> a <a><strong>espai.caldes@e-e.ad</strong></a> o al telèfon <strong>+376 890 897</strong>.</p>
<p>Aquest curs i exposició ofereixen una experiència única per als amants de la fotografia i les arts visuals, explorant la frontera entre la realitat i la ficció a través de la tridimensionalitat.</p>
<div class="pvc_clear"></div>
<p id="pvc_stats_5532" class="pvc_stats all  " data-element-id="5532" style=""><i class="pvc-stats-icon medium" aria-hidden="true"><svg xmlns="http://www.w3.org/2000/svg" version="1.0" viewBox="0 0 502 315" preserveAspectRatio="xMidYMid meet"><g transform="translate(0,332) scale(0.1,-0.1)" fill="" stroke="none"><path d="M2394 3279 l-29 -30 -3 -207 c-2 -182 0 -211 15 -242 39 -76 157 -76 196 0 15 31 17 60 15 243 l-3 209 -33 29 c-26 23 -41 29 -80 29 -41 0 -53 -5 -78 -31z"/><path d="M3085 3251 c-45 -19 -58 -50 -96 -229 -47 -217 -49 -260 -13 -295 52 -53 146 -42 177 20 16 31 87 366 87 410 0 70 -86 122 -155 94z"/><path d="M1751 3234 c-13 -9 -29 -31 -37 -50 -12 -29 -10 -49 21 -204 19 -94 39 -189 45 -210 14 -50 54 -80 110 -80 34 0 48 6 76 34 21 21 34 44 34 59 0 14 -18 113 -40 219 -37 178 -43 195 -70 221 -36 32 -101 37 -139 11z"/><path d="M1163 3073 c-36 -7 -73 -59 -73 -102 0 -56 133 -378 171 -413 34 -32 83 -37 129 -13 70 36 67 87 -16 290 -86 209 -89 214 -129 231 -35 14 -42 15 -82 7z"/><path d="M3689 3066 c-15 -9 -33 -30 -42 -48 -48 -103 -147 -355 -147 -375 0 -98 131 -148 192 -74 13 15 57 108 97 206 80 196 84 226 37 273 -30 30 -99 39 -137 18z"/><path d="M583 2784 c-38 -19 -67 -74 -58 -113 9 -42 211 -354 242 -373 16 -10 45 -18 66 -18 51 0 107 52 107 100 0 39 -1 41 -124 234 -80 126 -108 162 -133 173 -41 17 -61 16 -100 -3z"/><path d="M4250 2784 c-14 -9 -74 -91 -133 -183 -95 -150 -107 -173 -107 -213 0 -55 33 -94 87 -104 67 -13 90 8 211 198 130 202 137 225 78 284 -27 27 -42 34 -72 34 -22 0 -50 -8 -64 -16z"/><path d="M2275 2693 c-553 -48 -1095 -270 -1585 -649 -135 -104 -459 -423 -483 -476 -23 -49 -22 -139 2 -186 73 -142 361 -457 571 -626 285 -228 642 -407 990 -497 242 -63 336 -73 660 -74 310 0 370 5 595 52 535 111 1045 392 1455 803 122 121 250 273 275 326 19 41 19 137 0 174 -41 79 -309 363 -465 492 -447 370 -946 591 -1479 653 -113 14 -422 18 -536 8z m395 -428 c171 -34 330 -124 456 -258 112 -119 167 -219 211 -378 27 -96 24 -300 -5 -401 -72 -255 -236 -447 -474 -557 -132 -62 -201 -76 -368 -76 -167 0 -236 14 -368 76 -213 98 -373 271 -451 485 -162 444 86 934 547 1084 153 49 292 57 452 25z m909 -232 c222 -123 408 -262 593 -441 76 -74 138 -139 138 -144 0 -16 -233 -242 -330 -319 -155 -123 -309 -223 -461 -299 l-81 -41 32 46 c18 26 49 83 70 128 143 306 141 649 -6 957 -25 52 -61 116 -79 142 l-34 47 45 -20 c26 -10 76 -36 113 -56z m-2057 25 c-40 -58 -105 -190 -130 -263 -110 -324 -59 -707 132 -981 25 -35 42 -64 37 -64 -19 0 -241 119 -326 174 -188 122 -406 314 -532 468 l-58 71 108 103 c185 178 428 349 672 473 66 33 121 60 123 61 2 0 -10 -19 -26 -42z"/><path d="M2375 1950 c-198 -44 -350 -190 -395 -379 -18 -76 -8 -221 19 -290 114 -284 457 -406 731 -260 98 52 188 154 231 260 27 69 37 214 19 290 -38 163 -166 304 -326 360 -67 23 -215 33 -279 19z"/></g></svg></i> <img decoding="async" width="16" height="16" alt="Loading" src="https://afvan.com/wp-content/plugins/page-views-count/ajax-loader-2x.gif" border=0 /></p>
<div class="pvc_clear"></div>

<p>Curs de Fotografia Estereoscòpica Impartit per Miquel Planchart L&#8217;Escola d&#8217;Art d&#8217;Andorra la Vella acollirà els dies 5 i 6 d&#8217;abril de 2025 un curs intensiu dedicat a la fotografia estereoscòpica. Aquest curs ofereix una introducció als conceptes bàsics i les eines necessàries per crear imatges en 3D, una disciplina que permet explorar la tridimensionalitat a través de la fotografia. Horaris: Dissabte 5 d&#8217;abril: de 10:00 a 14:00 h i de 15:30 a 19:30 h Diumenge 6 d&#8217;abril: de 10:00 a 14:00 h Temari: Introducció a la fotografia estereoscòpica: què és i com funciona Tècniques i eines per capturar imatges en 3D Processament digital i creació d’efectes estereoscòpics Pràctiques de captura i edició Aplicacions artístiques i narratives de la fotografia 3D Material necessari: Càmera digital (preferiblement amb ajustaments manuals) Preus: 60€ per a alumnes matriculats a l&#8217;Escola d’Art d’Andorra la Vella i Escaldes-Engordany 78€ per a no matriculats Inscripcions: Contacte: lallacuna@comuandorra.ad Telèfon: +376 73 00 37 Exposició &#8220;De Formes Deformes&#8221; a Espai Caldes Del 6 de març al 10 de maig de 2025, Espai Caldes acull l’exposició &#8220;De Formes Deformes&#8221; de Miquel Planchart. Aquesta mostra presenta un recorregut immersiu per imatges tridimensionals creades mitjançant la tècnica estereoscòpica, permetent dues lectures: una abstracciona i una figurativa. L’exposició està acompanyada d’un ambient sonor dissenyat per Lluís Casahuga, Kic Barroc i Toni Gibert del laboratori de creació sonora Fonorama. La seva composició evoca les textures i formes de les obres exposades. Activitats relacionades: Visites guiades amb l&#8217;artista Dissabte 22 de març, a les 16:00 h Dissabte 26 d’abril, a les 12:00 h Concert &#8220;Deformes Musicals&#8221; (acte de cloenda) Divendres 9 de maig, a les 20:00 h Actuació d’electrònica en viu amb Fonorama Entrada gratuïta amb reserva prèvia a espai.caldes@e-e.ad o al telèfon +376 890 897. Aquest curs i exposició ofereixen una experiència única per als amants de la fotografia i les arts visuals, explorant la frontera entre la realitat i la ficció a través de la tridimensionalitat.</p>
